Dec 01 12:59:00.323 INFO testing kardeiz/rayon-issue against 1.30.1 for beta-1.31-5
Dec 01 12:59:00.323 INFO running `"docker" "create" "-v" "/mnt/big/crater/work/local/target-dirs/beta-1.31-5/worker-7/1.30.1:/target:rw,Z" "-v" "/mnt/big/crater/work/local/test-source/worker-7/beta-1.31-5/1.30.1:/source:ro,Z" "-v" "/mnt/big/crater/work/local/cargo-home:/cargo-home:ro,Z" "-v" "/mnt/big/crater/work/local/rustup-home:/rustup-home:ro,Z" "-e" "USER_ID=1000" "-e" "SOURCE_DIR=/source" "-e" "USER_ID=1000" "-e" "CMD=cargo +1.30.1 build --frozen" "-e" "CARGO_TARGET_DIR=/target" "-e" "CARGO_INCREMENTAL=0" "-e" "RUST_BACKTRACE=full" "-e" "RUSTFLAGS=--cap-lints=warn" "-e" "CARGO_HOME=/cargo-home" "-e" "RUSTUP_HOME=/rustup-home" "-m" "1536M" "--network" "none" "crater"`
Dec 01 12:59:00.757 INFO [stdout] 544735c5de42cee6fb4b453237da80cb1acae170b3f7a6d347edf4de1b61c2cb
Dec 01 12:59:00.759 INFO running `"docker" "start" "-a" "544735c5de42cee6fb4b453237da80cb1acae170b3f7a6d347edf4de1b61c2cb"`
Dec 01 12:59:02.044 INFO [stderr] usermod: no changes
Dec 01 12:59:02.183 INFO [stderr]    Compiling rust-crypto v0.2.36
Dec 01 12:59:02.183 INFO [stderr]    Compiling num_cpus v1.2.1
Dec 01 12:59:02.224 INFO [stderr]    Compiling serde_json v0.9.9
Dec 01 12:59:02.224 INFO [stderr]    Compiling syn v0.11.8
Dec 01 12:59:04.935 INFO [stderr]    Compiling rayon v0.6.0
Dec 01 12:59:10.059 INFO [stderr]    Compiling serde_codegen_internals v0.14.1
Dec 01 12:59:13.098 INFO [stderr]    Compiling serde_derive v0.9.11
Dec 01 12:59:19.711 INFO [stderr]    Compiling rayon-issue v0.1.0 (/source)
Dec 01 12:59:20.240 INFO [stderr] error[E0554]: #![feature] may not be used on the stable release channel
Dec 01 12:59:20.240 INFO [stderr]  --> src/main.rs:1:1
Dec 01 12:59:20.240 INFO [stderr]   |
Dec 01 12:59:20.240 INFO [stderr] 1 | #![feature(field_init_shorthand)]
Dec 01 12:59:20.240 INFO [stderr]   | ^^^^^^^^^^^^^^^^^^^^^^^^^^^^^^^^^
Dec 01 12:59:20.240 INFO [stderr] 
Dec 01 12:59:20.240 INFO [stderr] error[E0554]: #![feature] may not be used on the stable release channel
Dec 01 12:59:20.240 INFO [stderr]  --> src/main.rs:2:1
Dec 01 12:59:20.240 INFO [stderr]   |
Dec 01 12:59:20.240 INFO [stderr] 2 | #![feature(try_from)]
Dec 01 12:59:20.240 INFO [stderr]   | ^^^^^^^^^^^^^^^^^^^^^
Dec 01 12:59:20.240 INFO [stderr] 
Dec 01 12:59:20.240 INFO [stderr] error[E0554]: #![feature] may not be used on the stable release channel
Dec 01 12:59:20.240 INFO [stderr]  --> src/main.rs:3:1
Dec 01 12:59:20.240 INFO [stderr]   |
Dec 01 12:59:20.240 INFO [stderr] 3 | #![feature(custom_attribute)]
Dec 01 12:59:20.240 INFO [stderr]   | ^^^^^^^^^^^^^^^^^^^^^^^^^^^^^
Dec 01 12:59:20.240 INFO [stderr] 
Dec 01 12:59:20.240 INFO [stderr] error[E0554]: #![feature] may not be used on the stable release channel
Dec 01 12:59:20.240 INFO [stderr]  --> src/main.rs:4:1
Dec 01 12:59:20.240 INFO [stderr]   |
Dec 01 12:59:20.240 INFO [stderr] 4 | #![feature(slice_patterns)]
Dec 01 12:59:20.240 INFO [stderr]   | ^^^^^^^^^^^^^^^^^^^^^^^^^^^
Dec 01 12:59:20.240 INFO [stderr] 
Dec 01 12:59:20.240 INFO [stderr] error[E0554]: #![feature] may not be used on the stable release channel
Dec 01 12:59:20.240 INFO [stderr]  --> src/main.rs:5:1
Dec 01 12:59:20.240 INFO [stderr]   |
Dec 01 12:59:20.240 INFO [stderr] 5 | #![feature(associated_consts)]
Dec 01 12:59:20.240 INFO [stderr]   | ^^^^^^^^^^^^^^^^^^^^^^^^^^^^^^
Dec 01 12:59:20.240 INFO [stderr] 
Dec 01 12:59:20.240 INFO [stderr] error[E0554]: #![feature] may not be used on the stable release channel
Dec 01 12:59:20.240 INFO [stderr]  --> src/main.rs:6:1
Dec 01 12:59:20.240 INFO [stderr]   |
Dec 01 12:59:20.240 INFO [stderr] 6 | #![feature(associated_type_defaults)]
Dec 01 12:59:20.240 INFO [stderr]   | ^^^^^^^^^^^^^^^^^^^^^^^^^^^^^^^^^^^^^
Dec 01 12:59:20.240 INFO [stderr] 
Dec 01 12:59:20.240 INFO [stderr] error[E0554]: #![feature] may not be used on the stable release channel
Dec 01 12:59:20.240 INFO [stderr]  --> src/main.rs:7:1
Dec 01 12:59:20.240 INFO [stderr]   |
Dec 01 12:59:20.240 INFO [stderr] 7 | #![feature(conservative_impl_trait)]
Dec 01 12:59:20.240 INFO [stderr]   | ^^^^^^^^^^^^^^^^^^^^^^^^^^^^^^^^^^^^
Dec 01 12:59:20.240 INFO [stderr] 
Dec 01 12:59:20.240 INFO [stderr] error: aborting due to 7 previous errors
Dec 01 12:59:20.240 INFO [stderr] 
Dec 01 12:59:20.240 INFO [stderr] For more information about this error, try `rustc --explain E0554`.
Dec 01 12:59:20.248 INFO [stderr] error: Could not compile `rayon-issue`.
Dec 01 12:59:20.248 INFO [stderr] 
Dec 01 12:59:20.248 INFO [stderr] To learn more, run the command again with --verbose.
Dec 01 12:59:20.251 INFO [stderr] su: No module specific data is present
Dec 01 12:59:20.525 INFO running `"docker" "inspect" "544735c5de42cee6fb4b453237da80cb1acae170b3f7a6d347edf4de1b61c2cb"`
Dec 01 12:59:20.627 INFO running `"docker" "rm" "-f" "544735c5de42cee6fb4b453237da80cb1acae170b3f7a6d347edf4de1b61c2cb"`
Dec 01 12:59:20.698 INFO [stdout] 544735c5de42cee6fb4b453237da80cb1acae170b3f7a6d347edf4de1b61c2cb
