Dec 01 13:31:01.532 INFO testing jordanbray/chess_perft against 1.30.1 for beta-1.31-5
Dec 01 13:31:01.532 INFO running `"docker" "create" "-v" "/mnt/big/crater/work/local/target-dirs/beta-1.31-5/worker-1/1.30.1:/target:rw,Z" "-v" "/mnt/big/crater/work/local/test-source/worker-1/beta-1.31-5/1.30.1:/source:ro,Z" "-v" "/mnt/big/crater/work/local/cargo-home:/cargo-home:ro,Z" "-v" "/mnt/big/crater/work/local/rustup-home:/rustup-home:ro,Z" "-e" "USER_ID=1000" "-e" "SOURCE_DIR=/source" "-e" "USER_ID=1000" "-e" "CMD=cargo +1.30.1 build --frozen" "-e" "CARGO_TARGET_DIR=/target" "-e" "CARGO_INCREMENTAL=0" "-e" "RUST_BACKTRACE=full" "-e" "RUSTFLAGS=--cap-lints=warn" "-e" "CARGO_HOME=/cargo-home" "-e" "RUSTUP_HOME=/rustup-home" "-m" "1536M" "--network" "none" "crater"`
Dec 01 13:31:02.031 INFO [stdout] 71f4c68d684af40a6b884e9f2b4f1724a29534f38294f2d9ef4cee7fa5b657b3
Dec 01 13:31:02.043 INFO running `"docker" "start" "-a" "71f4c68d684af40a6b884e9f2b4f1724a29534f38294f2d9ef4cee7fa5b657b3"`
Dec 01 13:31:03.267 INFO [stderr] usermod: no changes
Dec 01 13:31:03.399 INFO [stderr]    Compiling num-traits v0.2.4
Dec 01 13:31:03.399 INFO [stderr]    Compiling libc v0.2.43
Dec 01 13:31:03.399 INFO [stderr]    Compiling rand_core v0.3.0
Dec 01 13:31:03.399 INFO [stderr]    Compiling simd v0.2.3
Dec 01 13:31:03.399 INFO [stderr]    Compiling version_check v0.1.3
Dec 01 13:31:03.399 INFO [stderr]    Compiling nodrop v0.1.12
Dec 01 13:31:03.399 INFO [stderr]    Compiling unindent v0.1.3
Dec 01 13:31:03.399 INFO [stderr]    Compiling bitflags v1.0.3
Dec 01 13:31:03.871 INFO [stderr]    Compiling getopts v0.2.14
Dec 01 13:31:04.055 INFO [stderr]    Compiling arrayvec v0.4.7
Dec 01 13:31:10.015 INFO [stderr]    Compiling rand_core v0.2.2
Dec 01 13:31:12.527 INFO [stderr]    Compiling rand v0.4.2
Dec 01 13:31:12.559 INFO [stderr]    Compiling num_cpus v1.8.0
Dec 01 13:31:12.559 INFO [stderr]    Compiling rand v0.5.5
Dec 01 13:31:12.587 INFO [stderr]    Compiling shakmaty v0.11.2
Dec 01 13:31:18.395 INFO [stderr]    Compiling threadpool v1.7.1
Dec 01 13:31:21.155 INFO [stderr]    Compiling btoi v0.4.0
Dec 01 13:31:25.835 INFO [stderr]    Compiling chess v2.0.1
Dec 01 13:31:26.703 INFO [stderr]    Compiling chess-move-gen v0.6.3
Dec 01 13:31:30.779 INFO [stderr] error[E0554]: #![feature] may not be used on the stable release channel
Dec 01 13:31:30.779 INFO [stderr]   --> /cargo-home/registry/src/github.com-1ecc6299db9ec823/chess-move-gen-0.6.3/src/lib.rs:14:1
Dec 01 13:31:30.779 INFO [stderr]    |
Dec 01 13:31:30.779 INFO [stderr] 14 | #![feature(test)]
Dec 01 13:31:30.779 INFO [stderr]    | ^^^^^^^^^^^^^^^^^
Dec 01 13:31:30.779 INFO [stderr] 
Dec 01 13:31:30.779 INFO [stderr] error[E0554]: #![feature] may not be used on the stable release channel
Dec 01 13:31:30.779 INFO [stderr]   --> /cargo-home/registry/src/github.com-1ecc6299db9ec823/chess-move-gen-0.6.3/src/lib.rs:15:1
Dec 01 13:31:30.779 INFO [stderr]    |
Dec 01 13:31:30.779 INFO [stderr] 15 | #![feature(platform_intrinsics)]
Dec 01 13:31:30.779 INFO [stderr]    | ^^^^^^^^^^^^^^^^^^^^^^^^^^^^^^^^
Dec 01 13:31:30.779 INFO [stderr] 
Dec 01 13:31:30.779 INFO [stderr] error[E0554]: #![feature] may not be used on the stable release channel
Dec 01 13:31:30.779 INFO [stderr]   --> /cargo-home/registry/src/github.com-1ecc6299db9ec823/chess-move-gen-0.6.3/src/lib.rs:16:1
Dec 01 13:31:30.779 INFO [stderr]    |
Dec 01 13:31:30.779 INFO [stderr] 16 | #![feature(const_fn)]
Dec 01 13:31:30.779 INFO [stderr]    | ^^^^^^^^^^^^^^^^^^^^^
Dec 01 13:31:30.779 INFO [stderr] 
Dec 01 13:31:30.959 INFO [stderr] error: aborting due to 3 previous errors
Dec 01 13:31:30.959 INFO [stderr] 
Dec 01 13:31:30.959 INFO [stderr] For more information about this error, try `rustc --explain E0554`.
Dec 01 13:31:30.983 INFO [stderr] error: Could not compile `chess-move-gen`.
Dec 01 13:31:30.983 INFO [stderr] warning: build failed, waiting for other jobs to finish...
Dec 01 13:31:38.115 INFO [stderr] error: build failed
Dec 01 13:31:38.115 INFO [stderr] su: No module specific data is present
Dec 01 13:31:38.429 INFO running `"docker" "inspect" "71f4c68d684af40a6b884e9f2b4f1724a29534f38294f2d9ef4cee7fa5b657b3"`
Dec 01 13:31:38.529 INFO running `"docker" "rm" "-f" "71f4c68d684af40a6b884e9f2b4f1724a29534f38294f2d9ef4cee7fa5b657b3"`
Dec 01 13:31:38.710 INFO [stdout] 71f4c68d684af40a6b884e9f2b4f1724a29534f38294f2d9ef4cee7fa5b657b3
