Dec 01 13:39:05.089 INFO testing johndiiorio/zeta-zero against 1.30.1 for beta-1.31-5
Dec 01 13:39:05.089 INFO running `"docker" "create" "-v" "/mnt/big/crater/work/local/target-dirs/beta-1.31-5/worker-3/1.30.1:/target:rw,Z" "-v" "/mnt/big/crater/work/local/test-source/worker-3/beta-1.31-5/1.30.1:/source:ro,Z" "-v" "/mnt/big/crater/work/local/cargo-home:/cargo-home:ro,Z" "-v" "/mnt/big/crater/work/local/rustup-home:/rustup-home:ro,Z" "-e" "USER_ID=1000" "-e" "SOURCE_DIR=/source" "-e" "USER_ID=1000" "-e" "CMD=cargo +1.30.1 build --frozen" "-e" "CARGO_TARGET_DIR=/target" "-e" "CARGO_INCREMENTAL=0" "-e" "RUST_BACKTRACE=full" "-e" "RUSTFLAGS=--cap-lints=warn" "-e" "CARGO_HOME=/cargo-home" "-e" "RUSTUP_HOME=/rustup-home" "-m" "1536M" "--network" "none" "crater"`
Dec 01 13:39:05.395 INFO [stdout] d2c715fdbc99b24d35d7a03790a69f0635ae65b180bb3e569ed2b1d168b0bdd8
Dec 01 13:39:05.401 INFO running `"docker" "start" "-a" "d2c715fdbc99b24d35d7a03790a69f0635ae65b180bb3e569ed2b1d168b0bdd8"`
Dec 01 13:39:06.011 INFO [stderr] usermod: no changes
Dec 01 13:39:06.094 INFO [stderr]    Compiling petgraph v0.4.12
Dec 01 13:39:06.094 INFO [stderr]    Compiling chess v0.4.2
Dec 01 13:39:08.411 INFO [stderr] error[E0034]: multiple applicable items in scope
Dec 01 13:39:08.411 INFO [stderr]     --> /cargo-home/registry/src/github.com-1ecc6299db9ec823/petgraph-0.4.12/src/graph_impl/stable_graph/mod.rs:1171:19
Dec 01 13:39:08.411 INFO [stderr]      |
Dec 01 13:39:08.411 INFO [stderr] 1171 |         self.iter.find_map(|(i, node)| {
Dec 01 13:39:08.411 INFO [stderr]      |                   ^^^^^^^^ multiple `find_map` found
Dec 01 13:39:08.411 INFO [stderr]      |
Dec 01 13:39:08.411 INFO [stderr] note: candidate #1 is defined in an impl of the trait `iter_utils::IterUtilsExt` for the type `_`
Dec 01 13:39:08.411 INFO [stderr]     --> /cargo-home/registry/src/github.com-1ecc6299db9ec823/petgraph-0.4.12/src/iter_utils.rs:5:5
Dec 01 13:39:08.411 INFO [stderr]      |
Dec 01 13:39:08.411 INFO [stderr] 5    | /     fn find_map<F, R>(&mut self, mut f: F) -> Option<R>
Dec 01 13:39:08.411 INFO [stderr] 6    | |         where F: FnMut(Self::Item) -> Option<R>
Dec 01 13:39:08.411 INFO [stderr] 7    | |     {
Dec 01 13:39:08.411 INFO [stderr] 8    | |         while let Some(elt) = self.next() {
Dec 01 13:39:08.411 INFO [stderr] ...    |
Dec 01 13:39:08.411 INFO [stderr] 13   | |         None
Dec 01 13:39:08.411 INFO [stderr] 14   | |     }
Dec 01 13:39:08.411 INFO [stderr]      | |_____^
Dec 01 13:39:08.411 INFO [stderr]      = note: candidate #2 is defined in an impl of the trait `std::iter::Iterator` for the type `std::iter::Enumerate<_>`
Dec 01 13:39:08.411 INFO [stderr] 
Dec 01 13:39:08.427 INFO [stderr] error[E0034]: multiple applicable items in scope
Dec 01 13:39:08.427 INFO [stderr]     --> /cargo-home/registry/src/github.com-1ecc6299db9ec823/petgraph-0.4.12/src/graph_impl/stable_graph/mod.rs:1363:19
Dec 01 13:39:08.427 INFO [stderr]      |
Dec 01 13:39:08.427 INFO [stderr] 1363 |         self.iter.find_map(|(i, edge)|
Dec 01 13:39:08.427 INFO [stderr]      |                   ^^^^^^^^ multiple `find_map` found
Dec 01 13:39:08.427 INFO [stderr]      |
Dec 01 13:39:08.427 INFO [stderr] note: candidate #1 is defined in an impl of the trait `iter_utils::IterUtilsExt` for the type `_`
Dec 01 13:39:08.427 INFO [stderr]     --> /cargo-home/registry/src/github.com-1ecc6299db9ec823/petgraph-0.4.12/src/iter_utils.rs:5:5
Dec 01 13:39:08.427 INFO [stderr]      |
Dec 01 13:39:08.427 INFO [stderr] 5    | /     fn find_map<F, R>(&mut self, mut f: F) -> Option<R>
Dec 01 13:39:08.427 INFO [stderr] 6    | |         where F: FnMut(Self::Item) -> Option<R>
Dec 01 13:39:08.427 INFO [stderr] 7    | |     {
Dec 01 13:39:08.427 INFO [stderr] 8    | |         while let Some(elt) = self.next() {
Dec 01 13:39:08.427 INFO [stderr] ...    |
Dec 01 13:39:08.427 INFO [stderr] 13   | |         None
Dec 01 13:39:08.427 INFO [stderr] 14   | |     }
Dec 01 13:39:08.427 INFO [stderr]      | |_____^
Dec 01 13:39:08.427 INFO [stderr]      = note: candidate #2 is defined in an impl of the trait `std::iter::Iterator` for the type `std::iter::Enumerate<_>`
Dec 01 13:39:08.427 INFO [stderr] 
Dec 01 13:39:08.437 INFO [stderr] error[E0034]: multiple applicable items in scope
Dec 01 13:39:08.437 INFO [stderr]     --> /cargo-home/registry/src/github.com-1ecc6299db9ec823/petgraph-0.4.12/src/graph_impl/stable_graph/mod.rs:1527:19
Dec 01 13:39:08.437 INFO [stderr]      |
Dec 01 13:39:08.437 INFO [stderr] 1527 |         self.iter.find_map(|(i, node)| {
Dec 01 13:39:08.437 INFO [stderr]      |                   ^^^^^^^^ multiple `find_map` found
Dec 01 13:39:08.437 INFO [stderr]      |
Dec 01 13:39:08.437 INFO [stderr] note: candidate #1 is defined in an impl of the trait `iter_utils::IterUtilsExt` for the type `_`
Dec 01 13:39:08.437 INFO [stderr]     --> /cargo-home/registry/src/github.com-1ecc6299db9ec823/petgraph-0.4.12/src/iter_utils.rs:5:5
Dec 01 13:39:08.437 INFO [stderr]      |
Dec 01 13:39:08.437 INFO [stderr] 5    | /     fn find_map<F, R>(&mut self, mut f: F) -> Option<R>
Dec 01 13:39:08.437 INFO [stderr] 6    | |         where F: FnMut(Self::Item) -> Option<R>
Dec 01 13:39:08.437 INFO [stderr] 7    | |     {
Dec 01 13:39:08.437 INFO [stderr] 8    | |         while let Some(elt) = self.next() {
Dec 01 13:39:08.437 INFO [stderr] ...    |
Dec 01 13:39:08.437 INFO [stderr] 13   | |         None
Dec 01 13:39:08.437 INFO [stderr] 14   | |     }
Dec 01 13:39:08.437 INFO [stderr]      | |_____^
Dec 01 13:39:08.437 INFO [stderr]      = note: candidate #2 is defined in an impl of the trait `std::iter::Iterator` for the type `std::iter::Enumerate<_>`
Dec 01 13:39:08.437 INFO [stderr] 
Dec 01 13:39:08.444 INFO [stderr] error[E0034]: multiple applicable items in scope
Dec 01 13:39:08.444 INFO [stderr]     --> /cargo-home/registry/src/github.com-1ecc6299db9ec823/petgraph-0.4.12/src/graph_impl/stable_graph/mod.rs:1573:19
Dec 01 13:39:08.444 INFO [stderr]      |
Dec 01 13:39:08.444 INFO [stderr] 1573 |         self.iter.find_map(|(i, node)| {
Dec 01 13:39:08.444 INFO [stderr]      |                   ^^^^^^^^ multiple `find_map` found
Dec 01 13:39:08.444 INFO [stderr]      |
Dec 01 13:39:08.444 INFO [stderr] note: candidate #1 is defined in an impl of the trait `iter_utils::IterUtilsExt` for the type `_`
Dec 01 13:39:08.444 INFO [stderr]     --> /cargo-home/registry/src/github.com-1ecc6299db9ec823/petgraph-0.4.12/src/iter_utils.rs:5:5
Dec 01 13:39:08.444 INFO [stderr]      |
Dec 01 13:39:08.444 INFO [stderr] 5    | /     fn find_map<F, R>(&mut self, mut f: F) -> Option<R>
Dec 01 13:39:08.444 INFO [stderr] 6    | |         where F: FnMut(Self::Item) -> Option<R>
Dec 01 13:39:08.444 INFO [stderr] 7    | |     {
Dec 01 13:39:08.444 INFO [stderr] 8    | |         while let Some(elt) = self.next() {
Dec 01 13:39:08.444 INFO [stderr] ...    |
Dec 01 13:39:08.444 INFO [stderr] 13   | |         None
Dec 01 13:39:08.444 INFO [stderr] 14   | |     }
Dec 01 13:39:08.444 INFO [stderr]      | |_____^
Dec 01 13:39:08.444 INFO [stderr]      = note: candidate #2 is defined in an impl of the trait `std::iter::Iterator` for the type `std::iter::Enumerate<_>`
Dec 01 13:39:08.444 INFO [stderr] 
Dec 01 13:39:08.743 INFO [stderr] error: aborting due to 4 previous errors
Dec 01 13:39:08.743 INFO [stderr] 
Dec 01 13:39:08.743 INFO [stderr] For more information about this error, try `rustc --explain E0034`.
Dec 01 13:39:08.747 INFO [stderr] error: Could not compile `petgraph`.
Dec 01 13:39:08.747 INFO [stderr] warning: build failed, waiting for other jobs to finish...
Dec 01 13:39:08.849 INFO [stderr] error: build failed
Dec 01 13:39:08.859 INFO [stderr] su: No module specific data is present
Dec 01 13:39:09.484 INFO running `"docker" "inspect" "d2c715fdbc99b24d35d7a03790a69f0635ae65b180bb3e569ed2b1d168b0bdd8"`
Dec 01 13:39:09.771 INFO running `"docker" "rm" "-f" "d2c715fdbc99b24d35d7a03790a69f0635ae65b180bb3e569ed2b1d168b0bdd8"`
Dec 01 13:39:10.063 INFO [stdout] d2c715fdbc99b24d35d7a03790a69f0635ae65b180bb3e569ed2b1d168b0bdd8
