Dec 01 13:39:43.064 INFO testing johan-bjareholt/aw-server-rust against 1.30.1 for beta-1.31-5
Dec 01 13:39:43.064 INFO running `"docker" "create" "-v" "/mnt/big/crater/work/local/target-dirs/beta-1.31-5/worker-5/1.30.1:/target:rw,Z" "-v" "/mnt/big/crater/work/local/test-source/worker-5/beta-1.31-5/1.30.1:/source:ro,Z" "-v" "/mnt/big/crater/work/local/cargo-home:/cargo-home:ro,Z" "-v" "/mnt/big/crater/work/local/rustup-home:/rustup-home:ro,Z" "-e" "USER_ID=1000" "-e" "SOURCE_DIR=/source" "-e" "USER_ID=1000" "-e" "CMD=cargo +1.30.1 build --frozen" "-e" "CARGO_TARGET_DIR=/target" "-e" "CARGO_INCREMENTAL=0" "-e" "RUST_BACKTRACE=full" "-e" "RUSTFLAGS=--cap-lints=warn" "-e" "CARGO_HOME=/cargo-home" "-e" "RUSTUP_HOME=/rustup-home" "-m" "1536M" "--network" "none" "crater"`
Dec 01 13:39:43.315 INFO [stdout] b5d8f02cac82a74006740f5161d9b6fe3c941488d0a9dc82e527d7d10d17a93c
Dec 01 13:39:43.321 INFO running `"docker" "start" "-a" "b5d8f02cac82a74006740f5161d9b6fe3c941488d0a9dc82e527d7d10d17a93c"`
Dec 01 13:39:43.718 INFO [stderr] usermod: no changes
Dec 01 13:39:43.947 INFO [stderr]    Compiling proc-macro2 v0.4.19
Dec 01 13:39:43.947 INFO [stderr]    Compiling bit-vec v0.4.4
Dec 01 13:39:43.948 INFO [stderr]    Compiling vec_map v0.6.0
Dec 01 13:39:43.948 INFO [stderr]    Compiling lalr v0.0.2
Dec 01 13:39:43.948 INFO [stderr]    Compiling mpsc_requests v0.2.0
Dec 01 13:39:43.999 INFO [stderr]    Compiling pear_codegen v0.0.20
Dec 01 13:39:43.999 INFO [stderr]    Compiling rocket v0.3.16
Dec 01 13:39:43.999 INFO [stderr]    Compiling rocket_codegen v0.3.16
Dec 01 13:39:44.082 INFO [stderr] error: Edition 2018 is unstable and only available for nightly builds of rustc.
Dec 01 13:39:44.099 INFO [stderr] 
Dec 01 13:39:44.100 INFO [stderr] error: Could not compile `mpsc_requests`.
Dec 01 13:39:44.100 INFO [stderr] warning: build failed, waiting for other jobs to finish...
Dec 01 13:39:44.515 INFO [stderr] error: failed to run custom build command for `rocket_codegen v0.3.16`
Dec 01 13:39:44.515 INFO [stderr] process didn't exit successfully: `/target/debug/build/rocket_codegen-35313927dfebcaa1/build-script-build` (exit code: 101)
Dec 01 13:39:44.515 INFO [stderr] --- stderr
Dec 01 13:39:44.515 INFO [stderr] [1;31mError:[0m [37mRocket requires a nightly or dev version of Rust.[0m
Dec 01 13:39:44.515 INFO [stderr] [37mInstalled version is:[0m [33m1.30.1 (2018-11-07)[0m. [37mMinimum required:[0m [33m1.30.0-nightly (2018-08-23)[0m.
Dec 01 13:39:44.515 INFO [stderr] [34mSee the getting started guide ([0m[37mhttps://rocket.rs/guide/getting-started/[0m[34m) for more information.[0m
Dec 01 13:39:44.515 INFO [stderr] thread 'main' panicked at 'Aborting compilation due to incompatible compiler.', /cargo-home/registry/src/github.com-1ecc6299db9ec823/rocket_codegen-0.3.16/build.rs:38:17
Dec 01 13:39:44.515 INFO [stderr] stack backtrace:
Dec 01 13:39:44.515 INFO [stderr]    0:     0x563e465de9fe - std::sys::unix::backtrace::tracing::imp::unwind_backtrace::h15749a98198ba25f
Dec 01 13:39:44.515 INFO [stderr]                                at libstd/sys/unix/backtrace/tracing/gcc_s.rs:49
Dec 01 13:39:44.515 INFO [stderr]    1:     0x563e465cff86 - std::sys_common::backtrace::print::h0ba65c811294dbf0
Dec 01 13:39:44.515 INFO [stderr]                                at libstd/sys_common/backtrace.rs:71
Dec 01 13:39:44.515 INFO [stderr]                                at libstd/sys_common/backtrace.rs:59
Dec 01 13:39:44.515 INFO [stderr]    2:     0x563e465ce8cd - std::panicking::default_hook::{{closure}}::h42bb31757f0fee64
Dec 01 13:39:44.515 INFO [stderr]                                at libstd/panicking.rs:211
Dec 01 13:39:44.515 INFO [stderr]    3:     0x563e465ce640 - std::panicking::default_hook::hebc8848d7aa7dbd9
Dec 01 13:39:44.515 INFO [stderr]                                at libstd/panicking.rs:227
Dec 01 13:39:44.515 INFO [stderr]    4:     0x563e465ceecc - std::panicking::rust_panic_with_hook::h86e619a638415243
Dec 01 13:39:44.515 INFO [stderr]                                at libstd/panicking.rs:477
Dec 01 13:39:44.515 INFO [stderr]    5:     0x563e465b2c1f - std::panicking::begin_panic::h26807ac2abfc2210
Dec 01 13:39:44.515 INFO [stderr]                                at libstd/panicking.rs:411
Dec 01 13:39:44.515 INFO [stderr]    6:     0x563e465b0d72 - build_script_build::main::h5e3452ecf2935038
Dec 01 13:39:44.515 INFO [stderr]                                at /cargo-home/registry/src/github.com-1ecc6299db9ec823/rocket_codegen-0.3.16/build.rs:38
Dec 01 13:39:44.515 INFO [stderr]    7:     0x563e465b350f - std::rt::lang_start::{{closure}}::hdd73b25a420f224f
Dec 01 13:39:44.515 INFO [stderr]                                at libstd/rt.rs:74
Dec 01 13:39:44.515 INFO [stderr]    8:     0x563e465ce972 - std::panicking::try::do_call::h47665672c57b11e4
Dec 01 13:39:44.515 INFO [stderr]                                at libstd/rt.rs:59
Dec 01 13:39:44.515 INFO [stderr]                                at libstd/panicking.rs:310
Dec 01 13:39:44.515 INFO [stderr]    9:     0x563e465ef929 - __rust_maybe_catch_panic
Dec 01 13:39:44.515 INFO [stderr]                                at libpanic_unwind/lib.rs:103
Dec 01 13:39:44.515 INFO [stderr]   10:     0x563e465d99f5 - std::rt::lang_start_internal::had9505969b8e20a2
Dec 01 13:39:44.515 INFO [stderr]                                at libstd/panicking.rs:289
Dec 01 13:39:44.515 INFO [stderr]                                at libstd/panic.rs:392
Dec 01 13:39:44.515 INFO [stderr]                                at libstd/rt.rs:58
Dec 01 13:39:44.515 INFO [stderr]   11:     0x563e465b34e7 - std::rt::lang_start::hdbaf1dc3ae5430d3
Dec 01 13:39:44.515 INFO [stderr]                                at libstd/rt.rs:74
Dec 01 13:39:44.515 INFO [stderr]   12:     0x563e465b1c09 - main
Dec 01 13:39:44.515 INFO [stderr]   13:     0x7ff56978982f - __libc_start_main
Dec 01 13:39:44.515 INFO [stderr]   14:     0x563e465b0428 - _start
Dec 01 13:39:44.515 INFO [stderr]   15:                0x0 - <unknown>
Dec 01 13:39:44.515 INFO [stderr] 
Dec 01 13:39:44.515 INFO [stderr] warning: build failed, waiting for other jobs to finish...
Dec 01 13:39:44.536 INFO [stderr] error: failed to run custom build command for `pear_codegen v0.0.20`
Dec 01 13:39:44.536 INFO [stderr] process didn't exit successfully: `/target/debug/build/pear_codegen-183b5b0a0ae809b5/build-script-build` (exit code: 101)
Dec 01 13:39:44.536 INFO [stderr] --- stderr
Dec 01 13:39:44.536 INFO [stderr] [1;31mError:[0m [37mPear requires a nightly or dev version of Rust.[0m
Dec 01 13:39:44.536 INFO [stderr] [37mInstalled version is:[0m [33m1.30.1 (2018-11-07)[0m. [37mMinimum required:[0m [33m1.30.0-nightly (2018-08-23)[0m.
Dec 01 13:39:44.536 INFO [stderr] thread 'main' panicked at 'Aborting compilation due to incompatible compiler.', /cargo-home/registry/src/github.com-1ecc6299db9ec823/pear_codegen-0.0.20/build.rs:31:13
Dec 01 13:39:44.536 INFO [stderr] stack backtrace:
Dec 01 13:39:44.536 INFO [stderr]    0:     0x55d70970b7de - std::sys::unix::backtrace::tracing::imp::unwind_backtrace::h15749a98198ba25f
Dec 01 13:39:44.536 INFO [stderr]                                at libstd/sys/unix/backtrace/tracing/gcc_s.rs:49
Dec 01 13:39:44.536 INFO [stderr]    1:     0x55d7096fcd66 - std::sys_common::backtrace::print::h0ba65c811294dbf0
Dec 01 13:39:44.536 INFO [stderr]                                at libstd/sys_common/backtrace.rs:71
Dec 01 13:39:44.536 INFO [stderr]                                at libstd/sys_common/backtrace.rs:59
Dec 01 13:39:44.536 INFO [stderr]    2:     0x55d7096fb6ad - std::panicking::default_hook::{{closure}}::h42bb31757f0fee64
Dec 01 13:39:44.536 INFO [stderr]                                at libstd/panicking.rs:211
Dec 01 13:39:44.536 INFO [stderr]    3:     0x55d7096fb420 - std::panicking::default_hook::hebc8848d7aa7dbd9
Dec 01 13:39:44.536 INFO [stderr]                                at libstd/panicking.rs:227
Dec 01 13:39:44.536 INFO [stderr]    4:     0x55d7096fbcac - std::panicking::rust_panic_with_hook::h86e619a638415243
Dec 01 13:39:44.536 INFO [stderr]                                at libstd/panicking.rs:477
Dec 01 13:39:44.536 INFO [stderr]    5:     0x55d7096df9ff - std::panicking::begin_panic::h65ef3ad7de42f4ad
Dec 01 13:39:44.536 INFO [stderr]                                at libstd/panicking.rs:411
Dec 01 13:39:44.536 INFO [stderr]    6:     0x55d7096ddb3a - build_script_build::main::h46f39c458748acff
Dec 01 13:39:44.536 INFO [stderr]                                at /cargo-home/registry/src/github.com-1ecc6299db9ec823/pear_codegen-0.0.20/build.rs:31
Dec 01 13:39:44.536 INFO [stderr]    7:     0x55d7096e02ef - std::rt::lang_start::{{closure}}::h104f159df20e8d81
Dec 01 13:39:44.536 INFO [stderr]                                at libstd/rt.rs:74
Dec 01 13:39:44.536 INFO [stderr]    8:     0x55d7096fb752 - std::panicking::try::do_call::h47665672c57b11e4
Dec 01 13:39:44.536 INFO [stderr]                                at libstd/rt.rs:59
Dec 01 13:39:44.536 INFO [stderr]                                at libstd/panicking.rs:310
Dec 01 13:39:44.536 INFO [stderr]    9:     0x55d70971c709 - __rust_maybe_catch_panic
Dec 01 13:39:44.536 INFO [stderr]                                at libpanic_unwind/lib.rs:103
Dec 01 13:39:44.536 INFO [stderr]   10:     0x55d7097067d5 - std::rt::lang_start_internal::had9505969b8e20a2
Dec 01 13:39:44.536 INFO [stderr]                                at libstd/panicking.rs:289
Dec 01 13:39:44.536 INFO [stderr]                                at libstd/panic.rs:392
Dec 01 13:39:44.536 INFO [stderr]                                at libstd/rt.rs:58
Dec 01 13:39:44.536 INFO [stderr]   11:     0x55d7096e02c7 - std::rt::lang_start::h6c12a89b5498f3bc
Dec 01 13:39:44.536 INFO [stderr]                                at libstd/rt.rs:74
Dec 01 13:39:44.536 INFO [stderr]   12:     0x55d7096de9e9 - main
Dec 01 13:39:44.536 INFO [stderr]   13:     0x7f70169e582f - __libc_start_main
Dec 01 13:39:44.536 INFO [stderr]   14:     0x55d7096dd428 - _start
Dec 01 13:39:44.536 INFO [stderr]   15:                0x0 - <unknown>
Dec 01 13:39:44.536 INFO [stderr] 
Dec 01 13:39:44.536 INFO [stderr] warning: build failed, waiting for other jobs to finish...
Dec 01 13:39:44.619 INFO [stderr] error: failed to run custom build command for `rocket v0.3.16`
Dec 01 13:39:44.619 INFO [stderr] process didn't exit successfully: `/target/debug/build/rocket-a61187eead96cae3/build-script-build` (exit code: 101)
Dec 01 13:39:44.619 INFO [stderr] --- stderr
Dec 01 13:39:44.619 INFO [stderr] [1;31mError:[0m [37mRocket requires a nightly or dev version of Rust.[0m
Dec 01 13:39:44.619 INFO [stderr] [37mInstalled version is:[0m [33m1.30.1 (2018-11-07)[0m. [37mMinimum required:[0m [33m1.27.0-nightly (2018-04-26)[0m.
Dec 01 13:39:44.619 INFO [stderr] [34mSee the getting started guide ([0m[37mhttps://rocket.rs/guide/getting-started/[0m[34m) for more information.[0m
Dec 01 13:39:44.619 INFO [stderr] thread 'main' panicked at 'Aborting compilation due to incompatible compiler.', /cargo-home/registry/src/github.com-1ecc6299db9ec823/rocket-0.3.16/build.rs:38:13
Dec 01 13:39:44.619 INFO [stderr] stack backtrace:
Dec 01 13:39:44.619 INFO [stderr]    0:     0x5563b8b36a0e - std::sys::unix::backtrace::tracing::imp::unwind_backtrace::h15749a98198ba25f
Dec 01 13:39:44.619 INFO [stderr]                                at libstd/sys/unix/backtrace/tracing/gcc_s.rs:49
Dec 01 13:39:44.619 INFO [stderr]    1:     0x5563b8b27f96 - std::sys_common::backtrace::print::h0ba65c811294dbf0
Dec 01 13:39:44.619 INFO [stderr]                                at libstd/sys_common/backtrace.rs:71
Dec 01 13:39:44.619 INFO [stderr]                                at libstd/sys_common/backtrace.rs:59
Dec 01 13:39:44.619 INFO [stderr]    2:     0x5563b8b268dd - std::panicking::default_hook::{{closure}}::h42bb31757f0fee64
Dec 01 13:39:44.619 INFO [stderr]                                at libstd/panicking.rs:211
Dec 01 13:39:44.619 INFO [stderr]    3:     0x5563b8b26650 - std::panicking::default_hook::hebc8848d7aa7dbd9
Dec 01 13:39:44.619 INFO [stderr]                                at libstd/panicking.rs:227
Dec 01 13:39:44.619 INFO [stderr]    4:     0x5563b8b26edc - std::panicking::rust_panic_with_hook::h86e619a638415243
Dec 01 13:39:44.619 INFO [stderr]                                at libstd/panicking.rs:477
Dec 01 13:39:44.619 INFO [stderr]    5:     0x5563b8b0ac2f - std::panicking::begin_panic::h1547f6b8df8ef062
Dec 01 13:39:44.619 INFO [stderr]                                at libstd/panicking.rs:411
Dec 01 13:39:44.619 INFO [stderr]    6:     0x5563b8b08d73 - build_script_build::main::h7e1e0ce982337217
Dec 01 13:39:44.619 INFO [stderr]                                at /cargo-home/registry/src/github.com-1ecc6299db9ec823/rocket-0.3.16/build.rs:38
Dec 01 13:39:44.619 INFO [stderr]    7:     0x5563b8b0b51f - std::rt::lang_start::{{closure}}::hdcba730274cd6e5e
Dec 01 13:39:44.619 INFO [stderr]                                at libstd/rt.rs:74
Dec 01 13:39:44.619 INFO [stderr]    8:     0x5563b8b26982 - std::panicking::try::do_call::h47665672c57b11e4
Dec 01 13:39:44.619 INFO [stderr]                                at libstd/rt.rs:59
Dec 01 13:39:44.619 INFO [stderr]                                at libstd/panicking.rs:310
Dec 01 13:39:44.619 INFO [stderr]    9:     0x5563b8b47939 - __rust_maybe_catch_panic
Dec 01 13:39:44.619 INFO [stderr]                                at libpanic_unwind/lib.rs:103
Dec 01 13:39:44.619 INFO [stderr]   10:     0x5563b8b31a05 - std::rt::lang_start_internal::had9505969b8e20a2
Dec 01 13:39:44.619 INFO [stderr]                                at libstd/panicking.rs:289
Dec 01 13:39:44.619 INFO [stderr]                                at libstd/panic.rs:392
Dec 01 13:39:44.619 INFO [stderr]                                at libstd/rt.rs:58
Dec 01 13:39:44.619 INFO [stderr]   11:     0x5563b8b0b4f7 - std::rt::lang_start::h5723be38f20d77cf
Dec 01 13:39:44.619 INFO [stderr]                                at libstd/rt.rs:74
Dec 01 13:39:44.619 INFO [stderr]   12:     0x5563b8b09c19 - main
Dec 01 13:39:44.619 INFO [stderr]   13:     0x7ff9353bc82f - __libc_start_main
Dec 01 13:39:44.619 INFO [stderr]   14:     0x5563b8b08428 - _start
Dec 01 13:39:44.619 INFO [stderr]   15:                0x0 - <unknown>
Dec 01 13:39:44.619 INFO [stderr] 
Dec 01 13:39:44.619 INFO [stderr] warning: build failed, waiting for other jobs to finish...
Dec 01 13:39:45.624 INFO [stderr] error: build failed
Dec 01 13:39:45.625 INFO [stderr] su: No module specific data is present
Dec 01 13:39:46.256 INFO running `"docker" "inspect" "b5d8f02cac82a74006740f5161d9b6fe3c941488d0a9dc82e527d7d10d17a93c"`
Dec 01 13:39:46.557 INFO running `"docker" "rm" "-f" "b5d8f02cac82a74006740f5161d9b6fe3c941488d0a9dc82e527d7d10d17a93c"`
Dec 01 13:39:46.823 INFO [stdout] b5d8f02cac82a74006740f5161d9b6fe3c941488d0a9dc82e527d7d10d17a93c
