Dec 01 14:09:15.856 INFO testing jearbear/graphql-testing against 1.30.1 for beta-1.31-5
Dec 01 14:09:15.856 INFO running `"docker" "create" "-v" "/mnt/big/crater/work/local/target-dirs/beta-1.31-5/worker-1/1.30.1:/target:rw,Z" "-v" "/mnt/big/crater/work/local/test-source/worker-1/beta-1.31-5/1.30.1:/source:ro,Z" "-v" "/mnt/big/crater/work/local/cargo-home:/cargo-home:ro,Z" "-v" "/mnt/big/crater/work/local/rustup-home:/rustup-home:ro,Z" "-e" "USER_ID=1000" "-e" "SOURCE_DIR=/source" "-e" "USER_ID=1000" "-e" "CMD=cargo +1.30.1 build --frozen" "-e" "CARGO_TARGET_DIR=/target" "-e" "CARGO_INCREMENTAL=0" "-e" "RUST_BACKTRACE=full" "-e" "RUSTFLAGS=--cap-lints=warn" "-e" "CARGO_HOME=/cargo-home" "-e" "RUSTUP_HOME=/rustup-home" "-m" "1536M" "--network" "none" "crater"`
Dec 01 14:09:16.239 INFO [stdout] b3c03ba59f90a3b0fa0282d2e5afc8c5582b123bb5727bbb4c2ade3f0bcfc9ab
Dec 01 14:09:16.245 INFO running `"docker" "start" "-a" "b3c03ba59f90a3b0fa0282d2e5afc8c5582b123bb5727bbb4c2ade3f0bcfc9ab"`
Dec 01 14:09:17.495 INFO [stderr] usermod: no changes
Dec 01 14:09:17.767 INFO [stderr]    Compiling pear_codegen v0.0.20
Dec 01 14:09:17.767 INFO [stderr]    Compiling rocket v0.3.16
Dec 01 14:09:17.779 INFO [stderr]    Compiling rocket_codegen v0.3.16
Dec 01 14:09:17.787 INFO [stderr]    Compiling mime v0.2.6
Dec 01 14:09:17.792 INFO [stderr]    Compiling toml v0.4.6
Dec 01 14:09:17.792 INFO [stderr]    Compiling ordermap v0.2.13
Dec 01 14:09:17.792 INFO [stderr]    Compiling juniper_codegen v0.9.2
Dec 01 14:09:17.792 INFO [stderr]    Compiling serde_json v1.0.26
Dec 01 14:09:18.215 INFO [stderr] error: failed to run custom build command for `pear_codegen v0.0.20`
Dec 01 14:09:18.215 INFO [stderr] process didn't exit successfully: `/target/debug/build/pear_codegen-183b5b0a0ae809b5/build-script-build` (exit code: 101)
Dec 01 14:09:18.215 INFO [stderr] --- stderr
Dec 01 14:09:18.215 INFO [stderr] [1;31mError:[0m [37mPear requires a nightly or dev version of Rust.[0m
Dec 01 14:09:18.215 INFO [stderr] [37mInstalled version is:[0m [33m1.30.1 (2018-11-07)[0m. [37mMinimum required:[0m [33m1.30.0-nightly (2018-08-23)[0m.
Dec 01 14:09:18.215 INFO [stderr] thread 'main' panicked at 'Aborting compilation due to incompatible compiler.', /cargo-home/registry/src/github.com-1ecc6299db9ec823/pear_codegen-0.0.20/build.rs:31:13
Dec 01 14:09:18.215 INFO [stderr] stack backtrace:
Dec 01 14:09:18.215 INFO [stderr]    0:     0x556bcc7bc7de - std::sys::unix::backtrace::tracing::imp::unwind_backtrace::h15749a98198ba25f
Dec 01 14:09:18.215 INFO [stderr]                                at libstd/sys/unix/backtrace/tracing/gcc_s.rs:49
Dec 01 14:09:18.215 INFO [stderr]    1:     0x556bcc7add66 - std::sys_common::backtrace::print::h0ba65c811294dbf0
Dec 01 14:09:18.215 INFO [stderr]                                at libstd/sys_common/backtrace.rs:71
Dec 01 14:09:18.215 INFO [stderr]                                at libstd/sys_common/backtrace.rs:59
Dec 01 14:09:18.215 INFO [stderr]    2:     0x556bcc7ac6ad - std::panicking::default_hook::{{closure}}::h42bb31757f0fee64
Dec 01 14:09:18.215 INFO [stderr]                                at libstd/panicking.rs:211
Dec 01 14:09:18.215 INFO [stderr]    3:     0x556bcc7ac420 - std::panicking::default_hook::hebc8848d7aa7dbd9
Dec 01 14:09:18.215 INFO [stderr]                                at libstd/panicking.rs:227
Dec 01 14:09:18.215 INFO [stderr]    4:     0x556bcc7accac - std::panicking::rust_panic_with_hook::h86e619a638415243
Dec 01 14:09:18.215 INFO [stderr]                                at libstd/panicking.rs:477
Dec 01 14:09:18.215 INFO [stderr]    5:     0x556bcc7909ff - std::panicking::begin_panic::h65ef3ad7de42f4ad
Dec 01 14:09:18.215 INFO [stderr]                                at libstd/panicking.rs:411
Dec 01 14:09:18.215 INFO [stderr]    6:     0x556bcc78eb3a - build_script_build::main::h46f39c458748acff
Dec 01 14:09:18.215 INFO [stderr]                                at /cargo-home/registry/src/github.com-1ecc6299db9ec823/pear_codegen-0.0.20/build.rs:31
Dec 01 14:09:18.215 INFO [stderr]    7:     0x556bcc7912ef - std::rt::lang_start::{{closure}}::h104f159df20e8d81
Dec 01 14:09:18.215 INFO [stderr]                                at libstd/rt.rs:74
Dec 01 14:09:18.215 INFO [stderr]    8:     0x556bcc7ac752 - std::panicking::try::do_call::h47665672c57b11e4
Dec 01 14:09:18.215 INFO [stderr]                                at libstd/rt.rs:59
Dec 01 14:09:18.215 INFO [stderr]                                at libstd/panicking.rs:310
Dec 01 14:09:18.215 INFO [stderr]    9:     0x556bcc7cd709 - __rust_maybe_catch_panic
Dec 01 14:09:18.215 INFO [stderr]                                at libpanic_unwind/lib.rs:103
Dec 01 14:09:18.215 INFO [stderr]   10:     0x556bcc7b77d5 - std::rt::lang_start_internal::had9505969b8e20a2
Dec 01 14:09:18.215 INFO [stderr]                                at libstd/panicking.rs:289
Dec 01 14:09:18.215 INFO [stderr]                                at libstd/panic.rs:392
Dec 01 14:09:18.215 INFO [stderr]                                at libstd/rt.rs:58
Dec 01 14:09:18.215 INFO [stderr]   11:     0x556bcc7912c7 - std::rt::lang_start::h6c12a89b5498f3bc
Dec 01 14:09:18.215 INFO [stderr]                                at libstd/rt.rs:74
Dec 01 14:09:18.215 INFO [stderr]   12:     0x556bcc78f9e9 - main
Dec 01 14:09:18.215 INFO [stderr]   13:     0x7f77d444b82f - __libc_start_main
Dec 01 14:09:18.216 INFO [stderr]   14:     0x556bcc78e428 - _start
Dec 01 14:09:18.216 INFO [stderr]   15:                0x0 - <unknown>
Dec 01 14:09:18.216 INFO [stderr] 
Dec 01 14:09:18.216 INFO [stderr] warning: build failed, waiting for other jobs to finish...
Dec 01 14:09:18.268 INFO [stderr] error: failed to run custom build command for `rocket_codegen v0.3.16`
Dec 01 14:09:18.268 INFO [stderr] process didn't exit successfully: `/target/debug/build/rocket_codegen-35313927dfebcaa1/build-script-build` (exit code: 101)
Dec 01 14:09:18.268 INFO [stderr] --- stderr
Dec 01 14:09:18.268 INFO [stderr] [1;31mError:[0m [37mRocket requires a nightly or dev version of Rust.[0m
Dec 01 14:09:18.268 INFO [stderr] [37mInstalled version is:[0m [33m1.30.1 (2018-11-07)[0m. [37mMinimum required:[0m [33m1.30.0-nightly (2018-08-23)[0m.
Dec 01 14:09:18.268 INFO [stderr] [34mSee the getting started guide ([0m[37mhttps://rocket.rs/guide/getting-started/[0m[34m) for more information.[0m
Dec 01 14:09:18.268 INFO [stderr] thread 'main' panicked at 'Aborting compilation due to incompatible compiler.', /cargo-home/registry/src/github.com-1ecc6299db9ec823/rocket_codegen-0.3.16/build.rs:38:17
Dec 01 14:09:18.268 INFO [stderr] stack backtrace:
Dec 01 14:09:18.268 INFO [stderr]    0:     0x564d6eda49fe - std::sys::unix::backtrace::tracing::imp::unwind_backtrace::h15749a98198ba25f
Dec 01 14:09:18.268 INFO [stderr]                                at libstd/sys/unix/backtrace/tracing/gcc_s.rs:49
Dec 01 14:09:18.268 INFO [stderr]    1:     0x564d6ed95f86 - std::sys_common::backtrace::print::h0ba65c811294dbf0
Dec 01 14:09:18.268 INFO [stderr]                                at libstd/sys_common/backtrace.rs:71
Dec 01 14:09:18.268 INFO [stderr]                                at libstd/sys_common/backtrace.rs:59
Dec 01 14:09:18.268 INFO [stderr]    2:     0x564d6ed948cd - std::panicking::default_hook::{{closure}}::h42bb31757f0fee64
Dec 01 14:09:18.268 INFO [stderr]                                at libstd/panicking.rs:211
Dec 01 14:09:18.268 INFO [stderr]    3:     0x564d6ed94640 - std::panicking::default_hook::hebc8848d7aa7dbd9
Dec 01 14:09:18.268 INFO [stderr]                                at libstd/panicking.rs:227
Dec 01 14:09:18.268 INFO [stderr]    4:     0x564d6ed94ecc - std::panicking::rust_panic_with_hook::h86e619a638415243
Dec 01 14:09:18.269 INFO [stderr]                                at libstd/panicking.rs:477
Dec 01 14:09:18.269 INFO [stderr]    5:     0x564d6ed78c1f - std::panicking::begin_panic::h26807ac2abfc2210
Dec 01 14:09:18.269 INFO [stderr]                                at libstd/panicking.rs:411
Dec 01 14:09:18.269 INFO [stderr]    6:     0x564d6ed76d72 - build_script_build::main::h5e3452ecf2935038
Dec 01 14:09:18.269 INFO [stderr]                                at /cargo-home/registry/src/github.com-1ecc6299db9ec823/rocket_codegen-0.3.16/build.rs:38
Dec 01 14:09:18.269 INFO [stderr]    7:     0x564d6ed7950f - std::rt::lang_start::{{closure}}::hdd73b25a420f224f
Dec 01 14:09:18.269 INFO [stderr]                                at libstd/rt.rs:74
Dec 01 14:09:18.269 INFO [stderr]    8:     0x564d6ed94972 - std::panicking::try::do_call::h47665672c57b11e4
Dec 01 14:09:18.269 INFO [stderr]                                at libstd/rt.rs:59
Dec 01 14:09:18.269 INFO [stderr]                                at libstd/panicking.rs:310
Dec 01 14:09:18.269 INFO [stderr]    9:     0x564d6edb5929 - __rust_maybe_catch_panic
Dec 01 14:09:18.269 INFO [stderr]                                at libpanic_unwind/lib.rs:103
Dec 01 14:09:18.269 INFO [stderr]   10:     0x564d6ed9f9f5 - std::rt::lang_start_internal::had9505969b8e20a2
Dec 01 14:09:18.269 INFO [stderr]                                at libstd/panicking.rs:289
Dec 01 14:09:18.269 INFO [stderr]                                at libstd/panic.rs:392
Dec 01 14:09:18.269 INFO [stderr]                                at libstd/rt.rs:58
Dec 01 14:09:18.269 INFO [stderr]   11:     0x564d6ed794e7 - std::rt::lang_start::hdbaf1dc3ae5430d3
Dec 01 14:09:18.269 INFO [stderr]                                at libstd/rt.rs:74
Dec 01 14:09:18.269 INFO [stderr]   12:     0x564d6ed77c09 - main
Dec 01 14:09:18.269 INFO [stderr]   13:     0x7f3abf5a082f - __libc_start_main
Dec 01 14:09:18.269 INFO [stderr]   14:     0x564d6ed76428 - _start
Dec 01 14:09:18.269 INFO [stderr]   15:                0x0 - <unknown>
Dec 01 14:09:18.269 INFO [stderr] 
Dec 01 14:09:18.269 INFO [stderr] warning: build failed, waiting for other jobs to finish...
Dec 01 14:09:18.315 INFO [stderr] error: failed to run custom build command for `rocket v0.3.16`
Dec 01 14:09:18.315 INFO [stderr] process didn't exit successfully: `/target/debug/build/rocket-a61187eead96cae3/build-script-build` (exit code: 101)
Dec 01 14:09:18.315 INFO [stderr] --- stderr
Dec 01 14:09:18.315 INFO [stderr] [1;31mError:[0m [37mRocket requires a nightly or dev version of Rust.[0m
Dec 01 14:09:18.315 INFO [stderr] [37mInstalled version is:[0m [33m1.30.1 (2018-11-07)[0m. [37mMinimum required:[0m [33m1.27.0-nightly (2018-04-26)[0m.
Dec 01 14:09:18.315 INFO [stderr] [34mSee the getting started guide ([0m[37mhttps://rocket.rs/guide/getting-started/[0m[34m) for more information.[0m
Dec 01 14:09:18.315 INFO [stderr] thread 'main' panicked at 'Aborting compilation due to incompatible compiler.', /cargo-home/registry/src/github.com-1ecc6299db9ec823/rocket-0.3.16/build.rs:38:13
Dec 01 14:09:18.315 INFO [stderr] stack backtrace:
Dec 01 14:09:18.315 INFO [stderr]    0:     0x564467957a0e - std::sys::unix::backtrace::tracing::imp::unwind_backtrace::h15749a98198ba25f
Dec 01 14:09:18.315 INFO [stderr]                                at libstd/sys/unix/backtrace/tracing/gcc_s.rs:49
Dec 01 14:09:18.315 INFO [stderr]    1:     0x564467948f96 - std::sys_common::backtrace::print::h0ba65c811294dbf0
Dec 01 14:09:18.315 INFO [stderr]                                at libstd/sys_common/backtrace.rs:71
Dec 01 14:09:18.315 INFO [stderr]                                at libstd/sys_common/backtrace.rs:59
Dec 01 14:09:18.315 INFO [stderr]    2:     0x5644679478dd - std::panicking::default_hook::{{closure}}::h42bb31757f0fee64
Dec 01 14:09:18.315 INFO [stderr]                                at libstd/panicking.rs:211
Dec 01 14:09:18.315 INFO [stderr]    3:     0x564467947650 - std::panicking::default_hook::hebc8848d7aa7dbd9
Dec 01 14:09:18.315 INFO [stderr]                                at libstd/panicking.rs:227
Dec 01 14:09:18.315 INFO [stderr]    4:     0x564467947edc - std::panicking::rust_panic_with_hook::h86e619a638415243
Dec 01 14:09:18.315 INFO [stderr]                                at libstd/panicking.rs:477
Dec 01 14:09:18.315 INFO [stderr]    5:     0x56446792bc2f - std::panicking::begin_panic::h1547f6b8df8ef062
Dec 01 14:09:18.315 INFO [stderr]                                at libstd/panicking.rs:411
Dec 01 14:09:18.315 INFO [stderr]    6:     0x564467929d73 - build_script_build::main::h7e1e0ce982337217
Dec 01 14:09:18.315 INFO [stderr]                                at /cargo-home/registry/src/github.com-1ecc6299db9ec823/rocket-0.3.16/build.rs:38
Dec 01 14:09:18.315 INFO [stderr]    7:     0x56446792c51f - std::rt::lang_start::{{closure}}::hdcba730274cd6e5e
Dec 01 14:09:18.315 INFO [stderr]                                at libstd/rt.rs:74
Dec 01 14:09:18.315 INFO [stderr]    8:     0x564467947982 - std::panicking::try::do_call::h47665672c57b11e4
Dec 01 14:09:18.315 INFO [stderr]                                at libstd/rt.rs:59
Dec 01 14:09:18.315 INFO [stderr]                                at libstd/panicking.rs:310
Dec 01 14:09:18.315 INFO [stderr]    9:     0x564467968939 - __rust_maybe_catch_panic
Dec 01 14:09:18.315 INFO [stderr]                                at libpanic_unwind/lib.rs:103
Dec 01 14:09:18.315 INFO [stderr]   10:     0x564467952a05 - std::rt::lang_start_internal::had9505969b8e20a2
Dec 01 14:09:18.315 INFO [stderr]                                at libstd/panicking.rs:289
Dec 01 14:09:18.315 INFO [stderr]                                at libstd/panic.rs:392
Dec 01 14:09:18.315 INFO [stderr]                                at libstd/rt.rs:58
Dec 01 14:09:18.315 INFO [stderr]   11:     0x56446792c4f7 - std::rt::lang_start::h5723be38f20d77cf
Dec 01 14:09:18.315 INFO [stderr]                                at libstd/rt.rs:74
Dec 01 14:09:18.315 INFO [stderr]   12:     0x56446792ac19 - main
Dec 01 14:09:18.315 INFO [stderr]   13:     0x7f02b210e82f - __libc_start_main
Dec 01 14:09:18.315 INFO [stderr]   14:     0x564467929428 - _start
Dec 01 14:09:18.315 INFO [stderr]   15:                0x0 - <unknown>
Dec 01 14:09:18.315 INFO [stderr] 
Dec 01 14:09:18.315 INFO [stderr] warning: build failed, waiting for other jobs to finish...
Dec 01 14:09:28.019 INFO [stderr] error: build failed
Dec 01 14:09:28.019 INFO [stderr] su: No module specific data is present
Dec 01 14:09:29.530 INFO running `"docker" "inspect" "b3c03ba59f90a3b0fa0282d2e5afc8c5582b123bb5727bbb4c2ade3f0bcfc9ab"`
Dec 01 14:09:29.863 INFO running `"docker" "rm" "-f" "b3c03ba59f90a3b0fa0282d2e5afc8c5582b123bb5727bbb4c2ade3f0bcfc9ab"`
Dec 01 14:09:30.075 INFO [stdout] b3c03ba59f90a3b0fa0282d2e5afc8c5582b123bb5727bbb4c2ade3f0bcfc9ab
