Dec 01 14:41:05.601 INFO testing jac3km4/vakfu against 1.30.1 for beta-1.31-5
Dec 01 14:41:05.601 INFO running `"docker" "create" "-v" "/mnt/big/crater/work/local/target-dirs/beta-1.31-5/worker-4/1.30.1:/target:rw,Z" "-v" "/mnt/big/crater/work/local/test-source/worker-4/beta-1.31-5/1.30.1:/source:ro,Z" "-v" "/mnt/big/crater/work/local/cargo-home:/cargo-home:ro,Z" "-v" "/mnt/big/crater/work/local/rustup-home:/rustup-home:ro,Z" "-e" "USER_ID=1000" "-e" "SOURCE_DIR=/source" "-e" "USER_ID=1000" "-e" "CMD=cargo +1.30.1 build --frozen" "-e" "CARGO_TARGET_DIR=/target" "-e" "CARGO_INCREMENTAL=0" "-e" "RUST_BACKTRACE=full" "-e" "RUSTFLAGS=--cap-lints=warn" "-e" "CARGO_HOME=/cargo-home" "-e" "RUSTUP_HOME=/rustup-home" "-m" "1536M" "--network" "none" "crater"`
Dec 01 14:41:06.216 INFO [stdout] e94ad58654b8e0c458566e3a3394b8025acb95c292abc5f51f9888e1d9dddb4f
Dec 01 14:41:06.225 INFO running `"docker" "start" "-a" "e94ad58654b8e0c458566e3a3394b8025acb95c292abc5f51f9888e1d9dddb4f"`
Dec 01 14:41:07.194 INFO [stderr] usermod: no changes
Dec 01 14:41:07.507 INFO [stderr]    Compiling proc-macro2 v0.4.20
Dec 01 14:41:07.507 INFO [stderr]    Compiling vulkano v0.10.0
Dec 01 14:41:07.507 INFO [stderr]    Compiling vk-sys v0.3.3
Dec 01 14:41:07.523 INFO [stderr]    Compiling half v1.3.0
Dec 01 14:41:07.523 INFO [stderr]    Compiling miniz_oxide_c_api v0.1.3
Dec 01 14:41:07.529 INFO [stderr]    Compiling log v0.4.6
Dec 01 14:41:07.529 INFO [stderr]    Compiling miniz_oxide v0.1.3
Dec 01 14:41:07.529 INFO [stderr]    Compiling msdos_time v0.1.6
Dec 01 14:41:09.895 INFO [stderr]    Compiling bzip2-sys v0.1.6
Dec 01 14:41:09.901 INFO [stderr]    Compiling tempfile v3.0.4
Dec 01 14:41:09.931 INFO [stderr]    Compiling crossbeam-epoch v0.5.2
Dec 01 14:41:09.946 INFO [stderr]    Compiling crossbeam-epoch v0.6.0
Dec 01 14:41:09.954 INFO [stderr]    Compiling shared_library v0.1.9
Dec 01 14:41:10.437 INFO [stderr]    Compiling x11-dl v2.18.3
Dec 01 14:41:10.919 INFO [stderr]    Compiling digest v0.7.6
Dec 01 14:41:11.419 INFO [stderr]    Compiling chrono v0.4.6
Dec 01 14:41:13.875 INFO [stderr]    Compiling cgmath v0.16.1
Dec 01 14:41:13.891 INFO [stderr]    Compiling bzip2 v0.3.3
Dec 01 14:41:13.928 INFO [stderr]    Compiling parking_lot_core v0.3.1
Dec 01 14:41:13.928 INFO [stderr]    Compiling sha2 v0.7.1
Dec 01 14:41:14.048 INFO [stderr]    Compiling crossbeam-deque v0.5.2
Dec 01 14:41:16.767 INFO [stderr]    Compiling wayland-client v0.20.12
Dec 01 14:41:17.279 INFO [stderr]    Compiling glsl-to-spirv v0.1.7
Dec 01 14:41:18.649 INFO [stderr]    Compiling flate2 v1.0.3
Dec 01 14:41:20.124 INFO [stderr]    Compiling parking_lot v0.6.4
Dec 01 14:41:27.636 INFO [stderr]    Compiling wayland-protocols v0.20.12
Dec 01 14:41:27.651 INFO [stderr]    Compiling simplelog v0.5.3
Dec 01 14:41:27.651 INFO [stderr]    Compiling crossbeam-channel v0.2.6
Dec 01 14:41:27.695 INFO [stderr]    Compiling zip v0.4.2
Dec 01 14:41:33.933 INFO [stderr]    Compiling crossbeam v0.4.1
Dec 01 14:41:34.215 INFO [stderr]    Compiling quote v0.6.8
Dec 01 14:41:53.135 INFO [stderr]    Compiling syn v0.14.9
Dec 01 14:41:55.183 INFO [stderr]    Compiling smithay-client-toolkit v0.3.0
Dec 01 14:41:57.060 INFO [stderr] error: failed to run custom build command for `glsl-to-spirv v0.1.7`
Dec 01 14:41:57.060 INFO [stderr] process didn't exit successfully: `/target/debug/build/glsl-to-spirv-36002fb9dbbabfc3/build-script-build` (exit code: 101)
Dec 01 14:41:57.060 INFO [stderr] --- stdout
Dec 01 14:41:57.060 INFO [stderr] cargo:rerun-if-changed=build/glslangValidator.exe
Dec 01 14:41:57.060 INFO [stderr] running: "cmake" "/cargo-home/registry/src/github.com-1ecc6299db9ec823/glsl-to-spirv-0.1.7/glslang" "-DCMAKE_INSTALL_PREFIX=/target/debug/build/glsl-to-spirv-94937f6fcad8be8e/out" "-DCMAKE_C_FLAGS= -ffunction-sections -fdata-sections -fPIC -m64" "-DCMAKE_C_COMPILER=/usr/bin/cc" "-DCMAKE_CXX_FLAGS= -ffunction-sections -fdata-sections -fPIC -m64" "-DCMAKE_CXX_COMPILER=/usr/bin/c++" "-DCMAKE_BUILD_TYPE=Debug"
Dec 01 14:41:57.060 INFO [stderr] -- The C compiler identification is GNU 5.4.0
Dec 01 14:41:57.060 INFO [stderr] -- The CXX compiler identification is GNU 5.4.0
Dec 01 14:41:57.060 INFO [stderr] -- Check for working C compiler: /usr/bin/cc
Dec 01 14:41:57.060 INFO [stderr] -- Check for working C compiler: /usr/bin/cc -- works
Dec 01 14:41:57.060 INFO [stderr] -- Detecting C compiler ABI info
Dec 01 14:41:57.060 INFO [stderr] -- Detecting C compiler ABI info - done
Dec 01 14:41:57.060 INFO [stderr] -- Detecting C compile features
Dec 01 14:41:57.060 INFO [stderr] -- Detecting C compile features - done
Dec 01 14:41:57.060 INFO [stderr] -- Check for working CXX compiler: /usr/bin/c++
Dec 01 14:41:57.060 INFO [stderr] -- Check for working CXX compiler: /usr/bin/c++ -- works
Dec 01 14:41:57.060 INFO [stderr] -- Detecting CXX compiler ABI info
Dec 01 14:41:57.060 INFO [stderr] -- Detecting CXX compiler ABI info - done
Dec 01 14:41:57.060 INFO [stderr] -- Detecting CXX compile features
Dec 01 14:41:57.060 INFO [stderr] -- Detecting CXX compile features - done
Dec 01 14:41:57.060 INFO [stderr] -- Google Mock was not found - tests based on that will not build
Dec 01 14:41:57.060 INFO [stderr] -- Configuring done
Dec 01 14:41:57.060 INFO [stderr] -- Generating done
Dec 01 14:41:57.060 INFO [stderr] -- Build files have been written to: /target/debug/build/glsl-to-spirv-94937f6fcad8be8e/out/build
Dec 01 14:41:57.060 INFO [stderr] running: "cmake" "--build" "." "--target" "install" "--config" "Debug" "--"
Dec 01 14:41:57.060 INFO [stderr] Scanning dependencies of target OGLCompiler
Dec 01 14:41:57.061 INFO [stderr] Scanning dependencies of target OSDependent
Dec 01 14:41:57.061 INFO [stderr] Scanning dependencies of target glslang-default-resource-limits
Dec 01 14:41:57.061 INFO [stderr] [  1%] Building CXX object OGLCompilersDLL/CMakeFiles/OGLCompiler.dir/InitializeDll.cpp.o
Dec 01 14:41:57.061 INFO [stderr] [  3%] Building CXX object glslang/OSDependent/Unix/CMakeFiles/OSDependent.dir/ossource.cpp.o
Dec 01 14:41:57.061 INFO [stderr] [  5%] Building CXX object StandAlone/CMakeFiles/glslang-default-resource-limits.dir/ResourceLimits.cpp.o
Dec 01 14:41:57.061 INFO [stderr] Scanning dependencies of target HLSL
Dec 01 14:41:57.061 INFO [stderr] [  7%] Building CXX object hlsl/CMakeFiles/HLSL.dir/hlslAttributes.cpp.o
Dec 01 14:41:57.061 INFO [stderr] [  8%] Linking CXX static library libOSDependent.a
Dec 01 14:41:57.061 INFO [stderr] [  8%] Built target OSDependent
Dec 01 14:41:57.061 INFO [stderr] [ 10%] Linking CXX static library libOGLCompiler.a
Dec 01 14:41:57.061 INFO [stderr] Scanning dependencies of target SPVRemapper
Dec 01 14:41:57.061 INFO [stderr] [ 10%] Built target OGLCompiler
Dec 01 14:41:57.061 INFO [stderr] [ 12%] Building CXX object SPIRV/CMakeFiles/SPVRemapper.dir/SPVRemapper.cpp.o
Dec 01 14:41:57.061 INFO [stderr] [ 14%] Building CXX object hlsl/CMakeFiles/HLSL.dir/hlslParseHelper.cpp.o
Dec 01 14:41:57.061 INFO [stderr] [ 15%] Linking CXX static library libglslang-default-resource-limits.a
Dec 01 14:41:57.061 INFO [stderr] [ 15%] Built target glslang-default-resource-limits
Dec 01 14:41:57.061 INFO [stderr] [ 17%] Building CXX object hlsl/CMakeFiles/HLSL.dir/hlslScanContext.cpp.o
Dec 01 14:41:57.061 INFO [stderr] [ 19%] Building CXX object hlsl/CMakeFiles/HLSL.dir/hlslOpMap.cpp.o
Dec 01 14:41:57.061 INFO [stderr] [ 21%] Building CXX object hlsl/CMakeFiles/HLSL.dir/hlslTokenStream.cpp.o
Dec 01 14:41:57.061 INFO [stderr] [ 22%] Building CXX object hlsl/CMakeFiles/HLSL.dir/hlslGrammar.cpp.o
Dec 01 14:41:57.061 INFO [stderr] [ 24%] Building CXX object hlsl/CMakeFiles/HLSL.dir/hlslParseables.cpp.o
Dec 01 14:41:57.061 INFO [stderr] hlsl/CMakeFiles/HLSL.dir/build.make:86: recipe for target 'hlsl/CMakeFiles/HLSL.dir/hlslParseHelper.cpp.o' failed
Dec 01 14:41:57.061 INFO [stderr] hlsl/CMakeFiles/HLSL.dir/build.make:110: recipe for target 'hlsl/CMakeFiles/HLSL.dir/hlslScanContext.cpp.o' failed
Dec 01 14:41:57.061 INFO [stderr] [ 26%] Building CXX object SPIRV/CMakeFiles/SPVRemapper.dir/doc.cpp.o
Dec 01 14:41:57.061 INFO [stderr] [ 28%] Linking CXX static library libSPVRemapper.a
Dec 01 14:41:57.061 INFO [stderr] [ 28%] Built target SPVRemapper
Dec 01 14:41:57.061 INFO [stderr] CMakeFiles/Makefile2:1410: recipe for target 'hlsl/CMakeFiles/HLSL.dir/all' failed
Dec 01 14:41:57.061 INFO [stderr] Makefile:138: recipe for target 'all' failed
Dec 01 14:41:57.061 INFO [stderr] 
Dec 01 14:41:57.061 INFO [stderr] --- stderr
Dec 01 14:41:57.061 INFO [stderr] c++: internal compiler error: Killed (program cc1plus)
Dec 01 14:41:57.061 INFO [stderr] Please submit a full bug report,
Dec 01 14:41:57.061 INFO [stderr] with preprocessed source if appropriate.
Dec 01 14:41:57.061 INFO [stderr] See <file:///usr/share/doc/gcc-5/README.Bugs> for instructions.
Dec 01 14:41:57.061 INFO [stderr] make[2]: *** [hlsl/CMakeFiles/HLSL.dir/hlslParseHelper.cpp.o] Error 4
Dec 01 14:41:57.061 INFO [stderr] make[2]: *** Waiting for unfinished jobs....
Dec 01 14:41:57.061 INFO [stderr] c++: internal compiler error: Killed (program cc1plus)
Dec 01 14:41:57.061 INFO [stderr] Please submit a full bug report,
Dec 01 14:41:57.061 INFO [stderr] with preprocessed source if appropriate.
Dec 01 14:41:57.061 INFO [stderr] See <file:///usr/share/doc/gcc-5/README.Bugs> for instructions.
Dec 01 14:41:57.061 INFO [stderr] make[2]: *** [hlsl/CMakeFiles/HLSL.dir/hlslScanContext.cpp.o] Error 4
Dec 01 14:41:57.061 INFO [stderr] make[1]: *** [hlsl/CMakeFiles/HLSL.dir/all] Error 2
Dec 01 14:41:57.061 INFO [stderr] make: *** [all] Error 2
Dec 01 14:41:57.061 INFO [stderr] thread 'main' panicked at '
Dec 01 14:41:57.061 INFO [stderr] command did not execute successfully, got: exit code: 2
Dec 01 14:41:57.061 INFO [stderr] 
Dec 01 14:41:57.061 INFO [stderr] build script failed, must exit now', /cargo-home/registry/src/github.com-1ecc6299db9ec823/cmake-0.1.35/src/lib.rs:778:5
Dec 01 14:41:57.061 INFO [stderr] stack backtrace:
Dec 01 14:41:57.061 INFO [stderr]    0:     0x55da456d747e - std::sys::unix::backtrace::tracing::imp::unwind_backtrace::h15749a98198ba25f
Dec 01 14:41:57.061 INFO [stderr]                                at libstd/sys/unix/backtrace/tracing/gcc_s.rs:49
Dec 01 14:41:57.061 INFO [stderr]    1:     0x55da456c7056 - std::sys_common::backtrace::print::h0ba65c811294dbf0
Dec 01 14:41:57.061 INFO [stderr]                                at libstd/sys_common/backtrace.rs:71
Dec 01 14:41:57.061 INFO [stderr]                                at libstd/sys_common/backtrace.rs:59
Dec 01 14:41:57.061 INFO [stderr]    2:     0x55da456c594d - std::panicking::default_hook::{{closure}}::h42bb31757f0fee64
Dec 01 14:41:57.061 INFO [stderr]                                at libstd/panicking.rs:211
Dec 01 14:41:57.061 INFO [stderr]    3:     0x55da456c56c0 - std::panicking::default_hook::hebc8848d7aa7dbd9
Dec 01 14:41:57.061 INFO [stderr]                                at libstd/panicking.rs:227
Dec 01 14:41:57.061 INFO [stderr]    4:     0x55da456c5f9c - std::panicking::rust_panic_with_hook::h86e619a638415243
Dec 01 14:41:57.061 INFO [stderr]                                at libstd/panicking.rs:477
Dec 01 14:41:57.061 INFO [stderr]    5:     0x55da456c5b59 - std::panicking::continue_panic_fmt::h2d2d2bfb065a70b2
Dec 01 14:41:57.061 INFO [stderr]                                at libstd/panicking.rs:391
Dec 01 14:41:57.061 INFO [stderr]    6:     0x55da456c5abd - std::panicking::begin_panic_fmt::ha5097e2056ef3d5a
Dec 01 14:41:57.061 INFO [stderr]                                at libstd/panicking.rs:346
Dec 01 14:41:57.061 INFO [stderr]    7:     0x55da4565c251 - cmake::fail::ha8a1da12aa656dac
Dec 01 14:41:57.061 INFO [stderr]                                at /cargo-home/registry/src/github.com-1ecc6299db9ec823/cmake-0.1.35/src/lib.rs:778
Dec 01 14:41:57.061 INFO [stderr]    8:     0x55da4565bb8a - cmake::run::h2e8ea594e059c960
Dec 01 14:41:57.061 INFO [stderr]                                at /cargo-home/registry/src/github.com-1ecc6299db9ec823/cmake-0.1.35/src/lib.rs:759
Dec 01 14:41:57.061 INFO [stderr]    9:     0x55da45658333 - cmake::Config::build::h302cfee2dcef33b0
Dec 01 14:41:57.061 INFO [stderr]                                at /cargo-home/registry/src/github.com-1ecc6299db9ec823/cmake-0.1.35/src/lib.rs:671
Dec 01 14:41:57.061 INFO [stderr]   10:     0x55da4564aa4c - cmake::build::h57403b62afa80be1
Dec 01 14:41:57.061 INFO [stderr]                                at /cargo-home/registry/src/github.com-1ecc6299db9ec823/cmake-0.1.35/src/lib.rs:97
Dec 01 14:41:57.061 INFO [stderr]   11:     0x55da4564886b - build_script_build::main::h09b4e0f856f74273
Dec 01 14:41:57.061 INFO [stderr]                                at /cargo-home/registry/src/github.com-1ecc6299db9ec823/glsl-to-spirv-0.1.7/build/build.rs:37
Dec 01 14:41:57.061 INFO [stderr]   12:     0x55da4564986f - std::rt::lang_start::{{closure}}::h732ce5563934074a
Dec 01 14:41:57.061 INFO [stderr]                                at libstd/rt.rs:74
Dec 01 14:41:57.061 INFO [stderr]   13:     0x55da456c59f2 - std::panicking::try::do_call::h47665672c57b11e4
Dec 01 14:41:57.061 INFO [stderr]                                at libstd/rt.rs:59
Dec 01 14:41:57.061 INFO [stderr]                                at libstd/panicking.rs:310
Dec 01 14:41:57.061 INFO [stderr]   14:     0x55da456ea799 - __rust_maybe_catch_panic
Dec 01 14:41:57.061 INFO [stderr]                                at libpanic_unwind/lib.rs:103
Dec 01 14:41:57.061 INFO [stderr]   15:     0x55da456d21f5 - std::rt::lang_start_internal::had9505969b8e20a2
Dec 01 14:41:57.061 INFO [stderr]                                at libstd/panicking.rs:289
Dec 01 14:41:57.061 INFO [stderr]                                at libstd/panic.rs:392
Dec 01 14:41:57.061 INFO [stderr]                                at libstd/rt.rs:58
Dec 01 14:41:57.061 INFO [stderr]   16:     0x55da45649847 - std::rt::lang_start::hac51eb0b24cea7e5
Dec 01 14:41:57.061 INFO [stderr]                                at libstd/rt.rs:74
Dec 01 14:41:57.061 INFO [stderr]   17:     0x55da45648b29 - main
Dec 01 14:41:57.061 INFO [stderr]   18:     0x7fcff845d82f - __libc_start_main
Dec 01 14:41:57.061 INFO [stderr]   19:     0x55da45647268 - _start
Dec 01 14:41:57.061 INFO [stderr]   20:                0x0 - <unknown>
Dec 01 14:41:57.061 INFO [stderr] 
Dec 01 14:41:57.061 INFO [stderr] warning: build failed, waiting for other jobs to finish...
Dec 01 14:42:12.335 INFO [stderr] error: build failed
Dec 01 14:42:12.337 INFO [stderr] su: No module specific data is present
Dec 01 14:42:12.609 INFO running `"docker" "inspect" "e94ad58654b8e0c458566e3a3394b8025acb95c292abc5f51f9888e1d9dddb4f"`
Dec 01 14:42:12.708 INFO running `"docker" "rm" "-f" "e94ad58654b8e0c458566e3a3394b8025acb95c292abc5f51f9888e1d9dddb4f"`
Dec 01 14:42:12.823 INFO [stdout] e94ad58654b8e0c458566e3a3394b8025acb95c292abc5f51f9888e1d9dddb4f
