Dec 01 15:30:11.720 INFO testing iBelieve/rasp against 1.30.1 for beta-1.31-5
Dec 01 15:30:11.720 INFO running `"docker" "create" "-v" "/mnt/big/crater/work/local/target-dirs/beta-1.31-5/worker-7/1.30.1:/target:rw,Z" "-v" "/mnt/big/crater/work/local/test-source/worker-7/beta-1.31-5/1.30.1:/source:ro,Z" "-v" "/mnt/big/crater/work/local/cargo-home:/cargo-home:ro,Z" "-v" "/mnt/big/crater/work/local/rustup-home:/rustup-home:ro,Z" "-e" "USER_ID=1000" "-e" "SOURCE_DIR=/source" "-e" "USER_ID=1000" "-e" "CMD=cargo +1.30.1 build --frozen" "-e" "CARGO_TARGET_DIR=/target" "-e" "CARGO_INCREMENTAL=0" "-e" "RUST_BACKTRACE=full" "-e" "RUSTFLAGS=--cap-lints=warn" "-e" "CARGO_HOME=/cargo-home" "-e" "RUSTUP_HOME=/rustup-home" "-m" "1536M" "--network" "none" "crater"`
Dec 01 15:30:12.215 INFO [stdout] 3e65639cfffbaacb4317ba944f89786042cd0e05db815ccd1b716fc9efa826fe
Dec 01 15:30:12.223 INFO running `"docker" "start" "-a" "3e65639cfffbaacb4317ba944f89786042cd0e05db815ccd1b716fc9efa826fe"`
Dec 01 15:30:13.559 INFO [stderr] usermod: no changes
Dec 01 15:30:13.644 INFO [stderr]    Compiling runtime-fmt v0.3.0
Dec 01 15:30:13.654 INFO [stderr]    Compiling memchr v2.0.1
Dec 01 15:30:14.367 INFO [stderr] error[E0554]: #![feature] may not be used on the stable release channel
Dec 01 15:30:14.367 INFO [stderr]   --> /cargo-home/registry/src/github.com-1ecc6299db9ec823/runtime-fmt-0.3.0/src/lib.rs:17:1
Dec 01 15:30:14.367 INFO [stderr]    |
Dec 01 15:30:14.367 INFO [stderr] 17 | #![feature(fmt_internals)]
Dec 01 15:30:14.367 INFO [stderr]    | ^^^^^^^^^^^^^^^^^^^^^^^^^^
Dec 01 15:30:14.367 INFO [stderr] 
Dec 01 15:30:14.367 INFO [stderr] error[E0554]: #![feature] may not be used on the stable release channel
Dec 01 15:30:14.367 INFO [stderr]   --> /cargo-home/registry/src/github.com-1ecc6299db9ec823/runtime-fmt-0.3.0/src/lib.rs:18:1
Dec 01 15:30:14.367 INFO [stderr]    |
Dec 01 15:30:14.367 INFO [stderr] 18 | #![feature(conservative_impl_trait)]
Dec 01 15:30:14.367 INFO [stderr]    | ^^^^^^^^^^^^^^^^^^^^^^^^^^^^^^^^^^^^
Dec 01 15:30:14.367 INFO [stderr] 
Dec 01 15:30:14.367 INFO [stderr] error[E0554]: #![feature] may not be used on the stable release channel
Dec 01 15:30:14.367 INFO [stderr]   --> /cargo-home/registry/src/github.com-1ecc6299db9ec823/runtime-fmt-0.3.0/src/lib.rs:19:1
Dec 01 15:30:14.367 INFO [stderr]    |
Dec 01 15:30:14.367 INFO [stderr] 19 | #![feature(specialization)]
Dec 01 15:30:14.367 INFO [stderr]    | ^^^^^^^^^^^^^^^^^^^^^^^^^^^
Dec 01 15:30:14.367 INFO [stderr] 
Dec 01 15:30:14.367 INFO [stderr] error[E0554]: #![feature] may not be used on the stable release channel
Dec 01 15:30:14.367 INFO [stderr]   --> /cargo-home/registry/src/github.com-1ecc6299db9ec823/runtime-fmt-0.3.0/src/lib.rs:20:1
Dec 01 15:30:14.367 INFO [stderr]    |
Dec 01 15:30:14.367 INFO [stderr] 20 | #![feature(print_internals)]
Dec 01 15:30:14.367 INFO [stderr]    | ^^^^^^^^^^^^^^^^^^^^^^^^^^^^
Dec 01 15:30:14.367 INFO [stderr] 
Dec 01 15:30:14.367 INFO [stderr] error[E0554]: #![feature] may not be used on the stable release channel
Dec 01 15:30:14.367 INFO [stderr]   --> /cargo-home/registry/src/github.com-1ecc6299db9ec823/runtime-fmt-0.3.0/src/lib.rs:21:1
Dec 01 15:30:14.367 INFO [stderr]    |
Dec 01 15:30:14.367 INFO [stderr] 21 | #![feature(rustc_private)]
Dec 01 15:30:14.367 INFO [stderr]    | ^^^^^^^^^^^^^^^^^^^^^^^^^^
Dec 01 15:30:14.367 INFO [stderr] 
Dec 01 15:30:14.367 INFO [stderr] error[E0554]: #![feature] may not be used on the stable release channel
Dec 01 15:30:14.367 INFO [stderr]   --> /cargo-home/registry/src/github.com-1ecc6299db9ec823/runtime-fmt-0.3.0/src/lib.rs:22:1
Dec 01 15:30:14.367 INFO [stderr]    |
Dec 01 15:30:14.367 INFO [stderr] 22 | #![feature(try_from)]
Dec 01 15:30:14.367 INFO [stderr]    | ^^^^^^^^^^^^^^^^^^^^^
Dec 01 15:30:14.367 INFO [stderr] 
Dec 01 15:30:14.367 INFO [stderr] error: aborting due to 6 previous errors
Dec 01 15:30:14.367 INFO [stderr] 
Dec 01 15:30:14.367 INFO [stderr] For more information about this error, try `rustc --explain E0554`.
Dec 01 15:30:14.367 INFO [stderr] error: Could not compile `runtime-fmt`.
Dec 01 15:30:14.367 INFO [stderr] warning: build failed, waiting for other jobs to finish...
Dec 01 15:30:14.652 INFO [stderr] error: build failed
Dec 01 15:30:14.653 INFO [stderr] su: No module specific data is present
Dec 01 15:30:15.415 INFO running `"docker" "inspect" "3e65639cfffbaacb4317ba944f89786042cd0e05db815ccd1b716fc9efa826fe"`
Dec 01 15:30:15.805 INFO running `"docker" "rm" "-f" "3e65639cfffbaacb4317ba944f89786042cd0e05db815ccd1b716fc9efa826fe"`
Dec 01 15:30:16.067 INFO [stdout] 3e65639cfffbaacb4317ba944f89786042cd0e05db815ccd1b716fc9efa826fe
