Dec 01 16:26:52.633 INFO testing gpace1/bo-tie against 1.30.1 for beta-1.31-5
Dec 01 16:26:52.633 INFO running `"docker" "create" "-v" "/mnt/big/crater/work/local/target-dirs/beta-1.31-5/worker-2/1.30.1:/target:rw,Z" "-v" "/mnt/big/crater/work/local/test-source/worker-2/beta-1.31-5/1.30.1:/source:ro,Z" "-v" "/mnt/big/crater/work/local/cargo-home:/cargo-home:ro,Z" "-v" "/mnt/big/crater/work/local/rustup-home:/rustup-home:ro,Z" "-e" "USER_ID=1000" "-e" "SOURCE_DIR=/source" "-e" "USER_ID=1000" "-e" "CMD=cargo +1.30.1 build --frozen" "-e" "CARGO_TARGET_DIR=/target" "-e" "CARGO_INCREMENTAL=0" "-e" "RUST_BACKTRACE=full" "-e" "RUSTFLAGS=--cap-lints=warn" "-e" "CARGO_HOME=/cargo-home" "-e" "RUSTUP_HOME=/rustup-home" "-m" "1536M" "--network" "none" "crater"`
Dec 01 16:26:53.108 INFO [stdout] 3794472b605d5e46bf1abf5620cc521079d5fba7fda10c406000b3c270388581
Dec 01 16:26:53.119 INFO running `"docker" "start" "-a" "3794472b605d5e46bf1abf5620cc521079d5fba7fda10c406000b3c270388581"`
Dec 01 16:26:54.143 INFO [stderr] usermod: no changes
Dec 01 16:26:54.235 INFO [stderr]    Compiling bo-tie v0.1.0 (/source)
Dec 01 16:26:55.075 INFO [stderr] error[E0432]: unresolved import `std::pin::Pin`
Dec 01 16:26:55.075 INFO [stderr]  --> src/hci/unix/event.rs:8:5
Dec 01 16:26:55.075 INFO [stderr]   |
Dec 01 16:26:55.075 INFO [stderr] 8 | use std::pin::Pin;
Dec 01 16:26:55.075 INFO [stderr]   |     ^^^^^^^^^^^^^ no `Pin` in `pin`
Dec 01 16:26:55.075 INFO [stderr] 
Dec 01 16:26:55.147 INFO [stderr] error[E0554]: #![feature] may not be used on the stable release channel
Dec 01 16:26:55.147 INFO [stderr]  --> src/lib.rs:1:1
Dec 01 16:26:55.147 INFO [stderr]   |
Dec 01 16:26:55.147 INFO [stderr] 1 | #![feature(test)]
Dec 01 16:26:55.147 INFO [stderr]   | ^^^^^^^^^^^^^^^^^
Dec 01 16:26:55.147 INFO [stderr] 
Dec 01 16:26:55.147 INFO [stderr] error[E0554]: #![feature] may not be used on the stable release channel
Dec 01 16:26:55.147 INFO [stderr]  --> src/lib.rs:2:1
Dec 01 16:26:55.147 INFO [stderr]   |
Dec 01 16:26:55.147 INFO [stderr] 2 | #![feature(futures_api)]
Dec 01 16:26:55.147 INFO [stderr]   | ^^^^^^^^^^^^^^^^^^^^^^^^
Dec 01 16:26:55.147 INFO [stderr] 
Dec 01 16:26:55.147 INFO [stderr] error[E0554]: #![feature] may not be used on the stable release channel
Dec 01 16:26:55.147 INFO [stderr]  --> src/lib.rs:3:1
Dec 01 16:26:55.147 INFO [stderr]   |
Dec 01 16:26:55.147 INFO [stderr] 3 | #![feature(pin)]
Dec 01 16:26:55.147 INFO [stderr]   | ^^^^^^^^^^^^^^^^
Dec 01 16:26:55.147 INFO [stderr] 
Dec 01 16:26:55.147 INFO [stderr] error[E0554]: #![feature] may not be used on the stable release channel
Dec 01 16:26:55.147 INFO [stderr]  --> src/lib.rs:4:1
Dec 01 16:26:55.147 INFO [stderr]   |
Dec 01 16:26:55.147 INFO [stderr] 4 | #![feature(arbitrary_self_types)]
Dec 01 16:26:55.147 INFO [stderr]   | ^^^^^^^^^^^^^^^^^^^^^^^^^^^^^^^^^
Dec 01 16:26:55.147 INFO [stderr] 
Dec 01 16:26:55.147 INFO [stderr] error[E0554]: #![feature] may not be used on the stable release channel
Dec 01 16:26:55.147 INFO [stderr]  --> src/lib.rs:5:1
Dec 01 16:26:55.147 INFO [stderr]   |
Dec 01 16:26:55.147 INFO [stderr] 5 | #![feature(async_await)]
Dec 01 16:26:55.147 INFO [stderr]   | ^^^^^^^^^^^^^^^^^^^^^^^^
Dec 01 16:26:55.147 INFO [stderr] 
Dec 01 16:26:55.147 INFO [stderr] error[E0554]: #![feature] may not be used on the stable release channel
Dec 01 16:26:55.147 INFO [stderr]  --> src/lib.rs:6:1
Dec 01 16:26:55.147 INFO [stderr]   |
Dec 01 16:26:55.147 INFO [stderr] 6 | #![feature(await_macro)]
Dec 01 16:26:55.147 INFO [stderr]   | ^^^^^^^^^^^^^^^^^^^^^^^^
Dec 01 16:26:55.147 INFO [stderr] 
Dec 01 16:26:55.147 INFO [stderr] error[E0554]: #![feature] may not be used on the stable release channel
Dec 01 16:26:55.147 INFO [stderr]  --> src/lib.rs:7:1
Dec 01 16:26:55.147 INFO [stderr]   |
Dec 01 16:26:55.147 INFO [stderr] 7 | #![feature(alloc)]
Dec 01 16:26:55.147 INFO [stderr]   | ^^^^^^^^^^^^^^^^^^
Dec 01 16:26:55.147 INFO [stderr] 
Dec 01 16:26:55.187 INFO [stderr] error: aborting due to 8 previous errors
Dec 01 16:26:55.187 INFO [stderr] 
Dec 01 16:26:55.187 INFO [stderr] Some errors occurred: E0432, E0554.
Dec 01 16:26:55.187 INFO [stderr] For more information about an error, try `rustc --explain E0432`.
Dec 01 16:26:55.199 INFO [stderr] error: Could not compile `bo-tie`.
Dec 01 16:26:55.199 INFO [stderr] 
Dec 01 16:26:55.199 INFO [stderr] To learn more, run the command again with --verbose.
Dec 01 16:26:55.199 INFO [stderr] su: No module specific data is present
Dec 01 16:26:55.734 INFO running `"docker" "inspect" "3794472b605d5e46bf1abf5620cc521079d5fba7fda10c406000b3c270388581"`
Dec 01 16:26:55.904 INFO running `"docker" "rm" "-f" "3794472b605d5e46bf1abf5620cc521079d5fba7fda10c406000b3c270388581"`
Dec 01 16:26:56.066 INFO [stdout] 3794472b605d5e46bf1abf5620cc521079d5fba7fda10c406000b3c270388581
