Dec 01 16:32:59.382 INFO testing gmadrid/itools against 1.30.1 for beta-1.31-5
Dec 01 16:32:59.382 INFO running `"docker" "create" "-v" "/mnt/big/crater/work/local/target-dirs/beta-1.31-5/worker-5/1.30.1:/target:rw,Z" "-v" "/mnt/big/crater/work/local/test-source/worker-5/beta-1.31-5/1.30.1:/source:ro,Z" "-v" "/mnt/big/crater/work/local/cargo-home:/cargo-home:ro,Z" "-v" "/mnt/big/crater/work/local/rustup-home:/rustup-home:ro,Z" "-e" "USER_ID=1000" "-e" "SOURCE_DIR=/source" "-e" "USER_ID=1000" "-e" "CMD=cargo +1.30.1 build --frozen" "-e" "CARGO_TARGET_DIR=/target" "-e" "CARGO_INCREMENTAL=0" "-e" "RUST_BACKTRACE=full" "-e" "RUSTFLAGS=--cap-lints=warn" "-e" "CARGO_HOME=/cargo-home" "-e" "RUSTUP_HOME=/rustup-home" "-m" "1536M" "--network" "none" "crater"`
Dec 01 16:32:59.886 INFO [stdout] 9fd4173b15f008cc91e4c0c12d2b665c418c98d850a7325442a591ccb0803a45
Dec 01 16:32:59.888 INFO running `"docker" "start" "-a" "9fd4173b15f008cc91e4c0c12d2b665c418c98d850a7325442a591ccb0803a45"`
Dec 01 16:33:01.831 INFO [stderr] usermod: no changes
Dec 01 16:33:02.238 INFO [stderr]    Compiling bk-tree v0.3.0
Dec 01 16:33:02.259 INFO [stderr]    Compiling termios v0.3.1
Dec 01 16:33:02.259 INFO [stderr]    Compiling subprocess v0.1.17
Dec 01 16:33:02.319 INFO [stderr]    Compiling syn v0.15.15
Dec 01 16:33:02.324 INFO [stderr]    Compiling rayon v1.0.2
Dec 01 16:33:04.665 INFO [stderr]    Compiling console v0.6.2
Dec 01 16:33:13.353 INFO [stderr]    Compiling indicatif v0.9.0
Dec 01 16:33:18.435 INFO [stderr]    Compiling jpeg-decoder v0.1.15
Dec 01 16:33:25.110 INFO [stderr]    Compiling num-derive v0.2.3
Dec 01 16:33:25.110 INFO [stderr]    Compiling serde_derive v1.0.80
Dec 01 16:33:34.715 INFO [stderr]    Compiling image v0.19.0
Dec 01 16:33:49.318 INFO [stderr]    Compiling img_hash v2.1.0
Dec 01 16:33:51.266 INFO [stderr]    Compiling itools v0.1.0 (/source)
Dec 01 16:34:09.131 INFO [stderr]     Finished dev [unoptimized + debuginfo] target(s) in 1m 07s
Dec 01 16:34:09.140 INFO [stderr] su: No module specific data is present
Dec 01 16:34:09.783 INFO running `"docker" "inspect" "9fd4173b15f008cc91e4c0c12d2b665c418c98d850a7325442a591ccb0803a45"`
Dec 01 16:34:10.113 INFO running `"docker" "rm" "-f" "9fd4173b15f008cc91e4c0c12d2b665c418c98d850a7325442a591ccb0803a45"`
Dec 01 16:34:10.376 INFO [stdout] 9fd4173b15f008cc91e4c0c12d2b665c418c98d850a7325442a591ccb0803a45
Dec 01 16:34:10.381 INFO running `"docker" "create" "-v" "/mnt/big/crater/work/local/target-dirs/beta-1.31-5/worker-5/1.30.1:/target:rw,Z" "-v" "/mnt/big/crater/work/local/test-source/worker-5/beta-1.31-5/1.30.1:/source:ro,Z" "-v" "/mnt/big/crater/work/local/cargo-home:/cargo-home:ro,Z" "-v" "/mnt/big/crater/work/local/rustup-home:/rustup-home:ro,Z" "-e" "USER_ID=1000" "-e" "SOURCE_DIR=/source" "-e" "USER_ID=1000" "-e" "CMD=cargo +1.30.1 test --frozen --no-run" "-e" "CARGO_TARGET_DIR=/target" "-e" "CARGO_INCREMENTAL=0" "-e" "RUST_BACKTRACE=full" "-e" "RUSTFLAGS=--cap-lints=warn" "-e" "CARGO_HOME=/cargo-home" "-e" "RUSTUP_HOME=/rustup-home" "-m" "1536M" "--network" "none" "crater"`
Dec 01 16:34:10.688 INFO [stdout] c7f3995c9047df01cd41613333a2a539b346da7cc54e6bcd39b72a4510e32ef8
Dec 01 16:34:10.693 INFO running `"docker" "start" "-a" "c7f3995c9047df01cd41613333a2a539b346da7cc54e6bcd39b72a4510e32ef8"`
Dec 01 16:34:11.859 INFO [stderr] usermod: no changes
Dec 01 16:34:12.035 INFO [stderr]    Compiling itools v0.1.0 (/source)
Dec 01 16:34:16.227 INFO [stderr] error[E0609]: no field `show_output` on type `neardups::config::Config`
Dec 01 16:34:16.227 INFO [stderr]    --> src/neardups/config.rs:224:33
Dec 01 16:34:16.227 INFO [stderr]     |
Dec 01 16:34:16.227 INFO [stderr] 224 |         assert_eq!(true, c_show.show_output);
Dec 01 16:34:16.227 INFO [stderr]     |                                 ^^^^^^^^^^^ unknown field
Dec 01 16:34:16.227 INFO [stderr]     |
Dec 01 16:34:16.227 INFO [stderr]     = note: available fields are: `cache_file`, `cache_only`, `files`, `output`, `show_progress`, `search`
Dec 01 16:34:16.227 INFO [stderr] 
Dec 01 16:34:16.243 INFO [stderr] error[E0609]: no field `show_output` on type `neardups::config::Config`
Dec 01 16:34:16.243 INFO [stderr]    --> src/neardups/config.rs:227:35
Dec 01 16:34:16.243 INFO [stderr]     |
Dec 01 16:34:16.243 INFO [stderr] 227 |         assert_eq!(false, c_quiet.show_output);
Dec 01 16:34:16.243 INFO [stderr]     |                                   ^^^^^^^^^^^ unknown field
Dec 01 16:34:16.243 INFO [stderr]     |
Dec 01 16:34:16.243 INFO [stderr]     = note: available fields are: `cache_file`, `cache_only`, `files`, `output`, `show_progress`, `search`
Dec 01 16:34:16.243 INFO [stderr] 
Dec 01 16:34:16.349 INFO [stderr] error[E0599]: no method named `is_complete` found for type `neardups::fileinfo::FileInfo` in the current scope
Dec 01 16:34:16.349 INFO [stderr]   --> src/neardups/fileinfo.rs:63:30
Dec 01 16:34:16.349 INFO [stderr]    |
Dec 01 16:34:16.349 INFO [stderr] 4  | pub struct FileInfo {
Dec 01 16:34:16.349 INFO [stderr]    | ------------------- method `is_complete` not found for this
Dec 01 16:34:16.349 INFO [stderr] ...
Dec 01 16:34:16.349 INFO [stderr] 63 |         assert_eq!(false, fi.is_complete());
Dec 01 16:34:16.349 INFO [stderr]    |                              ^^^^^^^^^^^
Dec 01 16:34:16.349 INFO [stderr] 
Dec 01 16:34:16.671 INFO [stderr] error[E0308]: mismatched types
Dec 01 16:34:16.671 INFO [stderr]   --> src/neardups/fileinfo.rs:66:21
Dec 01 16:34:16.671 INFO [stderr]    |
Dec 01 16:34:16.671 INFO [stderr] 66 |             a_hash: Some("sisisi".into()),
Dec 01 16:34:16.671 INFO [stderr]    |                     ^^^^^^^^^^^^^^^^^^^^^ expected struct `std::string::String`, found enum `std::option::Option`
Dec 01 16:34:16.671 INFO [stderr]    |
Dec 01 16:34:16.671 INFO [stderr]    = note: expected type `std::string::String`
Dec 01 16:34:16.671 INFO [stderr]               found type `std::option::Option<_>`
Dec 01 16:34:16.671 INFO [stderr] 
Dec 01 16:34:16.671 INFO [stderr] error[E0599]: no method named `is_complete` found for type `neardups::fileinfo::FileInfo` in the current scope
Dec 01 16:34:16.671 INFO [stderr]   --> src/neardups/fileinfo.rs:69:30
Dec 01 16:34:16.671 INFO [stderr]    |
Dec 01 16:34:16.671 INFO [stderr] 4  | pub struct FileInfo {
Dec 01 16:34:16.671 INFO [stderr]    | ------------------- method `is_complete` not found for this
Dec 01 16:34:16.671 INFO [stderr] ...
Dec 01 16:34:16.671 INFO [stderr] 69 |         assert_eq!(false, fi.is_complete());
Dec 01 16:34:16.671 INFO [stderr]    |                              ^^^^^^^^^^^
Dec 01 16:34:16.671 INFO [stderr] 
Dec 01 16:34:16.933 INFO [stderr] error[E0308]: mismatched types
Dec 01 16:34:16.933 INFO [stderr]   --> src/neardups/fileinfo.rs:72:21
Dec 01 16:34:16.933 INFO [stderr]    |
Dec 01 16:34:16.933 INFO [stderr] 72 |             d_hash: Some("foobar".into()),
Dec 01 16:34:16.933 INFO [stderr]    |                     ^^^^^^^^^^^^^^^^^^^^^ expected struct `std::string::String`, found enum `std::option::Option`
Dec 01 16:34:16.933 INFO [stderr]    |
Dec 01 16:34:16.933 INFO [stderr]    = note: expected type `std::string::String`
Dec 01 16:34:16.933 INFO [stderr]               found type `std::option::Option<_>`
Dec 01 16:34:16.933 INFO [stderr] 
Dec 01 16:34:17.223 INFO [stderr] error[E0308]: mismatched types
Dec 01 16:34:17.223 INFO [stderr]   --> src/neardups/fileinfo.rs:73:21
Dec 01 16:34:17.223 INFO [stderr]    |
Dec 01 16:34:17.223 INFO [stderr] 73 |             p_hash: Some("blah".into()),
Dec 01 16:34:17.223 INFO [stderr]    |                     ^^^^^^^^^^^^^^^^^^^ expected struct `std::string::String`, found enum `std::option::Option`
Dec 01 16:34:17.223 INFO [stderr]    |
Dec 01 16:34:17.223 INFO [stderr]    = note: expected type `std::string::String`
Dec 01 16:34:17.223 INFO [stderr]               found type `std::option::Option<_>`
Dec 01 16:34:17.223 INFO [stderr] 
Dec 01 16:34:17.459 INFO [stderr] error[E0308]: mismatched types
Dec 01 16:34:17.459 INFO [stderr]   --> src/neardups/fileinfo.rs:74:24
Dec 01 16:34:17.459 INFO [stderr]    |
Dec 01 16:34:17.459 INFO [stderr] 74 |             sha2_hash: Some("xxxxx".into()),
Dec 01 16:34:17.459 INFO [stderr]    |                        ^^^^^^^^^^^^^^^^^^^^ expected struct `std::string::String`, found enum `std::option::Option`
Dec 01 16:34:17.459 INFO [stderr]    |
Dec 01 16:34:17.459 INFO [stderr]    = note: expected type `std::string::String`
Dec 01 16:34:17.459 INFO [stderr]               found type `std::option::Option<_>`
Dec 01 16:34:17.459 INFO [stderr] 
Dec 01 16:34:17.467 INFO [stderr] error[E0599]: no method named `is_complete` found for type `neardups::fileinfo::FileInfo` in the current scope
Dec 01 16:34:17.467 INFO [stderr]   --> src/neardups/fileinfo.rs:77:29
Dec 01 16:34:17.467 INFO [stderr]    |
Dec 01 16:34:17.467 INFO [stderr] 4  | pub struct FileInfo {
Dec 01 16:34:17.467 INFO [stderr]    | ------------------- method `is_complete` not found for this
Dec 01 16:34:17.467 INFO [stderr] ...
Dec 01 16:34:17.467 INFO [stderr] 77 |         assert_eq!(true, fi.is_complete());
Dec 01 16:34:17.467 INFO [stderr]    |                             ^^^^^^^^^^^
Dec 01 16:34:17.467 INFO [stderr] 
Dec 01 16:34:17.475 INFO [stderr] error[E0599]: no function or associated item named `with_name` found for type `neardups::fileinfo::FileInfo` in the current scope
Dec 01 16:34:17.475 INFO [stderr]   --> src/neardups/fileinfo.rs:83:18
Dec 01 16:34:17.475 INFO [stderr]    |
Dec 01 16:34:17.475 INFO [stderr] 4  | pub struct FileInfo {
Dec 01 16:34:17.475 INFO [stderr]    | ------------------- function or associated item `with_name` not found for this
Dec 01 16:34:17.475 INFO [stderr] ...
Dec 01 16:34:17.475 INFO [stderr] 83 |         let fi = FileInfo::with_name(name);
Dec 01 16:34:17.475 INFO [stderr]    |                  ^^^^^^^^^^^^^^^^^^^ function or associated item not found in `neardups::fileinfo::FileInfo`
Dec 01 16:34:17.475 INFO [stderr] 
Dec 01 16:34:17.675 INFO [stderr] error: aborting due to 10 previous errors
Dec 01 16:34:17.675 INFO [stderr] 
Dec 01 16:34:17.675 INFO [stderr] Some errors occurred: E0308, E0599, E0609.
Dec 01 16:34:17.675 INFO [stderr] For more information about an error, try `rustc --explain E0308`.
Dec 01 16:34:17.703 INFO [stderr] error: Could not compile `itools`.
Dec 01 16:34:17.703 INFO [stderr] 
Dec 01 16:34:17.703 INFO [stderr] To learn more, run the command again with --verbose.
Dec 01 16:34:17.703 INFO [stderr] su: No module specific data is present
Dec 01 16:34:18.215 INFO running `"docker" "inspect" "c7f3995c9047df01cd41613333a2a539b346da7cc54e6bcd39b72a4510e32ef8"`
Dec 01 16:34:18.561 INFO running `"docker" "rm" "-f" "c7f3995c9047df01cd41613333a2a539b346da7cc54e6bcd39b72a4510e32ef8"`
Dec 01 16:34:18.818 INFO [stdout] c7f3995c9047df01cd41613333a2a539b346da7cc54e6bcd39b72a4510e32ef8
