Dec 01 17:15:18.832 INFO testing foundoulis/slytherlisp_rust against 1.30.1 for beta-1.31-5
Dec 01 17:15:18.832 INFO running `"docker" "create" "-v" "/mnt/big/crater/work/local/target-dirs/beta-1.31-5/worker-5/1.30.1:/target:rw,Z" "-v" "/mnt/big/crater/work/local/test-source/worker-5/beta-1.31-5/1.30.1:/source:ro,Z" "-v" "/mnt/big/crater/work/local/cargo-home:/cargo-home:ro,Z" "-v" "/mnt/big/crater/work/local/rustup-home:/rustup-home:ro,Z" "-e" "USER_ID=1000" "-e" "SOURCE_DIR=/source" "-e" "USER_ID=1000" "-e" "CMD=cargo +1.30.1 build --frozen" "-e" "CARGO_TARGET_DIR=/target" "-e" "CARGO_INCREMENTAL=0" "-e" "RUST_BACKTRACE=full" "-e" "RUSTFLAGS=--cap-lints=warn" "-e" "CARGO_HOME=/cargo-home" "-e" "RUSTUP_HOME=/rustup-home" "-m" "1536M" "--network" "none" "crater"`
Dec 01 17:15:19.302 INFO [stdout] 7f1f3387d496500ccba55c8b6cbfe47ffb2d902c99052dcd9eeb885c68562c15
Dec 01 17:15:19.309 INFO running `"docker" "start" "-a" "7f1f3387d496500ccba55c8b6cbfe47ffb2d902c99052dcd9eeb885c68562c15"`
Dec 01 17:15:20.608 INFO [stderr] usermod: no changes
Dec 01 17:15:20.777 INFO [stderr]    Compiling memchr v2.1.1
Dec 01 17:15:22.217 INFO [stderr]    Compiling aho-corasick v0.6.9
Dec 01 17:15:23.553 INFO [stderr]    Compiling regex v1.0.5
Dec 01 17:15:33.137 INFO [stderr]    Compiling slytherlisp_rust v0.1.0 (/source)
Dec 01 17:15:33.923 INFO [stderr] warning: unused import: `types::conslist::*`
Dec 01 17:15:33.923 INFO [stderr]  --> src/parser/parser.rs:7:5
Dec 01 17:15:33.923 INFO [stderr]   |
Dec 01 17:15:33.923 INFO [stderr] 7 | use types::conslist::*;
Dec 01 17:15:33.923 INFO [stderr]   |     ^^^^^^^^^^^^^^^^^^
Dec 01 17:15:33.923 INFO [stderr]   |
Dec 01 17:15:33.923 INFO [stderr]   = note: #[warn(unused_imports)] on by default
Dec 01 17:15:33.923 INFO [stderr] 
Dec 01 17:15:34.065 INFO [stderr] error[E0369]: binary operation `==` cannot be applied to type `parser::parser::ParseToken`
Dec 01 17:15:34.065 INFO [stderr]    --> src/parser/parser.rs:129:12
Dec 01 17:15:34.065 INFO [stderr]     |
Dec 01 17:15:34.065 INFO [stderr] 129 |         if elem == ParseToken::RParen {
Dec 01 17:15:34.065 INFO [stderr]     |            ^^^^^^^^^^^^^^^^^^^^^^^^^^
Dec 01 17:15:34.065 INFO [stderr]     |
Dec 01 17:15:34.065 INFO [stderr]     = note: an implementation of `std::cmp::PartialEq` might be missing for `parser::parser::ParseToken`
Dec 01 17:15:34.065 INFO [stderr] 
Dec 01 17:15:34.065 INFO [stderr] error[E0061]: this function takes 1 parameter but 0 parameters were supplied
Dec 01 17:15:34.065 INFO [stderr]    --> src/parser/parser.rs:133:24
Dec 01 17:15:34.065 INFO [stderr]     |
Dec 01 17:15:34.065 INFO [stderr] 27  |     Value(LispValue),
Dec 01 17:15:34.065 INFO [stderr]     |     ---------------- defined here
Dec 01 17:15:34.065 INFO [stderr] ...
Dec 01 17:15:34.065 INFO [stderr] 133 |             if elem != ParseToken::Value() {
Dec 01 17:15:34.065 INFO [stderr]     |                        ^^^^^^^^^^^^^^^^^^^ expected 1 parameter
Dec 01 17:15:34.065 INFO [stderr] 
Dec 01 17:15:34.066 INFO [stderr] error[E0369]: binary operation `!=` cannot be applied to type `parser::parser::ParseToken`
Dec 01 17:15:34.066 INFO [stderr]    --> src/parser/parser.rs:133:16
Dec 01 17:15:34.066 INFO [stderr]     |
Dec 01 17:15:34.066 INFO [stderr] 133 |             if elem != ParseToken::Value() {
Dec 01 17:15:34.066 INFO [stderr]     |                ^^^^^^^^^^^^^^^^^^^^^^^^^^^
Dec 01 17:15:34.066 INFO [stderr]     |
Dec 01 17:15:34.066 INFO [stderr]     = note: an implementation of `std::cmp::PartialEq` might be missing for `parser::parser::ParseToken`
Dec 01 17:15:34.066 INFO [stderr] 
Dec 01 17:15:34.066 INFO [stderr] error[E0369]: binary operation `==` cannot be applied to type `parser::parser::ParseToken`
Dec 01 17:15:34.066 INFO [stderr]    --> src/parser/parser.rs:138:34
Dec 01 17:15:34.066 INFO [stderr]     |
Dec 01 17:15:34.066 INFO [stderr] 138 |         while stack.len() > 1 && stack[stack.len()-2] == ParseToken::SingleQuote {
Dec 01 17:15:34.066 INFO [stderr]     |                                  ^^^^^^^^^^^^^^^^^^^^^^^^^^^^^^^^^^^^^^^^^^^^^^^
Dec 01 17:15:34.066 INFO [stderr]     |
Dec 01 17:15:34.066 INFO [stderr]     = note: an implementation of `std::cmp::PartialEq` might be missing for `parser::parser::ParseToken`
Dec 01 17:15:34.066 INFO [stderr] 
Dec 01 17:15:34.215 INFO [stderr] error[E0308]: mismatched types
Dec 01 17:15:34.215 INFO [stderr]    --> src/parser/parser.rs:140:66
Dec 01 17:15:34.215 INFO [stderr]     |
Dec 01 17:15:34.215 INFO [stderr] 140 |             stack[stack.len()-1] = ParseToken::Value(Quoted::new(itm));
Dec 01 17:15:34.215 INFO [stderr]     |                                                                  ^^^ expected enum `types::lispvalue::LispValue`, found enum `parser::parser::ParseToken`
Dec 01 17:15:34.215 INFO [stderr]     |
Dec 01 17:15:34.215 INFO [stderr]     = note: expected type `types::lispvalue::LispValue`
Dec 01 17:15:34.215 INFO [stderr]                found type `parser::parser::ParseToken`
Dec 01 17:15:34.215 INFO [stderr] 
Dec 01 17:15:34.247 INFO [stderr] error[E0308]: mismatched types
Dec 01 17:15:34.247 INFO [stderr]    --> src/parser/parser.rs:140:54
Dec 01 17:15:34.247 INFO [stderr]     |
Dec 01 17:15:34.247 INFO [stderr] 140 |             stack[stack.len()-1] = ParseToken::Value(Quoted::new(itm));
Dec 01 17:15:34.247 INFO [stderr]     |                                                      ^^^^^^^^^^^^^^^^ expected enum `types::lispvalue::LispValue`, found struct `types::quoted::Quoted`
Dec 01 17:15:34.247 INFO [stderr]     |
Dec 01 17:15:34.247 INFO [stderr]     = note: expected type `types::lispvalue::LispValue`
Dec 01 17:15:34.247 INFO [stderr]                found type `types::quoted::Quoted`
Dec 01 17:15:34.247 INFO [stderr] 
Dec 01 17:15:34.291 INFO [stderr] error: aborting due to 6 previous errors
Dec 01 17:15:34.291 INFO [stderr] 
Dec 01 17:15:34.291 INFO [stderr] Some errors occurred: E0061, E0308, E0369.
Dec 01 17:15:34.291 INFO [stderr] For more information about an error, try `rustc --explain E0061`.
Dec 01 17:15:34.299 INFO [stderr] error: Could not compile `slytherlisp_rust`.
Dec 01 17:15:34.299 INFO [stderr] 
Dec 01 17:15:34.299 INFO [stderr] To learn more, run the command again with --verbose.
Dec 01 17:15:34.303 INFO [stderr] su: No module specific data is present
Dec 01 17:15:35.779 INFO running `"docker" "inspect" "7f1f3387d496500ccba55c8b6cbfe47ffb2d902c99052dcd9eeb885c68562c15"`
Dec 01 17:15:35.999 INFO running `"docker" "rm" "-f" "7f1f3387d496500ccba55c8b6cbfe47ffb2d902c99052dcd9eeb885c68562c15"`
Dec 01 17:15:36.311 INFO [stdout] 7f1f3387d496500ccba55c8b6cbfe47ffb2d902c99052dcd9eeb885c68562c15
