Dec 01 18:30:47.416 INFO testing ejmahler/tetris_clone against 1.30.1 for beta-1.31-5
Dec 01 18:30:47.416 INFO running `"docker" "create" "-v" "/mnt/big/crater/work/local/target-dirs/beta-1.31-5/worker-1/1.30.1:/target:rw,Z" "-v" "/mnt/big/crater/work/local/test-source/worker-1/beta-1.31-5/1.30.1:/source:ro,Z" "-v" "/mnt/big/crater/work/local/cargo-home:/cargo-home:ro,Z" "-v" "/mnt/big/crater/work/local/rustup-home:/rustup-home:ro,Z" "-e" "USER_ID=1000" "-e" "SOURCE_DIR=/source" "-e" "USER_ID=1000" "-e" "CMD=cargo +1.30.1 build --frozen" "-e" "CARGO_TARGET_DIR=/target" "-e" "CARGO_INCREMENTAL=0" "-e" "RUST_BACKTRACE=full" "-e" "RUSTFLAGS=--cap-lints=warn" "-e" "CARGO_HOME=/cargo-home" "-e" "RUSTUP_HOME=/rustup-home" "-m" "1536M" "--network" "none" "crater"`
Dec 01 18:30:47.795 INFO [stdout] 4e4a7ce45791555330f78589afa7db759f4cf4cf193d6a75c6baa1d8205e7b36
Dec 01 18:30:47.799 INFO running `"docker" "start" "-a" "4e4a7ce45791555330f78589afa7db759f4cf4cf193d6a75c6baa1d8205e7b36"`
Dec 01 18:30:49.005 INFO [stderr] usermod: no changes
Dec 01 18:30:49.373 INFO [stderr]    Compiling libc v0.2.35
Dec 01 18:30:49.373 INFO [stderr]    Compiling num-traits v0.1.41
Dec 01 18:30:49.379 INFO [stderr]    Compiling either v1.4.0
Dec 01 18:30:49.382 INFO [stderr]    Compiling ndarray v0.11.0
Dec 01 18:30:49.384 INFO [stderr]    Compiling arrayvec v0.4.6
Dec 01 18:30:49.391 INFO [stderr]    Compiling gl_generator v0.6.1
Dec 01 18:30:49.391 INFO [stderr]    Compiling gl_generator v0.7.0
Dec 01 18:30:51.526 INFO [stderr]    Compiling coco v0.1.1
Dec 01 18:30:51.526 INFO [stderr]    Compiling itertools v0.5.10
Dec 01 18:30:51.526 INFO [stderr]    Compiling itertools v0.7.5
Dec 01 18:30:55.304 INFO [stderr]    Compiling rusttype v0.2.3
Dec 01 18:30:56.884 INFO [stderr]    Compiling rand v0.3.19
Dec 01 18:30:58.827 INFO [stderr]    Compiling num_cpus v1.8.0
Dec 01 18:31:00.848 INFO [stderr]    Compiling fs2 v0.2.5
Dec 01 18:31:05.083 INFO [stderr]    Compiling x11-dl v2.17.2
Dec 01 18:31:05.377 INFO [stderr]    Compiling shared_library v0.1.8
Dec 01 18:31:05.435 INFO [stderr]    Compiling rand v0.4.1
Dec 01 18:31:05.479 INFO [stderr]    Compiling serde_json v0.9.10
Dec 01 18:31:14.449 INFO [stderr]    Compiling num-integer v0.1.35
Dec 01 18:31:14.457 INFO [stderr]    Compiling enum_primitive v0.1.1
Dec 01 18:31:14.496 INFO [stderr]    Compiling num-complex v0.1.41
Dec 01 18:31:15.291 INFO [stderr]    Compiling derivative v1.0.0
Dec 01 18:31:15.956 INFO [stderr]    Compiling memmap v0.4.0
Dec 01 18:31:17.131 INFO [stderr]    Compiling glutin v0.10.1
Dec 01 18:31:20.823 INFO [stderr]    Compiling gfx_gl v0.4.0
Dec 01 18:31:20.931 INFO [stderr]    Compiling gl v0.7.0
Dec 01 18:31:21.287 INFO [stderr]    Compiling osmesa-sys v0.1.2
Dec 01 18:31:31.481 INFO [stderr]    Compiling phf_generator v0.7.21
Dec 01 18:31:31.527 INFO [stderr]    Compiling rayon-core v1.3.0
Dec 01 18:31:31.551 INFO [stderr]    Compiling tempfile v2.2.0
Dec 01 18:31:33.867 INFO [stderr]    Compiling piston2d-graphics v0.24.0
Dec 01 18:31:33.979 INFO [stderr]    Compiling num-iter v0.1.34
Dec 01 18:31:36.533 INFO [stderr]    Compiling num-rational v0.1.40
Dec 01 18:31:42.671 INFO [stderr]    Compiling cgmath v0.16.0
Dec 01 18:31:48.293 INFO [stderr]    Compiling phf_codegen v0.7.21
Dec 01 18:31:48.422 INFO [stderr]    Compiling png v0.11.0
Dec 01 18:31:48.864 INFO [stderr]    Compiling rayon v0.8.2
Dec 01 18:31:53.391 INFO [stderr]    Compiling gfx_core v0.7.2
Dec 01 18:32:01.075 INFO [stderr]    Compiling target_build_utils v0.3.1
Dec 01 18:32:11.951 INFO [stderr]    Compiling jpeg-decoder v0.1.13
Dec 01 18:32:20.520 INFO [stderr]    Compiling image v0.18.0
Dec 01 18:32:33.452 INFO [stderr]    Compiling libloading v0.3.4
Dec 01 18:32:40.084 INFO [stderr]    Compiling dlib v0.3.1
Dec 01 18:32:40.686 INFO [stderr]    Compiling wayland-sys v0.9.10
Dec 01 18:32:42.371 INFO [stderr]    Compiling wayland-client v0.9.10
Dec 01 18:32:45.300 INFO [stderr]    Compiling wayland-protocols v0.9.10
Dec 01 18:32:45.300 INFO [stderr]    Compiling wayland-kbd v0.9.1
Dec 01 18:32:48.515 INFO [stderr]    Compiling wayland-window v0.8.0
Dec 01 18:32:49.497 INFO [stderr]    Compiling winit v0.8.3
Dec 01 18:32:55.383 INFO [stderr]    Compiling gfx v0.16.3
Dec 01 18:32:55.383 INFO [stderr]    Compiling gfx_device_gl v0.14.6
Dec 01 18:33:06.493 INFO [stderr]    Compiling pistoncore-glutin_window v0.43.0
Dec 01 18:33:15.491 INFO [stderr]    Compiling piston-gfx_texture v0.30.0
Dec 01 18:33:18.211 INFO [stderr]    Compiling piston2d-gfx_graphics v0.47.0
Dec 01 18:33:22.967 INFO [stderr]    Compiling piston_window v0.74.0
Dec 01 18:33:26.887 INFO [stderr]    Compiling tetris_clone v0.1.0 (/source)
Dec 01 18:33:30.801 INFO [stderr] error[E0554]: #![feature] may not be used on the stable release channel
Dec 01 18:33:30.801 INFO [stderr]  --> src/main.rs:1:1
Dec 01 18:33:30.801 INFO [stderr]   |
Dec 01 18:33:30.801 INFO [stderr] 1 | #![feature(universal_impl_trait)]
Dec 01 18:33:30.801 INFO [stderr]   | ^^^^^^^^^^^^^^^^^^^^^^^^^^^^^^^^^
Dec 01 18:33:30.801 INFO [stderr] 
Dec 01 18:33:30.801 INFO [stderr] error[E0554]: #![feature] may not be used on the stable release channel
Dec 01 18:33:30.801 INFO [stderr]  --> src/main.rs:2:1
Dec 01 18:33:30.801 INFO [stderr]   |
Dec 01 18:33:30.801 INFO [stderr] 2 | #![feature(conservative_impl_trait)]
Dec 01 18:33:30.801 INFO [stderr]   | ^^^^^^^^^^^^^^^^^^^^^^^^^^^^^^^^^^^^
Dec 01 18:33:30.801 INFO [stderr] 
Dec 01 18:33:30.804 INFO [stderr] error[E0554]: #![feature] may not be used on the stable release channel
Dec 01 18:33:30.804 INFO [stderr]  --> src/main.rs:3:1
Dec 01 18:33:30.804 INFO [stderr]   |
Dec 01 18:33:30.804 INFO [stderr] 3 | #![feature(nll)]
Dec 01 18:33:30.804 INFO [stderr]   | ^^^^^^^^^^^^^^^^
Dec 01 18:33:30.804 INFO [stderr] 
Dec 01 18:33:30.805 INFO [stderr] error: aborting due to 3 previous errors
Dec 01 18:33:30.805 INFO [stderr] 
Dec 01 18:33:30.805 INFO [stderr] For more information about this error, try `rustc --explain E0554`.
Dec 01 18:33:30.830 INFO [stderr] error: Could not compile `tetris_clone`.
Dec 01 18:33:30.830 INFO [stderr] 
Dec 01 18:33:30.830 INFO [stderr] To learn more, run the command again with --verbose.
Dec 01 18:33:30.831 INFO [stderr] su: No module specific data is present
Dec 01 18:33:31.805 INFO running `"docker" "inspect" "4e4a7ce45791555330f78589afa7db759f4cf4cf193d6a75c6baa1d8205e7b36"`
Dec 01 18:33:32.049 INFO running `"docker" "rm" "-f" "4e4a7ce45791555330f78589afa7db759f4cf4cf193d6a75c6baa1d8205e7b36"`
Dec 01 18:33:32.347 INFO [stdout] 4e4a7ce45791555330f78589afa7db759f4cf4cf193d6a75c6baa1d8205e7b36
