Dec 01 18:33:28.142 INFO testing eignnx/lisp-for-cats against 1.30.1 for beta-1.31-5
Dec 01 18:33:28.142 INFO running `"docker" "create" "-v" "/mnt/big/crater/work/local/target-dirs/beta-1.31-5/worker-2/1.30.1:/target:rw,Z" "-v" "/mnt/big/crater/work/local/test-source/worker-2/beta-1.31-5/1.30.1:/source:ro,Z" "-v" "/mnt/big/crater/work/local/cargo-home:/cargo-home:ro,Z" "-v" "/mnt/big/crater/work/local/rustup-home:/rustup-home:ro,Z" "-e" "USER_ID=1000" "-e" "SOURCE_DIR=/source" "-e" "USER_ID=1000" "-e" "CMD=cargo +1.30.1 build --frozen" "-e" "CARGO_TARGET_DIR=/target" "-e" "CARGO_INCREMENTAL=0" "-e" "RUST_BACKTRACE=full" "-e" "RUSTFLAGS=--cap-lints=warn" "-e" "CARGO_HOME=/cargo-home" "-e" "RUSTUP_HOME=/rustup-home" "-m" "1536M" "--network" "none" "crater"`
Dec 01 18:33:28.532 INFO [stdout] 86697aa7ca0816be5e5f8bfaa245e057f49be93362e1134c0197758c69366554
Dec 01 18:33:28.535 INFO running `"docker" "start" "-a" "86697aa7ca0816be5e5f8bfaa245e057f49be93362e1134c0197758c69366554"`
Dec 01 18:33:29.627 INFO [stderr] usermod: no changes
Dec 01 18:33:29.856 INFO [stderr]    Compiling fixedbitset v0.1.9
Dec 01 18:33:29.875 INFO [stderr]    Compiling precomputed-hash v0.1.1
Dec 01 18:33:29.883 INFO [stderr]    Compiling ordermap v0.3.5
Dec 01 18:33:29.883 INFO [stderr]    Compiling ena v0.5.0
Dec 01 18:33:29.883 INFO [stderr]    Compiling lalrpop-util v0.15.2
Dec 01 18:33:29.883 INFO [stderr]    Compiling diff v0.1.11
Dec 01 18:33:29.883 INFO [stderr]    Compiling arrayref v0.3.4
Dec 01 18:33:29.883 INFO [stderr]    Compiling strsim v0.6.0
Dec 01 18:33:30.389 INFO [stderr]    Compiling gmp-mpfr-sys v1.1.6
Dec 01 18:33:31.679 INFO [stderr]    Compiling rug v1.2.0
Dec 01 18:33:33.916 INFO [stderr]    Compiling memchr v2.0.1
Dec 01 18:33:33.991 INFO [stderr]    Compiling ascii-canvas v1.0.0
Dec 01 18:33:33.991 INFO [stderr]    Compiling itertools v0.7.8
Dec 01 18:33:33.995 INFO [stderr]    Compiling block-buffer v0.3.3
Dec 01 18:33:33.995 INFO [stderr]    Compiling petgraph v0.4.12
Dec 01 18:33:34.027 INFO [stderr]    Compiling thread_local v0.3.5
Dec 01 18:33:34.866 INFO [stderr]    Compiling new_debug_unreachable v1.0.1
Dec 01 18:33:34.883 INFO [stderr]    Compiling serde v1.0.68
Dec 01 18:33:35.623 INFO [stderr]    Compiling serde_derive v1.0.68
Dec 01 18:33:35.663 INFO [stderr]    Compiling atty v0.1.2
Dec 01 18:33:38.959 INFO [stderr]    Compiling digest v0.7.4
Dec 01 18:33:38.991 INFO [stderr]    Compiling aho-corasick v0.6.5
Dec 01 18:33:39.815 INFO [stderr] error[E0034]: multiple applicable items in scope
Dec 01 18:33:39.815 INFO [stderr]     --> /cargo-home/registry/src/github.com-1ecc6299db9ec823/petgraph-0.4.12/src/graph_impl/stable_graph/mod.rs:1171:19
Dec 01 18:33:39.815 INFO [stderr]      |
Dec 01 18:33:39.815 INFO [stderr] 1171 |         self.iter.find_map(|(i, node)| {
Dec 01 18:33:39.815 INFO [stderr]      |                   ^^^^^^^^ multiple `find_map` found
Dec 01 18:33:39.815 INFO [stderr]      |
Dec 01 18:33:39.815 INFO [stderr] note: candidate #1 is defined in an impl of the trait `iter_utils::IterUtilsExt` for the type `_`
Dec 01 18:33:39.815 INFO [stderr]     --> /cargo-home/registry/src/github.com-1ecc6299db9ec823/petgraph-0.4.12/src/iter_utils.rs:5:5
Dec 01 18:33:39.815 INFO [stderr]      |
Dec 01 18:33:39.815 INFO [stderr] 5    | /     fn find_map<F, R>(&mut self, mut f: F) -> Option<R>
Dec 01 18:33:39.815 INFO [stderr] 6    | |         where F: FnMut(Self::Item) -> Option<R>
Dec 01 18:33:39.815 INFO [stderr] 7    | |     {
Dec 01 18:33:39.815 INFO [stderr] 8    | |         while let Some(elt) = self.next() {
Dec 01 18:33:39.815 INFO [stderr] ...    |
Dec 01 18:33:39.815 INFO [stderr] 13   | |         None
Dec 01 18:33:39.815 INFO [stderr] 14   | |     }
Dec 01 18:33:39.815 INFO [stderr]      | |_____^
Dec 01 18:33:39.815 INFO [stderr]      = note: candidate #2 is defined in an impl of the trait `std::iter::Iterator` for the type `std::iter::Enumerate<_>`
Dec 01 18:33:39.815 INFO [stderr] 
Dec 01 18:33:39.835 INFO [stderr] error[E0034]: multiple applicable items in scope
Dec 01 18:33:39.835 INFO [stderr]     --> /cargo-home/registry/src/github.com-1ecc6299db9ec823/petgraph-0.4.12/src/graph_impl/stable_graph/mod.rs:1363:19
Dec 01 18:33:39.835 INFO [stderr]      |
Dec 01 18:33:39.835 INFO [stderr] 1363 |         self.iter.find_map(|(i, edge)|
Dec 01 18:33:39.835 INFO [stderr]      |                   ^^^^^^^^ multiple `find_map` found
Dec 01 18:33:39.835 INFO [stderr]      |
Dec 01 18:33:39.835 INFO [stderr] note: candidate #1 is defined in an impl of the trait `iter_utils::IterUtilsExt` for the type `_`
Dec 01 18:33:39.835 INFO [stderr]     --> /cargo-home/registry/src/github.com-1ecc6299db9ec823/petgraph-0.4.12/src/iter_utils.rs:5:5
Dec 01 18:33:39.835 INFO [stderr]      |
Dec 01 18:33:39.835 INFO [stderr] 5    | /     fn find_map<F, R>(&mut self, mut f: F) -> Option<R>
Dec 01 18:33:39.835 INFO [stderr] 6    | |         where F: FnMut(Self::Item) -> Option<R>
Dec 01 18:33:39.835 INFO [stderr] 7    | |     {
Dec 01 18:33:39.835 INFO [stderr] 8    | |         while let Some(elt) = self.next() {
Dec 01 18:33:39.835 INFO [stderr] ...    |
Dec 01 18:33:39.835 INFO [stderr] 13   | |         None
Dec 01 18:33:39.835 INFO [stderr] 14   | |     }
Dec 01 18:33:39.835 INFO [stderr]      | |_____^
Dec 01 18:33:39.835 INFO [stderr]      = note: candidate #2 is defined in an impl of the trait `std::iter::Iterator` for the type `std::iter::Enumerate<_>`
Dec 01 18:33:39.835 INFO [stderr] 
Dec 01 18:33:39.840 INFO [stderr] error[E0034]: multiple applicable items in scope
Dec 01 18:33:39.840 INFO [stderr]     --> /cargo-home/registry/src/github.com-1ecc6299db9ec823/petgraph-0.4.12/src/graph_impl/stable_graph/mod.rs:1527:19
Dec 01 18:33:39.840 INFO [stderr]      |
Dec 01 18:33:39.840 INFO [stderr] 1527 |         self.iter.find_map(|(i, node)| {
Dec 01 18:33:39.840 INFO [stderr]      |                   ^^^^^^^^ multiple `find_map` found
Dec 01 18:33:39.841 INFO [stderr]      |
Dec 01 18:33:39.841 INFO [stderr] note: candidate #1 is defined in an impl of the trait `iter_utils::IterUtilsExt` for the type `_`
Dec 01 18:33:39.841 INFO [stderr]     --> /cargo-home/registry/src/github.com-1ecc6299db9ec823/petgraph-0.4.12/src/iter_utils.rs:5:5
Dec 01 18:33:39.841 INFO [stderr]      |
Dec 01 18:33:39.841 INFO [stderr] 5    | /     fn find_map<F, R>(&mut self, mut f: F) -> Option<R>
Dec 01 18:33:39.841 INFO [stderr] 6    | |         where F: FnMut(Self::Item) -> Option<R>
Dec 01 18:33:39.841 INFO [stderr] 7    | |     {
Dec 01 18:33:39.841 INFO [stderr] 8    | |         while let Some(elt) = self.next() {
Dec 01 18:33:39.841 INFO [stderr] ...    |
Dec 01 18:33:39.841 INFO [stderr] 13   | |         None
Dec 01 18:33:39.841 INFO [stderr] 14   | |     }
Dec 01 18:33:39.841 INFO [stderr]      | |_____^
Dec 01 18:33:39.841 INFO [stderr]      = note: candidate #2 is defined in an impl of the trait `std::iter::Iterator` for the type `std::iter::Enumerate<_>`
Dec 01 18:33:39.842 INFO [stderr] 
Dec 01 18:33:39.846 INFO [stderr] error[E0034]: multiple applicable items in scope
Dec 01 18:33:39.846 INFO [stderr]     --> /cargo-home/registry/src/github.com-1ecc6299db9ec823/petgraph-0.4.12/src/graph_impl/stable_graph/mod.rs:1573:19
Dec 01 18:33:39.846 INFO [stderr]      |
Dec 01 18:33:39.846 INFO [stderr] 1573 |         self.iter.find_map(|(i, node)| {
Dec 01 18:33:39.846 INFO [stderr]      |                   ^^^^^^^^ multiple `find_map` found
Dec 01 18:33:39.846 INFO [stderr]      |
Dec 01 18:33:39.846 INFO [stderr] note: candidate #1 is defined in an impl of the trait `iter_utils::IterUtilsExt` for the type `_`
Dec 01 18:33:39.846 INFO [stderr]     --> /cargo-home/registry/src/github.com-1ecc6299db9ec823/petgraph-0.4.12/src/iter_utils.rs:5:5
Dec 01 18:33:39.846 INFO [stderr]      |
Dec 01 18:33:39.846 INFO [stderr] 5    | /     fn find_map<F, R>(&mut self, mut f: F) -> Option<R>
Dec 01 18:33:39.846 INFO [stderr] 6    | |         where F: FnMut(Self::Item) -> Option<R>
Dec 01 18:33:39.846 INFO [stderr] 7    | |     {
Dec 01 18:33:39.846 INFO [stderr] 8    | |         while let Some(elt) = self.next() {
Dec 01 18:33:39.846 INFO [stderr] ...    |
Dec 01 18:33:39.846 INFO [stderr] 13   | |         None
Dec 01 18:33:39.846 INFO [stderr] 14   | |     }
Dec 01 18:33:39.846 INFO [stderr]      | |_____^
Dec 01 18:33:39.846 INFO [stderr]      = note: candidate #2 is defined in an impl of the trait `std::iter::Iterator` for the type `std::iter::Enumerate<_>`
Dec 01 18:33:39.848 INFO [stderr] 
Dec 01 18:33:40.563 INFO [stderr] error: aborting due to 4 previous errors
Dec 01 18:33:40.563 INFO [stderr] 
Dec 01 18:33:40.563 INFO [stderr] For more information about this error, try `rustc --explain E0034`.
Dec 01 18:33:40.577 INFO [stderr] error: Could not compile `petgraph`.
Dec 01 18:33:40.577 INFO [stderr] warning: build failed, waiting for other jobs to finish...
Dec 01 18:37:34.238 INFO [stderr] error: build failed
Dec 01 18:37:34.240 INFO [stderr] su: No module specific data is present
Dec 01 18:37:35.153 INFO running `"docker" "inspect" "86697aa7ca0816be5e5f8bfaa245e057f49be93362e1134c0197758c69366554"`
Dec 01 18:37:35.477 INFO running `"docker" "rm" "-f" "86697aa7ca0816be5e5f8bfaa245e057f49be93362e1134c0197758c69366554"`
Dec 01 18:37:35.803 INFO [stdout] 86697aa7ca0816be5e5f8bfaa245e057f49be93362e1134c0197758c69366554
