Dec 01 18:36:07.400 INFO testing eeeeeta/f24-telemetry-server against 1.30.1 for beta-1.31-5
Dec 01 18:36:07.400 INFO running `"docker" "create" "-v" "/mnt/big/crater/work/local/target-dirs/beta-1.31-5/worker-1/1.30.1:/target:rw,Z" "-v" "/mnt/big/crater/work/local/test-source/worker-1/beta-1.31-5/1.30.1:/source:ro,Z" "-v" "/mnt/big/crater/work/local/cargo-home:/cargo-home:ro,Z" "-v" "/mnt/big/crater/work/local/rustup-home:/rustup-home:ro,Z" "-e" "USER_ID=1000" "-e" "SOURCE_DIR=/source" "-e" "USER_ID=1000" "-e" "CMD=cargo +1.30.1 build --frozen" "-e" "CARGO_TARGET_DIR=/target" "-e" "CARGO_INCREMENTAL=0" "-e" "RUST_BACKTRACE=full" "-e" "RUSTFLAGS=--cap-lints=warn" "-e" "CARGO_HOME=/cargo-home" "-e" "RUSTUP_HOME=/rustup-home" "-m" "1536M" "--network" "none" "crater"`
Dec 01 18:36:07.756 INFO [stdout] 7a429f0d733f9abc6522e9249a5a360d2266b85156f6437a1774c27f7c8555fd
Dec 01 18:36:07.771 INFO running `"docker" "start" "-a" "7a429f0d733f9abc6522e9249a5a360d2266b85156f6437a1774c27f7c8555fd"`
Dec 01 18:36:08.563 INFO [stderr] usermod: no changes
Dec 01 18:36:08.876 INFO [stderr]    Compiling pear_codegen v0.0.20
Dec 01 18:36:08.879 INFO [stderr]    Compiling rocket v0.3.16
Dec 01 18:36:08.879 INFO [stderr]    Compiling rocket_codegen v0.3.16
Dec 01 18:36:08.887 INFO [stderr]    Compiling r2d2 v0.8.2
Dec 01 18:36:08.902 INFO [stderr]    Compiling serde_json v1.0.30
Dec 01 18:36:08.903 INFO [stderr]    Compiling aho-corasick v0.6.8
Dec 01 18:36:08.903 INFO [stderr]    Compiling hyper v0.10.13
Dec 01 18:36:08.903 INFO [stderr]    Compiling chrono v0.4.6
Dec 01 18:36:09.395 INFO [stderr] error: failed to run custom build command for `rocket v0.3.16`
Dec 01 18:36:09.395 INFO [stderr] process didn't exit successfully: `/target/debug/build/rocket-bcbee0d5fec66498/build-script-build` (exit code: 101)
Dec 01 18:36:09.395 INFO [stderr] --- stderr
Dec 01 18:36:09.395 INFO [stderr] [1;31mError:[0m [37mRocket requires a nightly or dev version of Rust.[0m
Dec 01 18:36:09.395 INFO [stderr] [37mInstalled version is:[0m [33m1.30.1 (2018-11-07)[0m. [37mMinimum required:[0m [33m1.27.0-nightly (2018-04-26)[0m.
Dec 01 18:36:09.395 INFO [stderr] [34mSee the getting started guide ([0m[37mhttps://rocket.rs/guide/getting-started/[0m[34m) for more information.[0m
Dec 01 18:36:09.395 INFO [stderr] thread 'main' panicked at 'Aborting compilation due to incompatible compiler.', /cargo-home/registry/src/github.com-1ecc6299db9ec823/rocket-0.3.16/build.rs:38:13
Dec 01 18:36:09.395 INFO [stderr] stack backtrace:
Dec 01 18:36:09.395 INFO [stderr]    0:     0x564d3000a76e - std::sys::unix::backtrace::tracing::imp::unwind_backtrace::h15749a98198ba25f
Dec 01 18:36:09.395 INFO [stderr]                                at libstd/sys/unix/backtrace/tracing/gcc_s.rs:49
Dec 01 18:36:09.395 INFO [stderr]    1:     0x564d2fffbcf6 - std::sys_common::backtrace::print::h0ba65c811294dbf0
Dec 01 18:36:09.395 INFO [stderr]                                at libstd/sys_common/backtrace.rs:71
Dec 01 18:36:09.395 INFO [stderr]                                at libstd/sys_common/backtrace.rs:59
Dec 01 18:36:09.395 INFO [stderr]    2:     0x564d2fffa63d - std::panicking::default_hook::{{closure}}::h42bb31757f0fee64
Dec 01 18:36:09.395 INFO [stderr]                                at libstd/panicking.rs:211
Dec 01 18:36:09.395 INFO [stderr]    3:     0x564d2fffa3b0 - std::panicking::default_hook::hebc8848d7aa7dbd9
Dec 01 18:36:09.395 INFO [stderr]                                at libstd/panicking.rs:227
Dec 01 18:36:09.395 INFO [stderr]    4:     0x564d2fffac3c - std::panicking::rust_panic_with_hook::h86e619a638415243
Dec 01 18:36:09.395 INFO [stderr]                                at libstd/panicking.rs:477
Dec 01 18:36:09.395 INFO [stderr]    5:     0x564d2ffddc4f - std::panicking::begin_panic::h0b867c9f22c8e794
Dec 01 18:36:09.395 INFO [stderr]                                at libstd/panicking.rs:411
Dec 01 18:36:09.395 INFO [stderr]    6:     0x564d2ffdbd93 - build_script_build::main::h9b94716e8e64de42
Dec 01 18:36:09.395 INFO [stderr]                                at /cargo-home/registry/src/github.com-1ecc6299db9ec823/rocket-0.3.16/build.rs:38
Dec 01 18:36:09.395 INFO [stderr]    7:     0x564d2ffde53f - std::rt::lang_start::{{closure}}::hf8cc24f5cfd4f0c9
Dec 01 18:36:09.395 INFO [stderr]                                at libstd/rt.rs:74
Dec 01 18:36:09.395 INFO [stderr]    8:     0x564d2fffa6e2 - std::panicking::try::do_call::h47665672c57b11e4
Dec 01 18:36:09.395 INFO [stderr]                                at libstd/rt.rs:59
Dec 01 18:36:09.395 INFO [stderr]                                at libstd/panicking.rs:310
Dec 01 18:36:09.395 INFO [stderr]    9:     0x564d3001b699 - __rust_maybe_catch_panic
Dec 01 18:36:09.395 INFO [stderr]                                at libpanic_unwind/lib.rs:103
Dec 01 18:36:09.395 INFO [stderr]   10:     0x564d30005765 - std::rt::lang_start_internal::had9505969b8e20a2
Dec 01 18:36:09.395 INFO [stderr]                                at libstd/panicking.rs:289
Dec 01 18:36:09.395 INFO [stderr]                                at libstd/panic.rs:392
Dec 01 18:36:09.395 INFO [stderr]                                at libstd/rt.rs:58
Dec 01 18:36:09.395 INFO [stderr]   11:     0x564d2ffde517 - std::rt::lang_start::h1ff043a55495e1a7
Dec 01 18:36:09.395 INFO [stderr]                                at libstd/rt.rs:74
Dec 01 18:36:09.395 INFO [stderr]   12:     0x564d2ffdcc39 - main
Dec 01 18:36:09.395 INFO [stderr]   13:     0x7fc2cc51182f - __libc_start_main
Dec 01 18:36:09.395 INFO [stderr]   14:     0x564d2ffdb448 - _start
Dec 01 18:36:09.395 INFO [stderr]   15:                0x0 - <unknown>
Dec 01 18:36:09.395 INFO [stderr] 
Dec 01 18:36:09.395 INFO [stderr] warning: build failed, waiting for other jobs to finish...
Dec 01 18:36:09.410 INFO [stderr] error: failed to run custom build command for `pear_codegen v0.0.20`
Dec 01 18:36:09.410 INFO [stderr] process didn't exit successfully: `/target/debug/build/pear_codegen-df86f9f8daca6fae/build-script-build` (exit code: 101)
Dec 01 18:36:09.410 INFO [stderr] --- stderr
Dec 01 18:36:09.410 INFO [stderr] [1;31mError:[0m [37mPear requires a nightly or dev version of Rust.[0m
Dec 01 18:36:09.410 INFO [stderr] [37mInstalled version is:[0m [33m1.30.1 (2018-11-07)[0m. [37mMinimum required:[0m [33m1.30.0-nightly (2018-08-23)[0m.
Dec 01 18:36:09.410 INFO [stderr] thread 'main' panicked at 'Aborting compilation due to incompatible compiler.', /cargo-home/registry/src/github.com-1ecc6299db9ec823/pear_codegen-0.0.20/build.rs:31:13
Dec 01 18:36:09.410 INFO [stderr] stack backtrace:
Dec 01 18:36:09.410 INFO [stderr]    0:     0x55e7a006253e - std::sys::unix::backtrace::tracing::imp::unwind_backtrace::h15749a98198ba25f
Dec 01 18:36:09.410 INFO [stderr]                                at libstd/sys/unix/backtrace/tracing/gcc_s.rs:49
Dec 01 18:36:09.410 INFO [stderr]    1:     0x55e7a0053ac6 - std::sys_common::backtrace::print::h0ba65c811294dbf0
Dec 01 18:36:09.410 INFO [stderr]                                at libstd/sys_common/backtrace.rs:71
Dec 01 18:36:09.410 INFO [stderr]                                at libstd/sys_common/backtrace.rs:59
Dec 01 18:36:09.410 INFO [stderr]    2:     0x55e7a005240d - std::panicking::default_hook::{{closure}}::h42bb31757f0fee64
Dec 01 18:36:09.410 INFO [stderr]                                at libstd/panicking.rs:211
Dec 01 18:36:09.410 INFO [stderr]    3:     0x55e7a0052180 - std::panicking::default_hook::hebc8848d7aa7dbd9
Dec 01 18:36:09.410 INFO [stderr]                                at libstd/panicking.rs:227
Dec 01 18:36:09.410 INFO [stderr]    4:     0x55e7a0052a0c - std::panicking::rust_panic_with_hook::h86e619a638415243
Dec 01 18:36:09.410 INFO [stderr]                                at libstd/panicking.rs:477
Dec 01 18:36:09.410 INFO [stderr]    5:     0x55e7a0035a1f - std::panicking::begin_panic::hff0b0938de69e946
Dec 01 18:36:09.410 INFO [stderr]                                at libstd/panicking.rs:411
Dec 01 18:36:09.410 INFO [stderr]    6:     0x55e7a0033b5a - build_script_build::main::h3208cb5374859f64
Dec 01 18:36:09.410 INFO [stderr]                                at /cargo-home/registry/src/github.com-1ecc6299db9ec823/pear_codegen-0.0.20/build.rs:31
Dec 01 18:36:09.410 INFO [stderr]    7:     0x55e7a003630f - std::rt::lang_start::{{closure}}::he88afd07f648b684
Dec 01 18:36:09.410 INFO [stderr]                                at libstd/rt.rs:74
Dec 01 18:36:09.410 INFO [stderr]    8:     0x55e7a00524b2 - std::panicking::try::do_call::h47665672c57b11e4
Dec 01 18:36:09.410 INFO [stderr]                                at libstd/rt.rs:59
Dec 01 18:36:09.410 INFO [stderr]                                at libstd/panicking.rs:310
Dec 01 18:36:09.410 INFO [stderr]    9:     0x55e7a0073469 - __rust_maybe_catch_panic
Dec 01 18:36:09.410 INFO [stderr]                                at libpanic_unwind/lib.rs:103
Dec 01 18:36:09.410 INFO [stderr]   10:     0x55e7a005d535 - std::rt::lang_start_internal::had9505969b8e20a2
Dec 01 18:36:09.410 INFO [stderr]                                at libstd/panicking.rs:289
Dec 01 18:36:09.410 INFO [stderr]                                at libstd/panic.rs:392
Dec 01 18:36:09.410 INFO [stderr]                                at libstd/rt.rs:58
Dec 01 18:36:09.410 INFO [stderr]   11:     0x55e7a00362e7 - std::rt::lang_start::ha0952dc06a311b9d
Dec 01 18:36:09.410 INFO [stderr]                                at libstd/rt.rs:74
Dec 01 18:36:09.410 INFO [stderr]   12:     0x55e7a0034a09 - main
Dec 01 18:36:09.410 INFO [stderr]   13:     0x7f43dce3982f - __libc_start_main
Dec 01 18:36:09.410 INFO [stderr]   14:     0x55e7a0033448 - _start
Dec 01 18:36:09.410 INFO [stderr]   15:                0x0 - <unknown>
Dec 01 18:36:09.410 INFO [stderr] 
Dec 01 18:36:09.410 INFO [stderr] warning: build failed, waiting for other jobs to finish...
Dec 01 18:36:09.471 INFO [stderr] error: failed to run custom build command for `rocket_codegen v0.3.16`
Dec 01 18:36:09.471 INFO [stderr] process didn't exit successfully: `/target/debug/build/rocket_codegen-ce735835c26a03bf/build-script-build` (exit code: 101)
Dec 01 18:36:09.471 INFO [stderr] --- stderr
Dec 01 18:36:09.471 INFO [stderr] [1;31mError:[0m [37mRocket requires a nightly or dev version of Rust.[0m
Dec 01 18:36:09.471 INFO [stderr] [37mInstalled version is:[0m [33m1.30.1 (2018-11-07)[0m. [37mMinimum required:[0m [33m1.30.0-nightly (2018-08-23)[0m.
Dec 01 18:36:09.471 INFO [stderr] [34mSee the getting started guide ([0m[37mhttps://rocket.rs/guide/getting-started/[0m[34m) for more information.[0m
Dec 01 18:36:09.471 INFO [stderr] thread 'main' panicked at 'Aborting compilation due to incompatible compiler.', /cargo-home/registry/src/github.com-1ecc6299db9ec823/rocket_codegen-0.3.16/build.rs:38:17
Dec 01 18:36:09.471 INFO [stderr] stack backtrace:
Dec 01 18:36:09.471 INFO [stderr]    0:     0x55560485175e - std::sys::unix::backtrace::tracing::imp::unwind_backtrace::h15749a98198ba25f
Dec 01 18:36:09.471 INFO [stderr]                                at libstd/sys/unix/backtrace/tracing/gcc_s.rs:49
Dec 01 18:36:09.471 INFO [stderr]    1:     0x555604842ce6 - std::sys_common::backtrace::print::h0ba65c811294dbf0
Dec 01 18:36:09.471 INFO [stderr]                                at libstd/sys_common/backtrace.rs:71
Dec 01 18:36:09.471 INFO [stderr]                                at libstd/sys_common/backtrace.rs:59
Dec 01 18:36:09.471 INFO [stderr]    2:     0x55560484162d - std::panicking::default_hook::{{closure}}::h42bb31757f0fee64
Dec 01 18:36:09.471 INFO [stderr]                                at libstd/panicking.rs:211
Dec 01 18:36:09.471 INFO [stderr]    3:     0x5556048413a0 - std::panicking::default_hook::hebc8848d7aa7dbd9
Dec 01 18:36:09.471 INFO [stderr]                                at libstd/panicking.rs:227
Dec 01 18:36:09.471 INFO [stderr]    4:     0x555604841c2c - std::panicking::rust_panic_with_hook::h86e619a638415243
Dec 01 18:36:09.471 INFO [stderr]                                at libstd/panicking.rs:477
Dec 01 18:36:09.471 INFO [stderr]    5:     0x555604824c3f - std::panicking::begin_panic::h70fe62544d7789bd
Dec 01 18:36:09.471 INFO [stderr]                                at libstd/panicking.rs:411
Dec 01 18:36:09.471 INFO [stderr]    6:     0x555604822d92 - build_script_build::main::h78183c20e7114b55
Dec 01 18:36:09.471 INFO [stderr]                                at /cargo-home/registry/src/github.com-1ecc6299db9ec823/rocket_codegen-0.3.16/build.rs:38
Dec 01 18:36:09.471 INFO [stderr]    7:     0x55560482552f - std::rt::lang_start::{{closure}}::hcb5196c1a6176722
Dec 01 18:36:09.471 INFO [stderr]                                at libstd/rt.rs:74
Dec 01 18:36:09.471 INFO [stderr]    8:     0x5556048416d2 - std::panicking::try::do_call::h47665672c57b11e4
Dec 01 18:36:09.471 INFO [stderr]                                at libstd/rt.rs:59
Dec 01 18:36:09.471 INFO [stderr]                                at libstd/panicking.rs:310
Dec 01 18:36:09.471 INFO [stderr]    9:     0x555604862689 - __rust_maybe_catch_panic
Dec 01 18:36:09.471 INFO [stderr]                                at libpanic_unwind/lib.rs:103
Dec 01 18:36:09.471 INFO [stderr]   10:     0x55560484c755 - std::rt::lang_start_internal::had9505969b8e20a2
Dec 01 18:36:09.471 INFO [stderr]                                at libstd/panicking.rs:289
Dec 01 18:36:09.471 INFO [stderr]                                at libstd/panic.rs:392
Dec 01 18:36:09.471 INFO [stderr]                                at libstd/rt.rs:58
Dec 01 18:36:09.471 INFO [stderr]   11:     0x555604825507 - std::rt::lang_start::hd484553145e8e743
Dec 01 18:36:09.471 INFO [stderr]                                at libstd/rt.rs:74
Dec 01 18:36:09.471 INFO [stderr]   12:     0x555604823c29 - main
Dec 01 18:36:09.471 INFO [stderr]   13:     0x7f31457c282f - __libc_start_main
Dec 01 18:36:09.471 INFO [stderr]   14:     0x555604822448 - _start
Dec 01 18:36:09.471 INFO [stderr]   15:                0x0 - <unknown>
Dec 01 18:36:09.471 INFO [stderr] 
Dec 01 18:36:09.471 INFO [stderr] warning: build failed, waiting for other jobs to finish...
Dec 01 18:36:25.615 INFO [stderr] error: build failed
Dec 01 18:36:25.620 INFO [stderr] su: No module specific data is present
Dec 01 18:36:26.883 INFO running `"docker" "inspect" "7a429f0d733f9abc6522e9249a5a360d2266b85156f6437a1774c27f7c8555fd"`
Dec 01 18:36:27.203 INFO running `"docker" "rm" "-f" "7a429f0d733f9abc6522e9249a5a360d2266b85156f6437a1774c27f7c8555fd"`
Dec 01 18:36:27.567 INFO [stdout] 7a429f0d733f9abc6522e9249a5a360d2266b85156f6437a1774c27f7c8555fd
