Dec 01 20:40:06.912 INFO testing cwhakes/cwh-basic against 1.30.1 for beta-1.31-5
Dec 01 20:40:06.912 INFO running `"docker" "create" "-v" "/mnt/big/crater/work/local/target-dirs/beta-1.31-5/worker-0/1.30.1:/target:rw,Z" "-v" "/mnt/big/crater/work/local/test-source/worker-0/beta-1.31-5/1.30.1:/source:ro,Z" "-v" "/mnt/big/crater/work/local/cargo-home:/cargo-home:ro,Z" "-v" "/mnt/big/crater/work/local/rustup-home:/rustup-home:ro,Z" "-e" "USER_ID=1000" "-e" "SOURCE_DIR=/source" "-e" "USER_ID=1000" "-e" "CMD=cargo +1.30.1 build --frozen" "-e" "CARGO_TARGET_DIR=/target" "-e" "CARGO_INCREMENTAL=0" "-e" "RUST_BACKTRACE=full" "-e" "RUSTFLAGS=--cap-lints=warn" "-e" "CARGO_HOME=/cargo-home" "-e" "RUSTUP_HOME=/rustup-home" "-m" "1536M" "--network" "none" "crater"`
Dec 01 20:40:07.166 INFO [stdout] 2403ae674bd96a56071a894b5a00a6e86818cd1200aff61661c8f4144de1d430
Dec 01 20:40:07.169 INFO running `"docker" "start" "-a" "2403ae674bd96a56071a894b5a00a6e86818cd1200aff61661c8f4144de1d430"`
Dec 01 20:40:07.697 INFO [stderr] usermod: no changes
Dec 01 20:40:08.029 INFO [stderr]    Compiling semver-parser v0.7.0
Dec 01 20:40:08.035 INFO [stderr]    Compiling libc v0.2.43
Dec 01 20:40:08.039 INFO [stderr]    Compiling httparse v1.3.3
Dec 01 20:40:08.039 INFO [stderr]    Compiling ucd-trie v0.1.1
Dec 01 20:40:08.056 INFO [stderr]    Compiling maplit v1.0.1
Dec 01 20:40:08.058 INFO [stderr]    Compiling ryu v0.2.7
Dec 01 20:40:08.060 INFO [stderr]    Compiling regex v1.0.6
Dec 01 20:40:08.062 INFO [stderr]    Compiling proc-macro2 v0.4.21
Dec 01 20:40:08.317 INFO [stderr]    Compiling unicase v1.4.2
Dec 01 20:40:10.655 INFO [stderr]    Compiling memchr v2.1.1
Dec 01 20:40:13.819 INFO [stderr]    Compiling pest v2.0.2
Dec 01 20:40:13.819 INFO [stderr]    Compiling pear_codegen v0.1.0
Dec 01 20:40:13.827 INFO [stderr]    Compiling rocket_codegen v0.4.0-rc.1
Dec 01 20:40:13.839 INFO [stderr]    Compiling rocket v0.4.0-rc.1
Dec 01 20:40:13.927 INFO [stderr]    Compiling ring v0.13.3
Dec 01 20:40:14.119 INFO [stderr] error: failed to run custom build command for `rocket v0.4.0-rc.1`
Dec 01 20:40:14.119 INFO [stderr] process didn't exit successfully: `/target/debug/build/rocket-4ef3d0ea8ca3684e/build-script-build` (exit code: 101)
Dec 01 20:40:14.119 INFO [stderr] --- stderr
Dec 01 20:40:14.119 INFO [stderr] [1;31mError:[0m [37mRocket requires a nightly or dev version of Rust.[0m
Dec 01 20:40:14.119 INFO [stderr] [37mInstalled version is:[0m [33m1.30.1 (2018-11-07)[0m. [37mMinimum required:[0m [33m1.31.0-nightly (2018-10-05)[0m.
Dec 01 20:40:14.119 INFO [stderr] [34mSee the getting started guide ([0m[37mhttps://rocket.rs/v0.4/guide/getting-started/[0m[34m) for more information.[0m
Dec 01 20:40:14.119 INFO [stderr] thread 'main' panicked at 'Aborting compilation due to incompatible compiler.', /cargo-home/registry/src/github.com-1ecc6299db9ec823/rocket-0.4.0-rc.1/build.rs:38:13
Dec 01 20:40:14.119 INFO [stderr] stack backtrace:
Dec 01 20:40:14.119 INFO [stderr]    0:     0x558799b1276e - std::sys::unix::backtrace::tracing::imp::unwind_backtrace::h15749a98198ba25f
Dec 01 20:40:14.119 INFO [stderr]                                at libstd/sys/unix/backtrace/tracing/gcc_s.rs:49
Dec 01 20:40:14.119 INFO [stderr]    1:     0x558799b03cf6 - std::sys_common::backtrace::print::h0ba65c811294dbf0
Dec 01 20:40:14.119 INFO [stderr]                                at libstd/sys_common/backtrace.rs:71
Dec 01 20:40:14.119 INFO [stderr]                                at libstd/sys_common/backtrace.rs:59
Dec 01 20:40:14.119 INFO [stderr]    2:     0x558799b0263d - std::panicking::default_hook::{{closure}}::h42bb31757f0fee64
Dec 01 20:40:14.119 INFO [stderr]                                at libstd/panicking.rs:211
Dec 01 20:40:14.119 INFO [stderr]    3:     0x558799b023b0 - std::panicking::default_hook::hebc8848d7aa7dbd9
Dec 01 20:40:14.119 INFO [stderr]                                at libstd/panicking.rs:227
Dec 01 20:40:14.119 INFO [stderr]    4:     0x558799b02c3c - std::panicking::rust_panic_with_hook::h86e619a638415243
Dec 01 20:40:14.119 INFO [stderr]                                at libstd/panicking.rs:477
Dec 01 20:40:14.119 INFO [stderr]    5:     0x558799ae5c4f - std::panicking::begin_panic::hbeb32d5c5466c97c
Dec 01 20:40:14.119 INFO [stderr]                                at libstd/panicking.rs:411
Dec 01 20:40:14.119 INFO [stderr]    6:     0x558799ae3d93 - build_script_build::main::ha7f00ddb882383c5
Dec 01 20:40:14.119 INFO [stderr]                                at /cargo-home/registry/src/github.com-1ecc6299db9ec823/rocket-0.4.0-rc.1/build.rs:38
Dec 01 20:40:14.119 INFO [stderr]    7:     0x558799ae653f - std::rt::lang_start::{{closure}}::hce7f43361c5ccc29
Dec 01 20:40:14.119 INFO [stderr]                                at libstd/rt.rs:74
Dec 01 20:40:14.119 INFO [stderr]    8:     0x558799b026e2 - std::panicking::try::do_call::h47665672c57b11e4
Dec 01 20:40:14.119 INFO [stderr]                                at libstd/rt.rs:59
Dec 01 20:40:14.119 INFO [stderr]                                at libstd/panicking.rs:310
Dec 01 20:40:14.120 INFO [stderr]    9:     0x558799b23699 - __rust_maybe_catch_panic
Dec 01 20:40:14.120 INFO [stderr]                                at libpanic_unwind/lib.rs:103
Dec 01 20:40:14.120 INFO [stderr]   10:     0x558799b0d765 - std::rt::lang_start_internal::had9505969b8e20a2
Dec 01 20:40:14.120 INFO [stderr]                                at libstd/panicking.rs:289
Dec 01 20:40:14.120 INFO [stderr]                                at libstd/panic.rs:392
Dec 01 20:40:14.120 INFO [stderr]                                at libstd/rt.rs:58
Dec 01 20:40:14.120 INFO [stderr]   11:     0x558799ae6517 - std::rt::lang_start::h2628c6095f2c2016
Dec 01 20:40:14.120 INFO [stderr]                                at libstd/rt.rs:74
Dec 01 20:40:14.120 INFO [stderr]   12:     0x558799ae4c39 - main
Dec 01 20:40:14.120 INFO [stderr]   13:     0x7f46da69b82f - __libc_start_main
Dec 01 20:40:14.120 INFO [stderr]   14:     0x558799ae3448 - _start
Dec 01 20:40:14.120 INFO [stderr]   15:                0x0 - <unknown>
Dec 01 20:40:14.120 INFO [stderr] 
Dec 01 20:40:14.120 INFO [stderr] warning: build failed, waiting for other jobs to finish...
Dec 01 20:40:14.132 INFO [stderr] error: failed to run custom build command for `rocket_codegen v0.4.0-rc.1`
Dec 01 20:40:14.132 INFO [stderr] process didn't exit successfully: `/target/debug/build/rocket_codegen-b3766e60f856b7c7/build-script-build` (exit code: 101)
Dec 01 20:40:14.132 INFO [stderr] --- stderr
Dec 01 20:40:14.132 INFO [stderr] [1;31mError:[0m [37mRocket requires a nightly or dev version of Rust.[0m
Dec 01 20:40:14.132 INFO [stderr] [37mInstalled version is:[0m [33m1.30.1 (2018-11-07)[0m. [37mMinimum required:[0m [33m1.31.0-nightly (2018-10-05)[0m.
Dec 01 20:40:14.132 INFO [stderr] [34mSee the getting started guide ([0m[37mhttps://rocket.rs/v0.4/guide/getting-started/[0m[34m) for more information.[0m
Dec 01 20:40:14.132 INFO [stderr] thread 'main' panicked at 'Aborting compilation due to incompatible compiler.', /cargo-home/registry/src/github.com-1ecc6299db9ec823/rocket_codegen-0.4.0-rc.1/build.rs:38:13
Dec 01 20:40:14.132 INFO [stderr] stack backtrace:
Dec 01 20:40:14.132 INFO [stderr]    0:     0x561f4cd3276e - std::sys::unix::backtrace::tracing::imp::unwind_backtrace::h15749a98198ba25f
Dec 01 20:40:14.132 INFO [stderr]                                at libstd/sys/unix/backtrace/tracing/gcc_s.rs:49
Dec 01 20:40:14.132 INFO [stderr]    1:     0x561f4cd23cf6 - std::sys_common::backtrace::print::h0ba65c811294dbf0
Dec 01 20:40:14.132 INFO [stderr]                                at libstd/sys_common/backtrace.rs:71
Dec 01 20:40:14.132 INFO [stderr]                                at libstd/sys_common/backtrace.rs:59
Dec 01 20:40:14.133 INFO [stderr]    2:     0x561f4cd2263d - std::panicking::default_hook::{{closure}}::h42bb31757f0fee64
Dec 01 20:40:14.133 INFO [stderr]                                at libstd/panicking.rs:211
Dec 01 20:40:14.133 INFO [stderr]    3:     0x561f4cd223b0 - std::panicking::default_hook::hebc8848d7aa7dbd9
Dec 01 20:40:14.133 INFO [stderr]                                at libstd/panicking.rs:227
Dec 01 20:40:14.133 INFO [stderr]    4:     0x561f4cd22c3c - std::panicking::rust_panic_with_hook::h86e619a638415243
Dec 01 20:40:14.133 INFO [stderr]                                at libstd/panicking.rs:477
Dec 01 20:40:14.133 INFO [stderr]    5:     0x561f4cd05c4f - std::panicking::begin_panic::h5300d5881ad10219
Dec 01 20:40:14.133 INFO [stderr]                                at libstd/panicking.rs:411
Dec 01 20:40:14.133 INFO [stderr]    6:     0x561f4cd03d93 - build_script_build::main::h7b18d54a3663a52a
Dec 01 20:40:14.133 INFO [stderr]                                at /cargo-home/registry/src/github.com-1ecc6299db9ec823/rocket_codegen-0.4.0-rc.1/build.rs:38
Dec 01 20:40:14.133 INFO [stderr]    7:     0x561f4cd0653f - std::rt::lang_start::{{closure}}::h62d15034588ddff6
Dec 01 20:40:14.133 INFO [stderr]                                at libstd/rt.rs:74
Dec 01 20:40:14.133 INFO [stderr]    8:     0x561f4cd226e2 - std::panicking::try::do_call::h47665672c57b11e4
Dec 01 20:40:14.133 INFO [stderr]                                at libstd/rt.rs:59
Dec 01 20:40:14.133 INFO [stderr]                                at libstd/panicking.rs:310
Dec 01 20:40:14.133 INFO [stderr]    9:     0x561f4cd43699 - __rust_maybe_catch_panic
Dec 01 20:40:14.133 INFO [stderr]                                at libpanic_unwind/lib.rs:103
Dec 01 20:40:14.133 INFO [stderr]   10:     0x561f4cd2d765 - std::rt::lang_start_internal::had9505969b8e20a2
Dec 01 20:40:14.133 INFO [stderr]                                at libstd/panicking.rs:289
Dec 01 20:40:14.133 INFO [stderr]                                at libstd/panic.rs:392
Dec 01 20:40:14.133 INFO [stderr]                                at libstd/rt.rs:58
Dec 01 20:40:14.133 INFO [stderr]   11:     0x561f4cd06517 - std::rt::lang_start::h3dd6b8226db6164a
Dec 01 20:40:14.133 INFO [stderr]                                at libstd/rt.rs:74
Dec 01 20:40:14.133 INFO [stderr]   12:     0x561f4cd04c39 - main
Dec 01 20:40:14.133 INFO [stderr]   13:     0x7f29d75ce82f - __libc_start_main
Dec 01 20:40:14.133 INFO [stderr]   14:     0x561f4cd03448 - _start
Dec 01 20:40:14.133 INFO [stderr]   15:                0x0 - <unknown>
Dec 01 20:40:14.133 INFO [stderr] 
Dec 01 20:40:14.133 INFO [stderr] warning: build failed, waiting for other jobs to finish...
Dec 01 20:40:14.171 INFO [stderr] error: failed to run custom build command for `pear_codegen v0.1.0`
Dec 01 20:40:14.171 INFO [stderr] process didn't exit successfully: `/target/debug/build/pear_codegen-9fbfa5e004b4a932/build-script-build` (exit code: 101)
Dec 01 20:40:14.171 INFO [stderr] --- stderr
Dec 01 20:40:14.171 INFO [stderr] [1;31mError:[0m [37mPear requires a nightly or dev version of Rust.[0m
Dec 01 20:40:14.171 INFO [stderr] [37mInstalled version is:[0m [33m1.30.1 (2018-11-07)[0m. [37mMinimum required:[0m [33m1.31.0-nightly (2018-10-05)[0m.
Dec 01 20:40:14.171 INFO [stderr] thread 'main' panicked at 'Aborting compilation due to incompatible compiler.', /cargo-home/registry/src/github.com-1ecc6299db9ec823/pear_codegen-0.1.0/build.rs:31:13
Dec 01 20:40:14.171 INFO [stderr] stack backtrace:
Dec 01 20:40:14.171 INFO [stderr]    0:     0x5609e22df53e - std::sys::unix::backtrace::tracing::imp::unwind_backtrace::h15749a98198ba25f
Dec 01 20:40:14.171 INFO [stderr]                                at libstd/sys/unix/backtrace/tracing/gcc_s.rs:49
Dec 01 20:40:14.171 INFO [stderr]    1:     0x5609e22d0ac6 - std::sys_common::backtrace::print::h0ba65c811294dbf0
Dec 01 20:40:14.171 INFO [stderr]                                at libstd/sys_common/backtrace.rs:71
Dec 01 20:40:14.171 INFO [stderr]                                at libstd/sys_common/backtrace.rs:59
Dec 01 20:40:14.171 INFO [stderr]    2:     0x5609e22cf40d - std::panicking::default_hook::{{closure}}::h42bb31757f0fee64
Dec 01 20:40:14.171 INFO [stderr]                                at libstd/panicking.rs:211
Dec 01 20:40:14.171 INFO [stderr]    3:     0x5609e22cf180 - std::panicking::default_hook::hebc8848d7aa7dbd9
Dec 01 20:40:14.171 INFO [stderr]                                at libstd/panicking.rs:227
Dec 01 20:40:14.171 INFO [stderr]    4:     0x5609e22cfa0c - std::panicking::rust_panic_with_hook::h86e619a638415243
Dec 01 20:40:14.171 INFO [stderr]                                at libstd/panicking.rs:477
Dec 01 20:40:14.171 INFO [stderr]    5:     0x5609e22b2a1f - std::panicking::begin_panic::he172dd14e8f08adb
Dec 01 20:40:14.171 INFO [stderr]                                at libstd/panicking.rs:411
Dec 01 20:40:14.171 INFO [stderr]    6:     0x5609e22b0b5a - build_script_build::main::h27ae057aa73817a6
Dec 01 20:40:14.171 INFO [stderr]                                at /cargo-home/registry/src/github.com-1ecc6299db9ec823/pear_codegen-0.1.0/build.rs:31
Dec 01 20:40:14.171 INFO [stderr]    7:     0x5609e22b330f - std::rt::lang_start::{{closure}}::hc83a8c21fbc76a93
Dec 01 20:40:14.171 INFO [stderr]                                at libstd/rt.rs:74
Dec 01 20:40:14.171 INFO [stderr]    8:     0x5609e22cf4b2 - std::panicking::try::do_call::h47665672c57b11e4
Dec 01 20:40:14.171 INFO [stderr]                                at libstd/rt.rs:59
Dec 01 20:40:14.171 INFO [stderr]                                at libstd/panicking.rs:310
Dec 01 20:40:14.171 INFO [stderr]    9:     0x5609e22f0469 - __rust_maybe_catch_panic
Dec 01 20:40:14.171 INFO [stderr]                                at libpanic_unwind/lib.rs:103
Dec 01 20:40:14.171 INFO [stderr]   10:     0x5609e22da535 - std::rt::lang_start_internal::had9505969b8e20a2
Dec 01 20:40:14.171 INFO [stderr]                                at libstd/panicking.rs:289
Dec 01 20:40:14.171 INFO [stderr]                                at libstd/panic.rs:392
Dec 01 20:40:14.171 INFO [stderr]                                at libstd/rt.rs:58
Dec 01 20:40:14.171 INFO [stderr]   11:     0x5609e22b32e7 - std::rt::lang_start::h2dc4fdab26609425
Dec 01 20:40:14.171 INFO [stderr]                                at libstd/rt.rs:74
Dec 01 20:40:14.171 INFO [stderr]   12:     0x5609e22b1a09 - main
Dec 01 20:40:14.171 INFO [stderr]   13:     0x7f4797a7982f - __libc_start_main
Dec 01 20:40:14.171 INFO [stderr]   14:     0x5609e22b0448 - _start
Dec 01 20:40:14.171 INFO [stderr]   15:                0x0 - <unknown>
Dec 01 20:40:14.171 INFO [stderr] 
Dec 01 20:40:14.171 INFO [stderr] warning: build failed, waiting for other jobs to finish...
Dec 01 20:40:18.729 INFO [stderr] error: build failed
Dec 01 20:40:18.729 INFO [stderr] su: No module specific data is present
Dec 01 20:40:19.244 INFO running `"docker" "inspect" "2403ae674bd96a56071a894b5a00a6e86818cd1200aff61661c8f4144de1d430"`
Dec 01 20:40:19.305 INFO running `"docker" "rm" "-f" "2403ae674bd96a56071a894b5a00a6e86818cd1200aff61661c8f4144de1d430"`
Dec 01 20:40:19.377 INFO [stdout] 2403ae674bd96a56071a894b5a00a6e86818cd1200aff61661c8f4144de1d430
