Dec 01 21:04:42.350 INFO testing cormackikkert/slot-in-smart-meter-server against 1.30.1 for beta-1.31-5
Dec 01 21:04:42.351 INFO running `"docker" "create" "-v" "/mnt/big/crater/work/local/target-dirs/beta-1.31-5/worker-2/1.30.1:/target:rw,Z" "-v" "/mnt/big/crater/work/local/test-source/worker-2/beta-1.31-5/1.30.1:/source:ro,Z" "-v" "/mnt/big/crater/work/local/cargo-home:/cargo-home:ro,Z" "-v" "/mnt/big/crater/work/local/rustup-home:/rustup-home:ro,Z" "-e" "USER_ID=1000" "-e" "SOURCE_DIR=/source" "-e" "USER_ID=1000" "-e" "CMD=cargo +1.30.1 build --frozen" "-e" "CARGO_TARGET_DIR=/target" "-e" "CARGO_INCREMENTAL=0" "-e" "RUST_BACKTRACE=full" "-e" "RUSTFLAGS=--cap-lints=warn" "-e" "CARGO_HOME=/cargo-home" "-e" "RUSTUP_HOME=/rustup-home" "-m" "1536M" "--network" "none" "crater"`
Dec 01 21:04:42.809 INFO [stdout] 24c9c15eef174225d8f39ceb0c9ce946f91f1bf36fc724a12de6cb1911cf0d69
Dec 01 21:04:42.811 INFO running `"docker" "start" "-a" "24c9c15eef174225d8f39ceb0c9ce946f91f1bf36fc724a12de6cb1911cf0d69"`
Dec 01 21:04:43.975 INFO [stderr] usermod: no changes
Dec 01 21:04:44.201 INFO [stderr]    Compiling pear_codegen v0.0.20
Dec 01 21:04:44.203 INFO [stderr]    Compiling rocket v0.3.16
Dec 01 21:04:44.203 INFO [stderr]    Compiling rocket_codegen v0.3.16
Dec 01 21:04:44.210 INFO [stderr]    Compiling toml v0.4.6
Dec 01 21:04:44.210 INFO [stderr]    Compiling serde_json v1.0.26
Dec 01 21:04:44.211 INFO [stderr]    Compiling hyper v0.10.13
Dec 01 21:04:44.211 INFO [stderr]    Compiling crossbeam-deque v0.2.0
Dec 01 21:04:44.715 INFO [stderr] error: failed to run custom build command for `pear_codegen v0.0.20`
Dec 01 21:04:44.715 INFO [stderr] process didn't exit successfully: `/target/debug/build/pear_codegen-183b5b0a0ae809b5/build-script-build` (exit code: 101)
Dec 01 21:04:44.715 INFO [stderr] --- stderr
Dec 01 21:04:44.715 INFO [stderr] [1;31mError:[0m [37mPear requires a nightly or dev version of Rust.[0m
Dec 01 21:04:44.715 INFO [stderr] [37mInstalled version is:[0m [33m1.30.1 (2018-11-07)[0m. [37mMinimum required:[0m [33m1.30.0-nightly (2018-08-23)[0m.
Dec 01 21:04:44.715 INFO [stderr] thread 'main' panicked at 'Aborting compilation due to incompatible compiler.', /cargo-home/registry/src/github.com-1ecc6299db9ec823/pear_codegen-0.0.20/build.rs:31:13
Dec 01 21:04:44.715 INFO [stderr] stack backtrace:
Dec 01 21:04:44.715 INFO [stderr]    0:     0x555e498437de - std::sys::unix::backtrace::tracing::imp::unwind_backtrace::h15749a98198ba25f
Dec 01 21:04:44.715 INFO [stderr]                                at libstd/sys/unix/backtrace/tracing/gcc_s.rs:49
Dec 01 21:04:44.715 INFO [stderr]    1:     0x555e49834d66 - std::sys_common::backtrace::print::h0ba65c811294dbf0
Dec 01 21:04:44.715 INFO [stderr]                                at libstd/sys_common/backtrace.rs:71
Dec 01 21:04:44.715 INFO [stderr]                                at libstd/sys_common/backtrace.rs:59
Dec 01 21:04:44.715 INFO [stderr]    2:     0x555e498336ad - std::panicking::default_hook::{{closure}}::h42bb31757f0fee64
Dec 01 21:04:44.715 INFO [stderr]                                at libstd/panicking.rs:211
Dec 01 21:04:44.715 INFO [stderr]    3:     0x555e49833420 - std::panicking::default_hook::hebc8848d7aa7dbd9
Dec 01 21:04:44.715 INFO [stderr]                                at libstd/panicking.rs:227
Dec 01 21:04:44.715 INFO [stderr]    4:     0x555e49833cac - std::panicking::rust_panic_with_hook::h86e619a638415243
Dec 01 21:04:44.715 INFO [stderr]                                at libstd/panicking.rs:477
Dec 01 21:04:44.715 INFO [stderr]    5:     0x555e498179ff - std::panicking::begin_panic::h65ef3ad7de42f4ad
Dec 01 21:04:44.715 INFO [stderr]                                at libstd/panicking.rs:411
Dec 01 21:04:44.715 INFO [stderr]    6:     0x555e49815b3a - build_script_build::main::h46f39c458748acff
Dec 01 21:04:44.715 INFO [stderr]                                at /cargo-home/registry/src/github.com-1ecc6299db9ec823/pear_codegen-0.0.20/build.rs:31
Dec 01 21:04:44.715 INFO [stderr]    7:     0x555e498182ef - std::rt::lang_start::{{closure}}::h104f159df20e8d81
Dec 01 21:04:44.715 INFO [stderr]                                at libstd/rt.rs:74
Dec 01 21:04:44.715 INFO [stderr]    8:     0x555e49833752 - std::panicking::try::do_call::h47665672c57b11e4
Dec 01 21:04:44.715 INFO [stderr]                                at libstd/rt.rs:59
Dec 01 21:04:44.715 INFO [stderr]                                at libstd/panicking.rs:310
Dec 01 21:04:44.715 INFO [stderr]    9:     0x555e49854709 - __rust_maybe_catch_panic
Dec 01 21:04:44.715 INFO [stderr]                                at libpanic_unwind/lib.rs:103
Dec 01 21:04:44.715 INFO [stderr]   10:     0x555e4983e7d5 - std::rt::lang_start_internal::had9505969b8e20a2
Dec 01 21:04:44.715 INFO [stderr]                                at libstd/panicking.rs:289
Dec 01 21:04:44.715 INFO [stderr]                                at libstd/panic.rs:392
Dec 01 21:04:44.715 INFO [stderr]                                at libstd/rt.rs:58
Dec 01 21:04:44.715 INFO [stderr]   11:     0x555e498182c7 - std::rt::lang_start::h6c12a89b5498f3bc
Dec 01 21:04:44.715 INFO [stderr]                                at libstd/rt.rs:74
Dec 01 21:04:44.715 INFO [stderr]   12:     0x555e498169e9 - main
Dec 01 21:04:44.715 INFO [stderr]   13:     0x7fe9d4e4382f - __libc_start_main
Dec 01 21:04:44.715 INFO [stderr]   14:     0x555e49815428 - _start
Dec 01 21:04:44.715 INFO [stderr]   15:                0x0 - <unknown>
Dec 01 21:04:44.715 INFO [stderr] 
Dec 01 21:04:44.715 INFO [stderr] warning: build failed, waiting for other jobs to finish...
Dec 01 21:04:44.783 INFO [stderr] error: failed to run custom build command for `rocket_codegen v0.3.16`
Dec 01 21:04:44.783 INFO [stderr] process didn't exit successfully: `/target/debug/build/rocket_codegen-35313927dfebcaa1/build-script-build` (exit code: 101)
Dec 01 21:04:44.783 INFO [stderr] --- stderr
Dec 01 21:04:44.783 INFO [stderr] [1;31mError:[0m [37mRocket requires a nightly or dev version of Rust.[0m
Dec 01 21:04:44.783 INFO [stderr] [37mInstalled version is:[0m [33m1.30.1 (2018-11-07)[0m. [37mMinimum required:[0m [33m1.30.0-nightly (2018-08-23)[0m.
Dec 01 21:04:44.783 INFO [stderr] [34mSee the getting started guide ([0m[37mhttps://rocket.rs/guide/getting-started/[0m[34m) for more information.[0m
Dec 01 21:04:44.783 INFO [stderr] thread 'main' panicked at 'Aborting compilation due to incompatible compiler.', /cargo-home/registry/src/github.com-1ecc6299db9ec823/rocket_codegen-0.3.16/build.rs:38:17
Dec 01 21:04:44.783 INFO [stderr] stack backtrace:
Dec 01 21:04:44.783 INFO [stderr]    0:     0x55634711f9fe - std::sys::unix::backtrace::tracing::imp::unwind_backtrace::h15749a98198ba25f
Dec 01 21:04:44.783 INFO [stderr]                                at libstd/sys/unix/backtrace/tracing/gcc_s.rs:49
Dec 01 21:04:44.783 INFO [stderr]    1:     0x556347110f86 - std::sys_common::backtrace::print::h0ba65c811294dbf0
Dec 01 21:04:44.783 INFO [stderr]                                at libstd/sys_common/backtrace.rs:71
Dec 01 21:04:44.783 INFO [stderr]                                at libstd/sys_common/backtrace.rs:59
Dec 01 21:04:44.783 INFO [stderr]    2:     0x55634710f8cd - std::panicking::default_hook::{{closure}}::h42bb31757f0fee64
Dec 01 21:04:44.783 INFO [stderr]                                at libstd/panicking.rs:211
Dec 01 21:04:44.784 INFO [stderr]    3:     0x55634710f640 - std::panicking::default_hook::hebc8848d7aa7dbd9
Dec 01 21:04:44.784 INFO [stderr]                                at libstd/panicking.rs:227
Dec 01 21:04:44.784 INFO [stderr]    4:     0x55634710fecc - std::panicking::rust_panic_with_hook::h86e619a638415243
Dec 01 21:04:44.784 INFO [stderr]                                at libstd/panicking.rs:477
Dec 01 21:04:44.784 INFO [stderr]    5:     0x5563470f3c1f - std::panicking::begin_panic::h26807ac2abfc2210
Dec 01 21:04:44.784 INFO [stderr]                                at libstd/panicking.rs:411
Dec 01 21:04:44.784 INFO [stderr]    6:     0x5563470f1d72 - build_script_build::main::h5e3452ecf2935038
Dec 01 21:04:44.784 INFO [stderr]                                at /cargo-home/registry/src/github.com-1ecc6299db9ec823/rocket_codegen-0.3.16/build.rs:38
Dec 01 21:04:44.784 INFO [stderr]    7:     0x5563470f450f - std::rt::lang_start::{{closure}}::hdd73b25a420f224f
Dec 01 21:04:44.784 INFO [stderr]                                at libstd/rt.rs:74
Dec 01 21:04:44.784 INFO [stderr]    8:     0x55634710f972 - std::panicking::try::do_call::h47665672c57b11e4
Dec 01 21:04:44.784 INFO [stderr]                                at libstd/rt.rs:59
Dec 01 21:04:44.784 INFO [stderr]                                at libstd/panicking.rs:310
Dec 01 21:04:44.784 INFO [stderr]    9:     0x556347130929 - __rust_maybe_catch_panic
Dec 01 21:04:44.784 INFO [stderr]                                at libpanic_unwind/lib.rs:103
Dec 01 21:04:44.784 INFO [stderr]   10:     0x55634711a9f5 - std::rt::lang_start_internal::had9505969b8e20a2
Dec 01 21:04:44.784 INFO [stderr]                                at libstd/panicking.rs:289
Dec 01 21:04:44.784 INFO [stderr]                                at libstd/panic.rs:392
Dec 01 21:04:44.784 INFO [stderr]                                at libstd/rt.rs:58
Dec 01 21:04:44.784 INFO [stderr]   11:     0x5563470f44e7 - std::rt::lang_start::hdbaf1dc3ae5430d3
Dec 01 21:04:44.784 INFO [stderr]                                at libstd/rt.rs:74
Dec 01 21:04:44.784 INFO [stderr]   12:     0x5563470f2c09 - main
Dec 01 21:04:44.784 INFO [stderr]   13:     0x7f46bba2882f - __libc_start_main
Dec 01 21:04:44.784 INFO [stderr]   14:     0x5563470f1428 - _start
Dec 01 21:04:44.784 INFO [stderr]   15:                0x0 - <unknown>
Dec 01 21:04:44.784 INFO [stderr] 
Dec 01 21:04:44.784 INFO [stderr] warning: build failed, waiting for other jobs to finish...
Dec 01 21:04:44.882 INFO [stderr] error: failed to run custom build command for `rocket v0.3.16`
Dec 01 21:04:44.882 INFO [stderr] process didn't exit successfully: `/target/debug/build/rocket-a61187eead96cae3/build-script-build` (exit code: 101)
Dec 01 21:04:44.882 INFO [stderr] --- stderr
Dec 01 21:04:44.882 INFO [stderr] [1;31mError:[0m [37mRocket requires a nightly or dev version of Rust.[0m
Dec 01 21:04:44.882 INFO [stderr] [37mInstalled version is:[0m [33m1.30.1 (2018-11-07)[0m. [37mMinimum required:[0m [33m1.27.0-nightly (2018-04-26)[0m.
Dec 01 21:04:44.882 INFO [stderr] [34mSee the getting started guide ([0m[37mhttps://rocket.rs/guide/getting-started/[0m[34m) for more information.[0m
Dec 01 21:04:44.882 INFO [stderr] thread 'main' panicked at 'Aborting compilation due to incompatible compiler.', /cargo-home/registry/src/github.com-1ecc6299db9ec823/rocket-0.3.16/build.rs:38:13
Dec 01 21:04:44.882 INFO [stderr] stack backtrace:
Dec 01 21:04:44.882 INFO [stderr]    0:     0x55bdc8765a0e - std::sys::unix::backtrace::tracing::imp::unwind_backtrace::h15749a98198ba25f
Dec 01 21:04:44.882 INFO [stderr]                                at libstd/sys/unix/backtrace/tracing/gcc_s.rs:49
Dec 01 21:04:44.882 INFO [stderr]    1:     0x55bdc8756f96 - std::sys_common::backtrace::print::h0ba65c811294dbf0
Dec 01 21:04:44.882 INFO [stderr]                                at libstd/sys_common/backtrace.rs:71
Dec 01 21:04:44.882 INFO [stderr]                                at libstd/sys_common/backtrace.rs:59
Dec 01 21:04:44.882 INFO [stderr]    2:     0x55bdc87558dd - std::panicking::default_hook::{{closure}}::h42bb31757f0fee64
Dec 01 21:04:44.882 INFO [stderr]                                at libstd/panicking.rs:211
Dec 01 21:04:44.882 INFO [stderr]    3:     0x55bdc8755650 - std::panicking::default_hook::hebc8848d7aa7dbd9
Dec 01 21:04:44.882 INFO [stderr]                                at libstd/panicking.rs:227
Dec 01 21:04:44.882 INFO [stderr]    4:     0x55bdc8755edc - std::panicking::rust_panic_with_hook::h86e619a638415243
Dec 01 21:04:44.882 INFO [stderr]                                at libstd/panicking.rs:477
Dec 01 21:04:44.882 INFO [stderr]    5:     0x55bdc8739c2f - std::panicking::begin_panic::h1547f6b8df8ef062
Dec 01 21:04:44.882 INFO [stderr]                                at libstd/panicking.rs:411
Dec 01 21:04:44.882 INFO [stderr]    6:     0x55bdc8737d73 - build_script_build::main::h7e1e0ce982337217
Dec 01 21:04:44.882 INFO [stderr]                                at /cargo-home/registry/src/github.com-1ecc6299db9ec823/rocket-0.3.16/build.rs:38
Dec 01 21:04:44.882 INFO [stderr]    7:     0x55bdc873a51f - std::rt::lang_start::{{closure}}::hdcba730274cd6e5e
Dec 01 21:04:44.882 INFO [stderr]                                at libstd/rt.rs:74
Dec 01 21:04:44.882 INFO [stderr]    8:     0x55bdc8755982 - std::panicking::try::do_call::h47665672c57b11e4
Dec 01 21:04:44.882 INFO [stderr]                                at libstd/rt.rs:59
Dec 01 21:04:44.882 INFO [stderr]                                at libstd/panicking.rs:310
Dec 01 21:04:44.882 INFO [stderr]    9:     0x55bdc8776939 - __rust_maybe_catch_panic
Dec 01 21:04:44.882 INFO [stderr]                                at libpanic_unwind/lib.rs:103
Dec 01 21:04:44.882 INFO [stderr]   10:     0x55bdc8760a05 - std::rt::lang_start_internal::had9505969b8e20a2
Dec 01 21:04:44.882 INFO [stderr]                                at libstd/panicking.rs:289
Dec 01 21:04:44.882 INFO [stderr]                                at libstd/panic.rs:392
Dec 01 21:04:44.882 INFO [stderr]                                at libstd/rt.rs:58
Dec 01 21:04:44.882 INFO [stderr]   11:     0x55bdc873a4f7 - std::rt::lang_start::h5723be38f20d77cf
Dec 01 21:04:44.882 INFO [stderr]                                at libstd/rt.rs:74
Dec 01 21:04:44.882 INFO [stderr]   12:     0x55bdc8738c19 - main
Dec 01 21:04:44.882 INFO [stderr]   13:     0x7f3d2742482f - __libc_start_main
Dec 01 21:04:44.882 INFO [stderr]   14:     0x55bdc8737428 - _start
Dec 01 21:04:44.882 INFO [stderr]   15:                0x0 - <unknown>
Dec 01 21:04:44.882 INFO [stderr] 
Dec 01 21:04:44.882 INFO [stderr] warning: build failed, waiting for other jobs to finish...
Dec 01 21:04:57.943 INFO [stderr] error: build failed
Dec 01 21:04:57.946 INFO [stderr] su: No module specific data is present
Dec 01 21:04:58.357 INFO running `"docker" "inspect" "24c9c15eef174225d8f39ceb0c9ce946f91f1bf36fc724a12de6cb1911cf0d69"`
Dec 01 21:04:58.464 INFO running `"docker" "rm" "-f" "24c9c15eef174225d8f39ceb0c9ce946f91f1bf36fc724a12de6cb1911cf0d69"`
Dec 01 21:04:58.726 INFO [stdout] 24c9c15eef174225d8f39ceb0c9ce946f91f1bf36fc724a12de6cb1911cf0d69
