Dec 01 21:22:17.301 INFO testing cmars/pong against 1.30.1 for beta-1.31-5
Dec 01 21:22:17.301 INFO running `"docker" "create" "-v" "/mnt/big/crater/work/local/target-dirs/beta-1.31-5/worker-0/1.30.1:/target:rw,Z" "-v" "/mnt/big/crater/work/local/test-source/worker-0/beta-1.31-5/1.30.1:/source:ro,Z" "-v" "/mnt/big/crater/work/local/cargo-home:/cargo-home:ro,Z" "-v" "/mnt/big/crater/work/local/rustup-home:/rustup-home:ro,Z" "-e" "USER_ID=1000" "-e" "SOURCE_DIR=/source" "-e" "USER_ID=1000" "-e" "CMD=cargo +1.30.1 build --frozen" "-e" "CARGO_TARGET_DIR=/target" "-e" "CARGO_INCREMENTAL=0" "-e" "RUST_BACKTRACE=full" "-e" "RUSTFLAGS=--cap-lints=warn" "-e" "CARGO_HOME=/cargo-home" "-e" "RUSTUP_HOME=/rustup-home" "-m" "1536M" "--network" "none" "crater"`
Dec 01 21:22:17.742 INFO [stdout] 40d027ba7a3bd3977ad9768cb342d14a27b0ed2d32dad23e7c5a711452324def
Dec 01 21:22:17.745 INFO running `"docker" "start" "-a" "40d027ba7a3bd3977ad9768cb342d14a27b0ed2d32dad23e7c5a711452324def"`
Dec 01 21:22:19.700 INFO [stderr] usermod: no changes
Dec 01 21:22:20.483 INFO [stderr]    Compiling serde v1.0.78
Dec 01 21:22:20.491 INFO [stderr]    Compiling stable_deref_trait v1.1.1
Dec 01 21:22:20.496 INFO [stderr]    Compiling mopa v0.2.2
Dec 01 21:22:20.502 INFO [stderr]    Compiling atom v0.3.5
Dec 01 21:22:20.507 INFO [stderr]    Compiling crossbeam v0.3.2
Dec 01 21:22:20.510 INFO [stderr]    Compiling futures v0.1.24
Dec 01 21:22:20.523 INFO [stderr]    Compiling cgmath v0.16.1
Dec 01 21:22:20.530 INFO [stderr]    Compiling tuple_utils v0.2.0
Dec 01 21:22:21.866 INFO [stderr]    Compiling approx v0.1.1
Dec 01 21:22:22.229 INFO [stderr]    Compiling mint v0.5.1
Dec 01 21:22:22.899 INFO [stderr]    Compiling failure_derive v0.1.3
Dec 01 21:22:23.363 INFO [stderr]    Compiling xi-unicode v0.1.0
Dec 01 21:22:23.439 INFO [stderr]    Compiling wavefront_obj v5.1.0
Dec 01 21:22:24.140 INFO [stderr]    Compiling hetseq v0.2.0
Dec 01 21:22:24.247 INFO [stderr]    Compiling float-ord v0.2.0
Dec 01 21:22:24.315 INFO [stderr]    Compiling cmake v0.1.35
Dec 01 21:22:25.263 INFO [stderr]    Compiling minimp3-sys v0.3.0
Dec 01 21:22:27.288 INFO [stderr]    Compiling crossbeam-utils v0.6.0
Dec 01 21:22:28.799 INFO [stderr]    Compiling arrayvec v0.4.7
Dec 01 21:22:28.811 INFO [stderr]    Compiling unreachable v0.1.1
Dec 01 21:22:28.827 INFO [stderr]    Compiling slice-deque v0.1.13
Dec 01 21:22:28.963 INFO [stderr]    Compiling servo-fontconfig-sys v4.0.7
Dec 01 21:22:30.199 INFO [stderr]    Compiling fxhash v0.2.1
Dec 01 21:22:30.555 INFO [stderr]    Compiling rustc-hash v1.0.1
Dec 01 21:22:30.807 INFO [stderr]    Compiling stb_truetype v0.2.4
Dec 01 21:22:32.207 INFO [stderr]    Compiling ogg v0.4.1
Dec 01 21:22:34.831 INFO [stderr]    Compiling owning_ref v0.3.3
Dec 01 21:22:34.959 INFO [stderr]    Compiling deflate v0.7.19
Dec 01 21:22:35.007 INFO [stderr]    Compiling base64 v0.9.3
Dec 01 21:22:35.095 INFO [stderr]    Compiling annotate-snippets v0.1.0
Dec 01 21:22:37.537 INFO [stderr]    Compiling xcb v0.8.2
Dec 01 21:22:37.537 INFO [stderr]    Compiling expat-sys v2.1.6
Dec 01 21:22:37.537 INFO [stderr]    Compiling servo-freetype-sys v4.0.4
Dec 01 21:22:37.651 INFO [stderr]    Compiling nix v0.11.0
Dec 01 21:22:37.663 INFO [stderr]    Compiling alsa-sys v0.1.2
Dec 01 21:22:37.807 INFO [stderr] error: failed to run custom build command for `alsa-sys v0.1.2`
Dec 01 21:22:37.807 INFO [stderr] process didn't exit successfully: `/target/debug/build/alsa-sys-c14ad9b4a518aac5/build-script-build` (exit code: 101)
Dec 01 21:22:37.807 INFO [stderr] --- stderr
Dec 01 21:22:37.808 INFO [stderr] thread 'main' panicked at 'called `Result::unwrap()` on an `Err` value: "`\"pkg-config\" \"--libs\" \"--cflags\" \"alsa\"` did not exit successfully: exit code: 1\n--- stderr\nPackage alsa was not found in the pkg-config search path.\nPerhaps you should add the directory containing `alsa.pc\'\nto the PKG_CONFIG_PATH environment variable\nNo package \'alsa\' found\n"', libcore/result.rs:1009:5
Dec 01 21:22:37.808 INFO [stderr] stack backtrace:
Dec 01 21:22:37.808 INFO [stderr]    0:     0x55908f10bd2e - std::sys::unix::backtrace::tracing::imp::unwind_backtrace::h15749a98198ba25f
Dec 01 21:22:37.808 INFO [stderr]                                at libstd/sys/unix/backtrace/tracing/gcc_s.rs:49
Dec 01 21:22:37.808 INFO [stderr]    1:     0x55908f0fdac6 - std::sys_common::backtrace::print::h0ba65c811294dbf0
Dec 01 21:22:37.808 INFO [stderr]                                at libstd/sys_common/backtrace.rs:71
Dec 01 21:22:37.808 INFO [stderr]                                at libstd/sys_common/backtrace.rs:59
Dec 01 21:22:37.808 INFO [stderr]    2:     0x55908f0fc40d - std::panicking::default_hook::{{closure}}::h42bb31757f0fee64
Dec 01 21:22:37.808 INFO [stderr]                                at libstd/panicking.rs:211
Dec 01 21:22:37.808 INFO [stderr]    3:     0x55908f0fc180 - std::panicking::default_hook::hebc8848d7aa7dbd9
Dec 01 21:22:37.808 INFO [stderr]                                at libstd/panicking.rs:227
Dec 01 21:22:37.808 INFO [stderr]    4:     0x55908f0fca0c - std::panicking::rust_panic_with_hook::h86e619a638415243
Dec 01 21:22:37.808 INFO [stderr]                                at libstd/panicking.rs:477
Dec 01 21:22:37.808 INFO [stderr]    5:     0x55908f0fc5c9 - std::panicking::continue_panic_fmt::h2d2d2bfb065a70b2
Dec 01 21:22:37.808 INFO [stderr]                                at libstd/panicking.rs:391
Dec 01 21:22:37.808 INFO [stderr]    6:     0x55908f0fc4c5 - rust_begin_unwind
Dec 01 21:22:37.808 INFO [stderr]                                at libstd/panicking.rs:326
Dec 01 21:22:37.808 INFO [stderr]    7:     0x55908f14cadb - core::panicking::panic_fmt::h2155aa66b67fe83c
Dec 01 21:22:37.808 INFO [stderr]                                at libcore/panicking.rs:77
Dec 01 21:22:37.808 INFO [stderr]    8:     0x55908f0bed53 - core::result::unwrap_failed::h7e1eeac64103c49e
Dec 01 21:22:37.808 INFO [stderr]                                at libcore/macros.rs:26
Dec 01 21:22:37.808 INFO [stderr]    9:     0x55908f0bebb1 - <core::result::Result<T, E>>::unwrap::h889a997497013212
Dec 01 21:22:37.808 INFO [stderr]                                at libcore/result.rs:808
Dec 01 21:22:37.808 INFO [stderr]   10:     0x55908f0be9d4 - build_script_build::main::h5654d1737af25bdc
Dec 01 21:22:37.808 INFO [stderr]                                at /cargo-home/registry/src/github.com-1ecc6299db9ec823/alsa-sys-0.1.2/build.rs:4
Dec 01 21:22:37.808 INFO [stderr]   11:     0x55908f0be97f - std::rt::lang_start::{{closure}}::haacbaed63e942aed
Dec 01 21:22:37.808 INFO [stderr]                                at libstd/rt.rs:74
Dec 01 21:22:37.808 INFO [stderr]   12:     0x55908f0fc4b2 - std::panicking::try::do_call::h47665672c57b11e4
Dec 01 21:22:37.808 INFO [stderr]                                at libstd/rt.rs:59
Dec 01 21:22:37.808 INFO [stderr]                                at libstd/panicking.rs:310
Dec 01 21:22:37.808 INFO [stderr]   13:     0x55908f11d259 - __rust_maybe_catch_panic
Dec 01 21:22:37.808 INFO [stderr]                                at libpanic_unwind/lib.rs:103
Dec 01 21:22:37.808 INFO [stderr]   14:     0x55908f107795 - std::rt::lang_start_internal::had9505969b8e20a2
Dec 01 21:22:37.808 INFO [stderr]                                at libstd/panicking.rs:289
Dec 01 21:22:37.808 INFO [stderr]                                at libstd/panic.rs:392
Dec 01 21:22:37.808 INFO [stderr]                                at libstd/rt.rs:58
Dec 01 21:22:37.808 INFO [stderr]   15:     0x55908f0be957 - std::rt::lang_start::hdcf2163cb1be69f4
Dec 01 21:22:37.808 INFO [stderr]                                at libstd/rt.rs:74
Dec 01 21:22:37.808 INFO [stderr]   16:     0x55908f0bea19 - main
Dec 01 21:22:37.808 INFO [stderr]   17:     0x7f706311582f - __libc_start_main
Dec 01 21:22:37.808 INFO [stderr]   18:     0x55908f0be708 - _start
Dec 01 21:22:37.808 INFO [stderr]   19:                0x0 - <unknown>
Dec 01 21:22:37.808 INFO [stderr] 
Dec 01 21:22:37.808 INFO [stderr] warning: build failed, waiting for other jobs to finish...
Dec 01 21:22:38.684 INFO [stderr] error: failed to run custom build command for `xcb v0.8.2`
Dec 01 21:22:38.684 INFO [stderr] process didn't exit successfully: `/target/debug/build/xcb-f8d03f90d6bc3952/build-script-build` (exit code: 101)
Dec 01 21:22:38.684 INFO [stderr] --- stderr
Dec 01 21:22:38.684 INFO [stderr] error occured in handler:  ('request: ', ('xcb', 'Shm', 'CreateSegment'))
Dec 01 21:22:38.684 INFO [stderr] Traceback (most recent call last):
Dec 01 21:22:38.684 INFO [stderr]   File "/cargo-home/registry/src/github.com-1ecc6299db9ec823/xcb-0.8.2/rs_client.py", line 2448, in <module>
Dec 01 21:22:38.684 INFO [stderr]     module.generate()
Dec 01 21:22:38.684 INFO [stderr]   File "/cargo-home/registry/src/github.com-1ecc6299db9ec823/xcb-0.8.2/xcbgen/state.py", line 108, in generate
Dec 01 21:22:38.684 INFO [stderr]     self.close()
Dec 01 21:22:38.684 INFO [stderr]   File "/cargo-home/registry/src/github.com-1ecc6299db9ec823/xcb-0.8.2/rs_client.py", line 296, in rs_close
Dec 01 21:22:38.684 INFO [stderr]     _f.writeout(os.path.join(module.rs_srcdir, "ffi", "%s.rs" % _module_name(_ns.ext_name)))
Dec 01 21:22:38.685 INFO [stderr]   File "/cargo-home/registry/src/github.com-1ecc6299db9ec823/xcb-0.8.2/rs_client.py", line 114, in writeout
Dec 01 21:22:38.685 INFO [stderr]     with open(path, 'w') as f:
Dec 01 21:22:38.685 INFO [stderr] OSError: [Errno 30] Read-only file system: '/cargo-home/registry/src/github.com-1ecc6299db9ec823/xcb-0.8.2/src/ffi/shm.rs'
Dec 01 21:22:38.685 INFO [stderr] thread 'main' panicked at 'processing of /cargo-home/registry/src/github.com-1ecc6299db9ec823/xcb-0.8.2/xml/shm.xml returned non-zero (1)', /cargo-home/registry/src/github.com-1ecc6299db9ec823/xcb-0.8.2/build.rs:75:17
Dec 01 21:22:38.685 INFO [stderr] stack backtrace:
Dec 01 21:22:38.685 INFO [stderr]    0:     0x55cdfa78ac4e - std::sys::unix::backtrace::tracing::imp::unwind_backtrace::h15749a98198ba25f
Dec 01 21:22:38.685 INFO [stderr]                                at libstd/sys/unix/backtrace/tracing/gcc_s.rs:49
Dec 01 21:22:38.685 INFO [stderr]    1:     0x55cdfa77c9b6 - std::sys_common::backtrace::print::h0ba65c811294dbf0
Dec 01 21:22:38.685 INFO [stderr]                                at libstd/sys_common/backtrace.rs:71
Dec 01 21:22:38.685 INFO [stderr]                                at libstd/sys_common/backtrace.rs:59
Dec 01 21:22:38.685 INFO [stderr]    2:     0x55cdfa77b2fd - std::panicking::default_hook::{{closure}}::h42bb31757f0fee64
Dec 01 21:22:38.685 INFO [stderr]                                at libstd/panicking.rs:211
Dec 01 21:22:38.685 INFO [stderr]    3:     0x55cdfa77b070 - std::panicking::default_hook::hebc8848d7aa7dbd9
Dec 01 21:22:38.685 INFO [stderr]                                at libstd/panicking.rs:227
Dec 01 21:22:38.685 INFO [stderr]    4:     0x55cdfa77b8fc - std::panicking::rust_panic_with_hook::h86e619a638415243
Dec 01 21:22:38.685 INFO [stderr]                                at libstd/panicking.rs:477
Dec 01 21:22:38.685 INFO [stderr]    5:     0x55cdfa77b4b9 - std::panicking::continue_panic_fmt::h2d2d2bfb065a70b2
Dec 01 21:22:38.685 INFO [stderr]                                at libstd/panicking.rs:391
Dec 01 21:22:38.685 INFO [stderr]    6:     0x55cdfa77b41d - std::panicking::begin_panic_fmt::ha5097e2056ef3d5a
Dec 01 21:22:38.685 INFO [stderr]                                at libstd/panicking.rs:346
Dec 01 21:22:38.685 INFO [stderr]    7:     0x55cdfa76ecdc - build_script_build::main::{{closure}}::h9a0e1feec2a83aa5
Dec 01 21:22:38.685 INFO [stderr]                                at /cargo-home/registry/src/github.com-1ecc6299db9ec823/xcb-0.8.2/build.rs:75
Dec 01 21:22:38.685 INFO [stderr]    8:     0x55cdfa76d55a - build_script_build::visit_xml::hbab6847c02df16c3
Dec 01 21:22:38.685 INFO [stderr]                                at /cargo-home/registry/src/github.com-1ecc6299db9ec823/xcb-0.8.2/build.rs:20
Dec 01 21:22:38.685 INFO [stderr]    9:     0x55cdfa76e088 - build_script_build::main::h5f5ec4c450659063
Dec 01 21:22:38.685 INFO [stderr]                                at /cargo-home/registry/src/github.com-1ecc6299db9ec823/xcb-0.8.2/build.rs:56
Dec 01 21:22:38.685 INFO [stderr]   10:     0x55cdfa77213f - std::rt::lang_start::{{closure}}::ha4cceef2403ad891
Dec 01 21:22:38.685 INFO [stderr]                                at libstd/rt.rs:74
Dec 01 21:22:38.685 INFO [stderr]   11:     0x55cdfa77b3a2 - std::panicking::try::do_call::h47665672c57b11e4
Dec 01 21:22:38.685 INFO [stderr]                                at libstd/rt.rs:59
Dec 01 21:22:38.685 INFO [stderr]                                at libstd/panicking.rs:310
Dec 01 21:22:38.685 INFO [stderr]   12:     0x55cdfa79c1c9 - __rust_maybe_catch_panic
Dec 01 21:22:38.685 INFO [stderr]                                at libpanic_unwind/lib.rs:103
Dec 01 21:22:38.685 INFO [stderr]   13:     0x55cdfa786f45 - std::rt::lang_start_internal::had9505969b8e20a2
Dec 01 21:22:38.685 INFO [stderr]                                at libstd/panicking.rs:289
Dec 01 21:22:38.685 INFO [stderr]                                at libstd/panic.rs:392
Dec 01 21:22:38.685 INFO [stderr]                                at libstd/rt.rs:58
Dec 01 21:22:38.685 INFO [stderr]   14:     0x55cdfa772117 - std::rt::lang_start::h7d799a52ba652ef9
Dec 01 21:22:38.685 INFO [stderr]                                at libstd/rt.rs:74
Dec 01 21:22:38.685 INFO [stderr]   15:     0x55cdfa76ee29 - main
Dec 01 21:22:38.685 INFO [stderr]   16:     0x7f762fb2382f - __libc_start_main
Dec 01 21:22:38.685 INFO [stderr]   17:     0x55cdfa766d28 - _start
Dec 01 21:22:38.685 INFO [stderr]   18:                0x0 - <unknown>
Dec 01 21:22:38.685 INFO [stderr] 
Dec 01 21:22:38.685 INFO [stderr] warning: build failed, waiting for other jobs to finish...
Dec 01 21:22:51.368 INFO [stderr] error: build failed
Dec 01 21:22:51.371 INFO [stderr] su: No module specific data is present
Dec 01 21:22:52.099 INFO running `"docker" "inspect" "40d027ba7a3bd3977ad9768cb342d14a27b0ed2d32dad23e7c5a711452324def"`
Dec 01 21:22:52.341 INFO running `"docker" "rm" "-f" "40d027ba7a3bd3977ad9768cb342d14a27b0ed2d32dad23e7c5a711452324def"`
Dec 01 21:22:52.622 INFO [stdout] 40d027ba7a3bd3977ad9768cb342d14a27b0ed2d32dad23e7c5a711452324def
