Dec 01 21:48:21.032 INFO testing chenghsienwen/rust-demo-service against 1.30.1 for beta-1.31-5
Dec 01 21:48:21.032 INFO running `"docker" "create" "-v" "/mnt/big/crater/work/local/target-dirs/beta-1.31-5/worker-0/1.30.1:/target:rw,Z" "-v" "/mnt/big/crater/work/local/test-source/worker-0/beta-1.31-5/1.30.1:/source:ro,Z" "-v" "/mnt/big/crater/work/local/cargo-home:/cargo-home:ro,Z" "-v" "/mnt/big/crater/work/local/rustup-home:/rustup-home:ro,Z" "-e" "USER_ID=1000" "-e" "SOURCE_DIR=/source" "-e" "USER_ID=1000" "-e" "CMD=cargo +1.30.1 build --frozen" "-e" "CARGO_TARGET_DIR=/target" "-e" "CARGO_INCREMENTAL=0" "-e" "RUST_BACKTRACE=full" "-e" "RUSTFLAGS=--cap-lints=warn" "-e" "CARGO_HOME=/cargo-home" "-e" "RUSTUP_HOME=/rustup-home" "-m" "1536M" "--network" "none" "crater"`
Dec 01 21:48:21.251 INFO [stdout] 33a1165a7df023aab497096277199da05616edab26e8b8910b3665ff74db0248
Dec 01 21:48:21.253 INFO running `"docker" "start" "-a" "33a1165a7df023aab497096277199da05616edab26e8b8910b3665ff74db0248"`
Dec 01 21:48:21.810 INFO [stderr] usermod: no changes
Dec 01 21:48:21.889 INFO [stderr]     Blocking waiting for file lock on the registry index
Dec 01 21:48:22.773 INFO [stderr]    Compiling pear_codegen v0.0.20
Dec 01 21:48:22.775 INFO [stderr]    Compiling rocket v0.3.16
Dec 01 21:48:22.775 INFO [stderr]    Compiling rocket_codegen v0.3.16
Dec 01 21:48:22.783 INFO [stderr]    Compiling serde_json v1.0.27
Dec 01 21:48:22.784 INFO [stderr]    Compiling toml v0.4.6
Dec 01 21:48:22.786 INFO [stderr]    Compiling hyper v0.10.13
Dec 01 21:48:22.791 INFO [stderr]    Compiling regex v0.2.11
Dec 01 21:48:22.791 INFO [stderr]    Compiling error-chain v0.10.0
Dec 01 21:48:23.207 INFO [stderr] error: failed to run custom build command for `pear_codegen v0.0.20`
Dec 01 21:48:23.207 INFO [stderr] process didn't exit successfully: `/target/debug/build/pear_codegen-183b5b0a0ae809b5/build-script-build` (exit code: 101)
Dec 01 21:48:23.207 INFO [stderr] --- stderr
Dec 01 21:48:23.207 INFO [stderr] [1;31mError:[0m [37mPear requires a nightly or dev version of Rust.[0m
Dec 01 21:48:23.207 INFO [stderr] [37mInstalled version is:[0m [33m1.30.1 (2018-11-07)[0m. [37mMinimum required:[0m [33m1.30.0-nightly (2018-08-23)[0m.
Dec 01 21:48:23.207 INFO [stderr] thread 'main' panicked at 'Aborting compilation due to incompatible compiler.', /cargo-home/registry/src/github.com-1ecc6299db9ec823/pear_codegen-0.0.20/build.rs:31:13
Dec 01 21:48:23.207 INFO [stderr] stack backtrace:
Dec 01 21:48:23.207 INFO [stderr]    0:     0x55f1387677de - std::sys::unix::backtrace::tracing::imp::unwind_backtrace::h15749a98198ba25f
Dec 01 21:48:23.207 INFO [stderr]                                at libstd/sys/unix/backtrace/tracing/gcc_s.rs:49
Dec 01 21:48:23.207 INFO [stderr]    1:     0x55f138758d66 - std::sys_common::backtrace::print::h0ba65c811294dbf0
Dec 01 21:48:23.207 INFO [stderr]                                at libstd/sys_common/backtrace.rs:71
Dec 01 21:48:23.207 INFO [stderr]                                at libstd/sys_common/backtrace.rs:59
Dec 01 21:48:23.207 INFO [stderr]    2:     0x55f1387576ad - std::panicking::default_hook::{{closure}}::h42bb31757f0fee64
Dec 01 21:48:23.207 INFO [stderr]                                at libstd/panicking.rs:211
Dec 01 21:48:23.207 INFO [stderr]    3:     0x55f138757420 - std::panicking::default_hook::hebc8848d7aa7dbd9
Dec 01 21:48:23.207 INFO [stderr]                                at libstd/panicking.rs:227
Dec 01 21:48:23.207 INFO [stderr]    4:     0x55f138757cac - std::panicking::rust_panic_with_hook::h86e619a638415243
Dec 01 21:48:23.207 INFO [stderr]                                at libstd/panicking.rs:477
Dec 01 21:48:23.207 INFO [stderr]    5:     0x55f13873b9ff - std::panicking::begin_panic::h65ef3ad7de42f4ad
Dec 01 21:48:23.207 INFO [stderr]                                at libstd/panicking.rs:411
Dec 01 21:48:23.207 INFO [stderr]    6:     0x55f138739b3a - build_script_build::main::h46f39c458748acff
Dec 01 21:48:23.207 INFO [stderr]                                at /cargo-home/registry/src/github.com-1ecc6299db9ec823/pear_codegen-0.0.20/build.rs:31
Dec 01 21:48:23.207 INFO [stderr]    7:     0x55f13873c2ef - std::rt::lang_start::{{closure}}::h104f159df20e8d81
Dec 01 21:48:23.207 INFO [stderr]                                at libstd/rt.rs:74
Dec 01 21:48:23.207 INFO [stderr]    8:     0x55f138757752 - std::panicking::try::do_call::h47665672c57b11e4
Dec 01 21:48:23.207 INFO [stderr]                                at libstd/rt.rs:59
Dec 01 21:48:23.207 INFO [stderr]                                at libstd/panicking.rs:310
Dec 01 21:48:23.207 INFO [stderr]    9:     0x55f138778709 - __rust_maybe_catch_panic
Dec 01 21:48:23.207 INFO [stderr]                                at libpanic_unwind/lib.rs:103
Dec 01 21:48:23.207 INFO [stderr]   10:     0x55f1387627d5 - std::rt::lang_start_internal::had9505969b8e20a2
Dec 01 21:48:23.207 INFO [stderr]                                at libstd/panicking.rs:289
Dec 01 21:48:23.207 INFO [stderr]                                at libstd/panic.rs:392
Dec 01 21:48:23.207 INFO [stderr]                                at libstd/rt.rs:58
Dec 01 21:48:23.207 INFO [stderr]   11:     0x55f13873c2c7 - std::rt::lang_start::h6c12a89b5498f3bc
Dec 01 21:48:23.207 INFO [stderr]                                at libstd/rt.rs:74
Dec 01 21:48:23.207 INFO [stderr]   12:     0x55f13873a9e9 - main
Dec 01 21:48:23.207 INFO [stderr]   13:     0x7f32a2f9382f - __libc_start_main
Dec 01 21:48:23.207 INFO [stderr]   14:     0x55f138739428 - _start
Dec 01 21:48:23.207 INFO [stderr]   15:                0x0 - <unknown>
Dec 01 21:48:23.207 INFO [stderr] 
Dec 01 21:48:23.207 INFO [stderr] warning: build failed, waiting for other jobs to finish...
Dec 01 21:48:23.228 INFO [stderr] error: failed to run custom build command for `rocket v0.3.16`
Dec 01 21:48:23.228 INFO [stderr] process didn't exit successfully: `/target/debug/build/rocket-a61187eead96cae3/build-script-build` (exit code: 101)
Dec 01 21:48:23.228 INFO [stderr] --- stderr
Dec 01 21:48:23.228 INFO [stderr] [1;31mError:[0m [37mRocket requires a nightly or dev version of Rust.[0m
Dec 01 21:48:23.228 INFO [stderr] [37mInstalled version is:[0m [33m1.30.1 (2018-11-07)[0m. [37mMinimum required:[0m [33m1.27.0-nightly (2018-04-26)[0m.
Dec 01 21:48:23.228 INFO [stderr] [34mSee the getting started guide ([0m[37mhttps://rocket.rs/guide/getting-started/[0m[34m) for more information.[0m
Dec 01 21:48:23.228 INFO [stderr] thread 'main' panicked at 'Aborting compilation due to incompatible compiler.', /cargo-home/registry/src/github.com-1ecc6299db9ec823/rocket-0.3.16/build.rs:38:13
Dec 01 21:48:23.228 INFO [stderr] stack backtrace:
Dec 01 21:48:23.228 INFO [stderr]    0:     0x557f08a41a0e - std::sys::unix::backtrace::tracing::imp::unwind_backtrace::h15749a98198ba25f
Dec 01 21:48:23.228 INFO [stderr]                                at libstd/sys/unix/backtrace/tracing/gcc_s.rs:49
Dec 01 21:48:23.228 INFO [stderr]    1:     0x557f08a32f96 - std::sys_common::backtrace::print::h0ba65c811294dbf0
Dec 01 21:48:23.228 INFO [stderr]                                at libstd/sys_common/backtrace.rs:71
Dec 01 21:48:23.228 INFO [stderr]                                at libstd/sys_common/backtrace.rs:59
Dec 01 21:48:23.228 INFO [stderr]    2:     0x557f08a318dd - std::panicking::default_hook::{{closure}}::h42bb31757f0fee64
Dec 01 21:48:23.228 INFO [stderr]                                at libstd/panicking.rs:211
Dec 01 21:48:23.228 INFO [stderr]    3:     0x557f08a31650 - std::panicking::default_hook::hebc8848d7aa7dbd9
Dec 01 21:48:23.228 INFO [stderr]                                at libstd/panicking.rs:227
Dec 01 21:48:23.228 INFO [stderr]    4:     0x557f08a31edc - std::panicking::rust_panic_with_hook::h86e619a638415243
Dec 01 21:48:23.228 INFO [stderr]                                at libstd/panicking.rs:477
Dec 01 21:48:23.228 INFO [stderr]    5:     0x557f08a15c2f - std::panicking::begin_panic::h1547f6b8df8ef062
Dec 01 21:48:23.228 INFO [stderr]                                at libstd/panicking.rs:411
Dec 01 21:48:23.228 INFO [stderr]    6:     0x557f08a13d73 - build_script_build::main::h7e1e0ce982337217
Dec 01 21:48:23.228 INFO [stderr]                                at /cargo-home/registry/src/github.com-1ecc6299db9ec823/rocket-0.3.16/build.rs:38
Dec 01 21:48:23.228 INFO [stderr]    7:     0x557f08a1651f - std::rt::lang_start::{{closure}}::hdcba730274cd6e5e
Dec 01 21:48:23.228 INFO [stderr]                                at libstd/rt.rs:74
Dec 01 21:48:23.228 INFO [stderr]    8:     0x557f08a31982 - std::panicking::try::do_call::h47665672c57b11e4
Dec 01 21:48:23.228 INFO [stderr]                                at libstd/rt.rs:59
Dec 01 21:48:23.228 INFO [stderr]                                at libstd/panicking.rs:310
Dec 01 21:48:23.228 INFO [stderr]    9:     0x557f08a52939 - __rust_maybe_catch_panic
Dec 01 21:48:23.228 INFO [stderr]                                at libpanic_unwind/lib.rs:103
Dec 01 21:48:23.228 INFO [stderr]   10:     0x557f08a3ca05 - std::rt::lang_start_internal::had9505969b8e20a2
Dec 01 21:48:23.228 INFO [stderr]                                at libstd/panicking.rs:289
Dec 01 21:48:23.228 INFO [stderr]                                at libstd/panic.rs:392
Dec 01 21:48:23.228 INFO [stderr]                                at libstd/rt.rs:58
Dec 01 21:48:23.228 INFO [stderr]   11:     0x557f08a164f7 - std::rt::lang_start::h5723be38f20d77cf
Dec 01 21:48:23.228 INFO [stderr]                                at libstd/rt.rs:74
Dec 01 21:48:23.228 INFO [stderr]   12:     0x557f08a14c19 - main
Dec 01 21:48:23.228 INFO [stderr]   13:     0x7efcdef2682f - __libc_start_main
Dec 01 21:48:23.228 INFO [stderr]   14:     0x557f08a13428 - _start
Dec 01 21:48:23.228 INFO [stderr]   15:                0x0 - <unknown>
Dec 01 21:48:23.228 INFO [stderr] 
Dec 01 21:48:23.228 INFO [stderr] warning: build failed, waiting for other jobs to finish...
Dec 01 21:48:23.271 INFO [stderr] error: failed to run custom build command for `rocket_codegen v0.3.16`
Dec 01 21:48:23.271 INFO [stderr] process didn't exit successfully: `/target/debug/build/rocket_codegen-35313927dfebcaa1/build-script-build` (exit code: 101)
Dec 01 21:48:23.271 INFO [stderr] --- stderr
Dec 01 21:48:23.271 INFO [stderr] [1;31mError:[0m [37mRocket requires a nightly or dev version of Rust.[0m
Dec 01 21:48:23.271 INFO [stderr] [37mInstalled version is:[0m [33m1.30.1 (2018-11-07)[0m. [37mMinimum required:[0m [33m1.30.0-nightly (2018-08-23)[0m.
Dec 01 21:48:23.271 INFO [stderr] [34mSee the getting started guide ([0m[37mhttps://rocket.rs/guide/getting-started/[0m[34m) for more information.[0m
Dec 01 21:48:23.271 INFO [stderr] thread 'main' panicked at 'Aborting compilation due to incompatible compiler.', /cargo-home/registry/src/github.com-1ecc6299db9ec823/rocket_codegen-0.3.16/build.rs:38:17
Dec 01 21:48:23.271 INFO [stderr] stack backtrace:
Dec 01 21:48:23.271 INFO [stderr]    0:     0x55f1d9b9c9fe - std::sys::unix::backtrace::tracing::imp::unwind_backtrace::h15749a98198ba25f
Dec 01 21:48:23.271 INFO [stderr]                                at libstd/sys/unix/backtrace/tracing/gcc_s.rs:49
Dec 01 21:48:23.271 INFO [stderr]    1:     0x55f1d9b8df86 - std::sys_common::backtrace::print::h0ba65c811294dbf0
Dec 01 21:48:23.271 INFO [stderr]                                at libstd/sys_common/backtrace.rs:71
Dec 01 21:48:23.271 INFO [stderr]                                at libstd/sys_common/backtrace.rs:59
Dec 01 21:48:23.271 INFO [stderr]    2:     0x55f1d9b8c8cd - std::panicking::default_hook::{{closure}}::h42bb31757f0fee64
Dec 01 21:48:23.271 INFO [stderr]                                at libstd/panicking.rs:211
Dec 01 21:48:23.271 INFO [stderr]    3:     0x55f1d9b8c640 - std::panicking::default_hook::hebc8848d7aa7dbd9
Dec 01 21:48:23.271 INFO [stderr]                                at libstd/panicking.rs:227
Dec 01 21:48:23.271 INFO [stderr]    4:     0x55f1d9b8cecc - std::panicking::rust_panic_with_hook::h86e619a638415243
Dec 01 21:48:23.271 INFO [stderr]                                at libstd/panicking.rs:477
Dec 01 21:48:23.271 INFO [stderr]    5:     0x55f1d9b70c1f - std::panicking::begin_panic::h26807ac2abfc2210
Dec 01 21:48:23.271 INFO [stderr]                                at libstd/panicking.rs:411
Dec 01 21:48:23.271 INFO [stderr]    6:     0x55f1d9b6ed72 - build_script_build::main::h5e3452ecf2935038
Dec 01 21:48:23.271 INFO [stderr]                                at /cargo-home/registry/src/github.com-1ecc6299db9ec823/rocket_codegen-0.3.16/build.rs:38
Dec 01 21:48:23.271 INFO [stderr]    7:     0x55f1d9b7150f - std::rt::lang_start::{{closure}}::hdd73b25a420f224f
Dec 01 21:48:23.271 INFO [stderr]                                at libstd/rt.rs:74
Dec 01 21:48:23.271 INFO [stderr]    8:     0x55f1d9b8c972 - std::panicking::try::do_call::h47665672c57b11e4
Dec 01 21:48:23.271 INFO [stderr]                                at libstd/rt.rs:59
Dec 01 21:48:23.271 INFO [stderr]                                at libstd/panicking.rs:310
Dec 01 21:48:23.271 INFO [stderr]    9:     0x55f1d9bad929 - __rust_maybe_catch_panic
Dec 01 21:48:23.271 INFO [stderr]                                at libpanic_unwind/lib.rs:103
Dec 01 21:48:23.271 INFO [stderr]   10:     0x55f1d9b979f5 - std::rt::lang_start_internal::had9505969b8e20a2
Dec 01 21:48:23.271 INFO [stderr]                                at libstd/panicking.rs:289
Dec 01 21:48:23.271 INFO [stderr]                                at libstd/panic.rs:392
Dec 01 21:48:23.271 INFO [stderr]                                at libstd/rt.rs:58
Dec 01 21:48:23.271 INFO [stderr]   11:     0x55f1d9b714e7 - std::rt::lang_start::hdbaf1dc3ae5430d3
Dec 01 21:48:23.271 INFO [stderr]                                at libstd/rt.rs:74
Dec 01 21:48:23.271 INFO [stderr]   12:     0x55f1d9b6fc09 - main
Dec 01 21:48:23.271 INFO [stderr]   13:     0x7fce79c3f82f - __libc_start_main
Dec 01 21:48:23.271 INFO [stderr]   14:     0x55f1d9b6e428 - _start
Dec 01 21:48:23.271 INFO [stderr]   15:                0x0 - <unknown>
Dec 01 21:48:23.271 INFO [stderr] 
Dec 01 21:48:23.271 INFO [stderr] warning: build failed, waiting for other jobs to finish...
Dec 01 21:48:39.482 INFO [stderr] error: build failed
Dec 01 21:48:39.487 INFO [stderr] su: No module specific data is present
Dec 01 21:48:39.873 INFO running `"docker" "inspect" "33a1165a7df023aab497096277199da05616edab26e8b8910b3665ff74db0248"`
Dec 01 21:48:39.977 INFO running `"docker" "rm" "-f" "33a1165a7df023aab497096277199da05616edab26e8b8910b3665ff74db0248"`
Dec 01 21:48:40.133 INFO [stdout] 33a1165a7df023aab497096277199da05616edab26e8b8910b3665ff74db0248
