Dec 01 21:48:21.611 INFO testing chenghsienwen/hello-rocket against 1.30.1 for beta-1.31-5
Dec 01 21:48:21.611 INFO running `"docker" "create" "-v" "/mnt/big/crater/work/local/target-dirs/beta-1.31-5/worker-7/1.30.1:/target:rw,Z" "-v" "/mnt/big/crater/work/local/test-source/worker-7/beta-1.31-5/1.30.1:/source:ro,Z" "-v" "/mnt/big/crater/work/local/cargo-home:/cargo-home:ro,Z" "-v" "/mnt/big/crater/work/local/rustup-home:/rustup-home:ro,Z" "-e" "USER_ID=1000" "-e" "SOURCE_DIR=/source" "-e" "USER_ID=1000" "-e" "CMD=cargo +1.30.1 build --frozen" "-e" "CARGO_TARGET_DIR=/target" "-e" "CARGO_INCREMENTAL=0" "-e" "RUST_BACKTRACE=full" "-e" "RUSTFLAGS=--cap-lints=warn" "-e" "CARGO_HOME=/cargo-home" "-e" "RUSTUP_HOME=/rustup-home" "-m" "1536M" "--network" "none" "crater"`
Dec 01 21:48:21.867 INFO [stdout] bbf473df0403886c87d1d75e2ef83a56630eed21956d1f1c14c2eca17f361fd1
Dec 01 21:48:21.871 INFO running `"docker" "start" "-a" "bbf473df0403886c87d1d75e2ef83a56630eed21956d1f1c14c2eca17f361fd1"`
Dec 01 21:48:22.178 INFO [stderr] usermod: no changes
Dec 01 21:48:22.201 INFO [stderr]     Blocking waiting for file lock on the registry index
Dec 01 21:48:22.739 INFO [stderr]    Compiling proc-macro2 v0.4.14
Dec 01 21:48:22.740 INFO [stderr]    Compiling log v0.4.4
Dec 01 21:48:22.741 INFO [stderr]    Compiling isatty v0.1.8
Dec 01 21:48:22.743 INFO [stderr]    Compiling pear_codegen v0.0.20
Dec 01 21:48:22.743 INFO [stderr]    Compiling rocket v0.3.16
Dec 01 21:48:22.743 INFO [stderr]    Compiling rocket_codegen v0.3.16
Dec 01 21:48:22.744 INFO [stderr]    Compiling serde v1.0.75
Dec 01 21:48:22.748 INFO [stderr]    Compiling crossbeam-deque v0.2.0
Dec 01 21:48:23.026 INFO [stderr] error: failed to run custom build command for `rocket v0.3.16`
Dec 01 21:48:23.026 INFO [stderr] process didn't exit successfully: `/target/debug/build/rocket-a61187eead96cae3/build-script-build` (exit code: 101)
Dec 01 21:48:23.026 INFO [stderr] --- stderr
Dec 01 21:48:23.026 INFO [stderr] [1;31mError:[0m [37mRocket requires a nightly or dev version of Rust.[0m
Dec 01 21:48:23.026 INFO [stderr] [37mInstalled version is:[0m [33m1.30.1 (2018-11-07)[0m. [37mMinimum required:[0m [33m1.27.0-nightly (2018-04-26)[0m.
Dec 01 21:48:23.026 INFO [stderr] [34mSee the getting started guide ([0m[37mhttps://rocket.rs/guide/getting-started/[0m[34m) for more information.[0m
Dec 01 21:48:23.026 INFO [stderr] thread 'main' panicked at 'Aborting compilation due to incompatible compiler.', /cargo-home/registry/src/github.com-1ecc6299db9ec823/rocket-0.3.16/build.rs:38:13
Dec 01 21:48:23.026 INFO [stderr] stack backtrace:
Dec 01 21:48:23.026 INFO [stderr]    0:     0x55f9c758ca0e - std::sys::unix::backtrace::tracing::imp::unwind_backtrace::h15749a98198ba25f
Dec 01 21:48:23.026 INFO [stderr]                                at libstd/sys/unix/backtrace/tracing/gcc_s.rs:49
Dec 01 21:48:23.026 INFO [stderr]    1:     0x55f9c757df96 - std::sys_common::backtrace::print::h0ba65c811294dbf0
Dec 01 21:48:23.026 INFO [stderr]                                at libstd/sys_common/backtrace.rs:71
Dec 01 21:48:23.026 INFO [stderr]                                at libstd/sys_common/backtrace.rs:59
Dec 01 21:48:23.026 INFO [stderr]    2:     0x55f9c757c8dd - std::panicking::default_hook::{{closure}}::h42bb31757f0fee64
Dec 01 21:48:23.026 INFO [stderr]                                at libstd/panicking.rs:211
Dec 01 21:48:23.026 INFO [stderr]    3:     0x55f9c757c650 - std::panicking::default_hook::hebc8848d7aa7dbd9
Dec 01 21:48:23.026 INFO [stderr]                                at libstd/panicking.rs:227
Dec 01 21:48:23.026 INFO [stderr]    4:     0x55f9c757cedc - std::panicking::rust_panic_with_hook::h86e619a638415243
Dec 01 21:48:23.026 INFO [stderr]                                at libstd/panicking.rs:477
Dec 01 21:48:23.026 INFO [stderr]    5:     0x55f9c7560c2f - std::panicking::begin_panic::h1547f6b8df8ef062
Dec 01 21:48:23.026 INFO [stderr]                                at libstd/panicking.rs:411
Dec 01 21:48:23.026 INFO [stderr]    6:     0x55f9c755ed73 - build_script_build::main::h7e1e0ce982337217
Dec 01 21:48:23.026 INFO [stderr]                                at /cargo-home/registry/src/github.com-1ecc6299db9ec823/rocket-0.3.16/build.rs:38
Dec 01 21:48:23.026 INFO [stderr]    7:     0x55f9c756151f - std::rt::lang_start::{{closure}}::hdcba730274cd6e5e
Dec 01 21:48:23.026 INFO [stderr]                                at libstd/rt.rs:74
Dec 01 21:48:23.026 INFO [stderr]    8:     0x55f9c757c982 - std::panicking::try::do_call::h47665672c57b11e4
Dec 01 21:48:23.026 INFO [stderr]                                at libstd/rt.rs:59
Dec 01 21:48:23.026 INFO [stderr]                                at libstd/panicking.rs:310
Dec 01 21:48:23.026 INFO [stderr]    9:     0x55f9c759d939 - __rust_maybe_catch_panic
Dec 01 21:48:23.026 INFO [stderr]                                at libpanic_unwind/lib.rs:103
Dec 01 21:48:23.026 INFO [stderr]   10:     0x55f9c7587a05 - std::rt::lang_start_internal::had9505969b8e20a2
Dec 01 21:48:23.026 INFO [stderr]                                at libstd/panicking.rs:289
Dec 01 21:48:23.026 INFO [stderr]                                at libstd/panic.rs:392
Dec 01 21:48:23.026 INFO [stderr]                                at libstd/rt.rs:58
Dec 01 21:48:23.026 INFO [stderr]   11:     0x55f9c75614f7 - std::rt::lang_start::h5723be38f20d77cf
Dec 01 21:48:23.026 INFO [stderr]                                at libstd/rt.rs:74
Dec 01 21:48:23.026 INFO [stderr]   12:     0x55f9c755fc19 - main
Dec 01 21:48:23.026 INFO [stderr]   13:     0x7f631cf1b82f - __libc_start_main
Dec 01 21:48:23.026 INFO [stderr]   14:     0x55f9c755e428 - _start
Dec 01 21:48:23.026 INFO [stderr]   15:                0x0 - <unknown>
Dec 01 21:48:23.026 INFO [stderr] 
Dec 01 21:48:23.027 INFO [stderr] warning: build failed, waiting for other jobs to finish...
Dec 01 21:48:23.103 INFO [stderr] error: failed to run custom build command for `rocket_codegen v0.3.16`
Dec 01 21:48:23.103 INFO [stderr] process didn't exit successfully: `/target/debug/build/rocket_codegen-35313927dfebcaa1/build-script-build` (exit code: 101)
Dec 01 21:48:23.103 INFO [stderr] --- stderr
Dec 01 21:48:23.103 INFO [stderr] [1;31mError:[0m [37mRocket requires a nightly or dev version of Rust.[0m
Dec 01 21:48:23.103 INFO [stderr] [37mInstalled version is:[0m [33m1.30.1 (2018-11-07)[0m. [37mMinimum required:[0m [33m1.30.0-nightly (2018-08-23)[0m.
Dec 01 21:48:23.103 INFO [stderr] [34mSee the getting started guide ([0m[37mhttps://rocket.rs/guide/getting-started/[0m[34m) for more information.[0m
Dec 01 21:48:23.103 INFO [stderr] thread 'main' panicked at 'Aborting compilation due to incompatible compiler.', /cargo-home/registry/src/github.com-1ecc6299db9ec823/rocket_codegen-0.3.16/build.rs:38:17
Dec 01 21:48:23.103 INFO [stderr] stack backtrace:
Dec 01 21:48:23.103 INFO [stderr]    0:     0x5575f20229fe - std::sys::unix::backtrace::tracing::imp::unwind_backtrace::h15749a98198ba25f
Dec 01 21:48:23.103 INFO [stderr]                                at libstd/sys/unix/backtrace/tracing/gcc_s.rs:49
Dec 01 21:48:23.103 INFO [stderr]    1:     0x5575f2013f86 - std::sys_common::backtrace::print::h0ba65c811294dbf0
Dec 01 21:48:23.103 INFO [stderr]                                at libstd/sys_common/backtrace.rs:71
Dec 01 21:48:23.103 INFO [stderr]                                at libstd/sys_common/backtrace.rs:59
Dec 01 21:48:23.103 INFO [stderr]    2:     0x5575f20128cd - std::panicking::default_hook::{{closure}}::h42bb31757f0fee64
Dec 01 21:48:23.103 INFO [stderr]                                at libstd/panicking.rs:211
Dec 01 21:48:23.103 INFO [stderr]    3:     0x5575f2012640 - std::panicking::default_hook::hebc8848d7aa7dbd9
Dec 01 21:48:23.103 INFO [stderr]                                at libstd/panicking.rs:227
Dec 01 21:48:23.103 INFO [stderr]    4:     0x5575f2012ecc - std::panicking::rust_panic_with_hook::h86e619a638415243
Dec 01 21:48:23.103 INFO [stderr]                                at libstd/panicking.rs:477
Dec 01 21:48:23.103 INFO [stderr]    5:     0x5575f1ff6c1f - std::panicking::begin_panic::h26807ac2abfc2210
Dec 01 21:48:23.103 INFO [stderr]                                at libstd/panicking.rs:411
Dec 01 21:48:23.103 INFO [stderr]    6:     0x5575f1ff4d72 - build_script_build::main::h5e3452ecf2935038
Dec 01 21:48:23.103 INFO [stderr]                                at /cargo-home/registry/src/github.com-1ecc6299db9ec823/rocket_codegen-0.3.16/build.rs:38
Dec 01 21:48:23.103 INFO [stderr]    7:     0x5575f1ff750f - std::rt::lang_start::{{closure}}::hdd73b25a420f224f
Dec 01 21:48:23.103 INFO [stderr]                                at libstd/rt.rs:74
Dec 01 21:48:23.103 INFO [stderr]    8:     0x5575f2012972 - std::panicking::try::do_call::h47665672c57b11e4
Dec 01 21:48:23.103 INFO [stderr]                                at libstd/rt.rs:59
Dec 01 21:48:23.103 INFO [stderr]                                at libstd/panicking.rs:310
Dec 01 21:48:23.103 INFO [stderr]    9:     0x5575f2033929 - __rust_maybe_catch_panic
Dec 01 21:48:23.103 INFO [stderr]                                at libpanic_unwind/lib.rs:103
Dec 01 21:48:23.103 INFO [stderr]   10:     0x5575f201d9f5 - std::rt::lang_start_internal::had9505969b8e20a2
Dec 01 21:48:23.103 INFO [stderr]                                at libstd/panicking.rs:289
Dec 01 21:48:23.103 INFO [stderr]                                at libstd/panic.rs:392
Dec 01 21:48:23.103 INFO [stderr]                                at libstd/rt.rs:58
Dec 01 21:48:23.103 INFO [stderr]   11:     0x5575f1ff74e7 - std::rt::lang_start::hdbaf1dc3ae5430d3
Dec 01 21:48:23.103 INFO [stderr]                                at libstd/rt.rs:74
Dec 01 21:48:23.103 INFO [stderr]   12:     0x5575f1ff5c09 - main
Dec 01 21:48:23.104 INFO [stderr]   13:     0x7f4d0978882f - __libc_start_main
Dec 01 21:48:23.104 INFO [stderr]   14:     0x5575f1ff4428 - _start
Dec 01 21:48:23.104 INFO [stderr]   15:                0x0 - <unknown>
Dec 01 21:48:23.104 INFO [stderr] 
Dec 01 21:48:23.104 INFO [stderr] warning: build failed, waiting for other jobs to finish...
Dec 01 21:48:23.136 INFO [stderr] error: failed to run custom build command for `pear_codegen v0.0.20`
Dec 01 21:48:23.136 INFO [stderr] process didn't exit successfully: `/target/debug/build/pear_codegen-183b5b0a0ae809b5/build-script-build` (exit code: 101)
Dec 01 21:48:23.136 INFO [stderr] --- stderr
Dec 01 21:48:23.136 INFO [stderr] [1;31mError:[0m [37mPear requires a nightly or dev version of Rust.[0m
Dec 01 21:48:23.136 INFO [stderr] [37mInstalled version is:[0m [33m1.30.1 (2018-11-07)[0m. [37mMinimum required:[0m [33m1.30.0-nightly (2018-08-23)[0m.
Dec 01 21:48:23.136 INFO [stderr] thread 'main' panicked at 'Aborting compilation due to incompatible compiler.', /cargo-home/registry/src/github.com-1ecc6299db9ec823/pear_codegen-0.0.20/build.rs:31:13
Dec 01 21:48:23.136 INFO [stderr] stack backtrace:
Dec 01 21:48:23.136 INFO [stderr]    0:     0x5561145777de - std::sys::unix::backtrace::tracing::imp::unwind_backtrace::h15749a98198ba25f
Dec 01 21:48:23.136 INFO [stderr]                                at libstd/sys/unix/backtrace/tracing/gcc_s.rs:49
Dec 01 21:48:23.137 INFO [stderr]    1:     0x556114568d66 - std::sys_common::backtrace::print::h0ba65c811294dbf0
Dec 01 21:48:23.137 INFO [stderr]                                at libstd/sys_common/backtrace.rs:71
Dec 01 21:48:23.137 INFO [stderr]                                at libstd/sys_common/backtrace.rs:59
Dec 01 21:48:23.137 INFO [stderr]    2:     0x5561145676ad - std::panicking::default_hook::{{closure}}::h42bb31757f0fee64
Dec 01 21:48:23.137 INFO [stderr]                                at libstd/panicking.rs:211
Dec 01 21:48:23.137 INFO [stderr]    3:     0x556114567420 - std::panicking::default_hook::hebc8848d7aa7dbd9
Dec 01 21:48:23.137 INFO [stderr]                                at libstd/panicking.rs:227
Dec 01 21:48:23.137 INFO [stderr]    4:     0x556114567cac - std::panicking::rust_panic_with_hook::h86e619a638415243
Dec 01 21:48:23.137 INFO [stderr]                                at libstd/panicking.rs:477
Dec 01 21:48:23.137 INFO [stderr]    5:     0x55611454b9ff - std::panicking::begin_panic::h65ef3ad7de42f4ad
Dec 01 21:48:23.137 INFO [stderr]                                at libstd/panicking.rs:411
Dec 01 21:48:23.137 INFO [stderr]    6:     0x556114549b3a - build_script_build::main::h46f39c458748acff
Dec 01 21:48:23.137 INFO [stderr]                                at /cargo-home/registry/src/github.com-1ecc6299db9ec823/pear_codegen-0.0.20/build.rs:31
Dec 01 21:48:23.137 INFO [stderr]    7:     0x55611454c2ef - std::rt::lang_start::{{closure}}::h104f159df20e8d81
Dec 01 21:48:23.137 INFO [stderr]                                at libstd/rt.rs:74
Dec 01 21:48:23.137 INFO [stderr]    8:     0x556114567752 - std::panicking::try::do_call::h47665672c57b11e4
Dec 01 21:48:23.137 INFO [stderr]                                at libstd/rt.rs:59
Dec 01 21:48:23.137 INFO [stderr]                                at libstd/panicking.rs:310
Dec 01 21:48:23.137 INFO [stderr]    9:     0x556114588709 - __rust_maybe_catch_panic
Dec 01 21:48:23.137 INFO [stderr]                                at libpanic_unwind/lib.rs:103
Dec 01 21:48:23.137 INFO [stderr]   10:     0x5561145727d5 - std::rt::lang_start_internal::had9505969b8e20a2
Dec 01 21:48:23.137 INFO [stderr]                                at libstd/panicking.rs:289
Dec 01 21:48:23.137 INFO [stderr]                                at libstd/panic.rs:392
Dec 01 21:48:23.137 INFO [stderr]                                at libstd/rt.rs:58
Dec 01 21:48:23.137 INFO [stderr]   11:     0x55611454c2c7 - std::rt::lang_start::h6c12a89b5498f3bc
Dec 01 21:48:23.137 INFO [stderr]                                at libstd/rt.rs:74
Dec 01 21:48:23.137 INFO [stderr]   12:     0x55611454a9e9 - main
Dec 01 21:48:23.137 INFO [stderr]   13:     0x7f904796a82f - __libc_start_main
Dec 01 21:48:23.137 INFO [stderr]   14:     0x556114549428 - _start
Dec 01 21:48:23.137 INFO [stderr]   15:                0x0 - <unknown>
Dec 01 21:48:23.137 INFO [stderr] 
Dec 01 21:48:23.137 INFO [stderr] warning: build failed, waiting for other jobs to finish...
Dec 01 21:48:35.853 INFO [stderr] error: build failed
Dec 01 21:48:35.853 INFO [stderr] su: No module specific data is present
Dec 01 21:48:36.295 INFO running `"docker" "inspect" "bbf473df0403886c87d1d75e2ef83a56630eed21956d1f1c14c2eca17f361fd1"`
Dec 01 21:48:36.629 INFO running `"docker" "rm" "-f" "bbf473df0403886c87d1d75e2ef83a56630eed21956d1f1c14c2eca17f361fd1"`
Dec 01 21:48:36.867 INFO [stdout] bbf473df0403886c87d1d75e2ef83a56630eed21956d1f1c14c2eca17f361fd1
