Dec 01 23:00:17.680 INFO testing bluecookies/siglus-decompile against 1.30.1 for beta-1.31-5
Dec 01 23:00:17.680 INFO running `"docker" "create" "-v" "/mnt/big/crater/work/local/target-dirs/beta-1.31-5/worker-1/1.30.1:/target:rw,Z" "-v" "/mnt/big/crater/work/local/test-source/worker-1/beta-1.31-5/1.30.1:/source:ro,Z" "-v" "/mnt/big/crater/work/local/cargo-home:/cargo-home:ro,Z" "-v" "/mnt/big/crater/work/local/rustup-home:/rustup-home:ro,Z" "-e" "USER_ID=1000" "-e" "SOURCE_DIR=/source" "-e" "USER_ID=1000" "-e" "CMD=cargo +1.30.1 build --frozen" "-e" "CARGO_TARGET_DIR=/target" "-e" "CARGO_INCREMENTAL=0" "-e" "RUST_BACKTRACE=full" "-e" "RUSTFLAGS=--cap-lints=warn" "-e" "CARGO_HOME=/cargo-home" "-e" "RUSTUP_HOME=/rustup-home" "-m" "1536M" "--network" "none" "crater"`
Dec 01 23:00:18.135 INFO [stdout] 0f9aa7a83efe1369dc10c67c1956c968c0370d505e0597ea6f733f617669248d
Dec 01 23:00:18.143 INFO running `"docker" "start" "-a" "0f9aa7a83efe1369dc10c67c1956c968c0370d505e0597ea6f733f617669248d"`
Dec 01 23:00:19.232 INFO [stderr] usermod: no changes
Dec 01 23:00:19.315 INFO [stderr]    Compiling petgraph v0.4.12
Dec 01 23:00:19.316 INFO [stderr]    Compiling fern v0.5.6
Dec 01 23:00:21.754 INFO [stderr] error[E0034]: multiple applicable items in scope
Dec 01 23:00:21.754 INFO [stderr]     --> /cargo-home/registry/src/github.com-1ecc6299db9ec823/petgraph-0.4.12/src/graph_impl/stable_graph/mod.rs:1171:19
Dec 01 23:00:21.754 INFO [stderr]      |
Dec 01 23:00:21.754 INFO [stderr] 1171 |         self.iter.find_map(|(i, node)| {
Dec 01 23:00:21.754 INFO [stderr]      |                   ^^^^^^^^ multiple `find_map` found
Dec 01 23:00:21.754 INFO [stderr]      |
Dec 01 23:00:21.754 INFO [stderr] note: candidate #1 is defined in an impl of the trait `iter_utils::IterUtilsExt` for the type `_`
Dec 01 23:00:21.754 INFO [stderr]     --> /cargo-home/registry/src/github.com-1ecc6299db9ec823/petgraph-0.4.12/src/iter_utils.rs:5:5
Dec 01 23:00:21.754 INFO [stderr]      |
Dec 01 23:00:21.754 INFO [stderr] 5    | /     fn find_map<F, R>(&mut self, mut f: F) -> Option<R>
Dec 01 23:00:21.754 INFO [stderr] 6    | |         where F: FnMut(Self::Item) -> Option<R>
Dec 01 23:00:21.754 INFO [stderr] 7    | |     {
Dec 01 23:00:21.754 INFO [stderr] 8    | |         while let Some(elt) = self.next() {
Dec 01 23:00:21.754 INFO [stderr] ...    |
Dec 01 23:00:21.754 INFO [stderr] 13   | |         None
Dec 01 23:00:21.754 INFO [stderr] 14   | |     }
Dec 01 23:00:21.754 INFO [stderr]      | |_____^
Dec 01 23:00:21.754 INFO [stderr]      = note: candidate #2 is defined in an impl of the trait `std::iter::Iterator` for the type `std::iter::Enumerate<_>`
Dec 01 23:00:21.754 INFO [stderr] 
Dec 01 23:00:21.770 INFO [stderr] error[E0034]: multiple applicable items in scope
Dec 01 23:00:21.770 INFO [stderr]     --> /cargo-home/registry/src/github.com-1ecc6299db9ec823/petgraph-0.4.12/src/graph_impl/stable_graph/mod.rs:1363:19
Dec 01 23:00:21.770 INFO [stderr]      |
Dec 01 23:00:21.770 INFO [stderr] 1363 |         self.iter.find_map(|(i, edge)|
Dec 01 23:00:21.770 INFO [stderr]      |                   ^^^^^^^^ multiple `find_map` found
Dec 01 23:00:21.770 INFO [stderr]      |
Dec 01 23:00:21.770 INFO [stderr] note: candidate #1 is defined in an impl of the trait `iter_utils::IterUtilsExt` for the type `_`
Dec 01 23:00:21.770 INFO [stderr]     --> /cargo-home/registry/src/github.com-1ecc6299db9ec823/petgraph-0.4.12/src/iter_utils.rs:5:5
Dec 01 23:00:21.770 INFO [stderr]      |
Dec 01 23:00:21.770 INFO [stderr] 5    | /     fn find_map<F, R>(&mut self, mut f: F) -> Option<R>
Dec 01 23:00:21.770 INFO [stderr] 6    | |         where F: FnMut(Self::Item) -> Option<R>
Dec 01 23:00:21.770 INFO [stderr] 7    | |     {
Dec 01 23:00:21.770 INFO [stderr] 8    | |         while let Some(elt) = self.next() {
Dec 01 23:00:21.770 INFO [stderr] ...    |
Dec 01 23:00:21.770 INFO [stderr] 13   | |         None
Dec 01 23:00:21.770 INFO [stderr] 14   | |     }
Dec 01 23:00:21.770 INFO [stderr]      | |_____^
Dec 01 23:00:21.770 INFO [stderr]      = note: candidate #2 is defined in an impl of the trait `std::iter::Iterator` for the type `std::iter::Enumerate<_>`
Dec 01 23:00:21.770 INFO [stderr] 
Dec 01 23:00:21.779 INFO [stderr] error[E0034]: multiple applicable items in scope
Dec 01 23:00:21.781 INFO [stderr]     --> /cargo-home/registry/src/github.com-1ecc6299db9ec823/petgraph-0.4.12/src/graph_impl/stable_graph/mod.rs:1527:19
Dec 01 23:00:21.781 INFO [stderr]      |
Dec 01 23:00:21.781 INFO [stderr] 1527 |         self.iter.find_map(|(i, node)| {
Dec 01 23:00:21.781 INFO [stderr]      |                   ^^^^^^^^ multiple `find_map` found
Dec 01 23:00:21.781 INFO [stderr]      |
Dec 01 23:00:21.781 INFO [stderr] note: candidate #1 is defined in an impl of the trait `iter_utils::IterUtilsExt` for the type `_`
Dec 01 23:00:21.781 INFO [stderr]     --> /cargo-home/registry/src/github.com-1ecc6299db9ec823/petgraph-0.4.12/src/iter_utils.rs:5:5
Dec 01 23:00:21.781 INFO [stderr]      |
Dec 01 23:00:21.781 INFO [stderr] 5    | /     fn find_map<F, R>(&mut self, mut f: F) -> Option<R>
Dec 01 23:00:21.781 INFO [stderr] 6    | |         where F: FnMut(Self::Item) -> Option<R>
Dec 01 23:00:21.781 INFO [stderr] 7    | |     {
Dec 01 23:00:21.781 INFO [stderr] 8    | |         while let Some(elt) = self.next() {
Dec 01 23:00:21.781 INFO [stderr] ...    |
Dec 01 23:00:21.781 INFO [stderr] 13   | |         None
Dec 01 23:00:21.781 INFO [stderr] 14   | |     }
Dec 01 23:00:21.781 INFO [stderr]      | |_____^
Dec 01 23:00:21.781 INFO [stderr]      = note: candidate #2 is defined in an impl of the trait `std::iter::Iterator` for the type `std::iter::Enumerate<_>`
Dec 01 23:00:21.781 INFO [stderr] 
Dec 01 23:00:21.783 INFO [stderr] error[E0034]: multiple applicable items in scope
Dec 01 23:00:21.783 INFO [stderr]     --> /cargo-home/registry/src/github.com-1ecc6299db9ec823/petgraph-0.4.12/src/graph_impl/stable_graph/mod.rs:1573:19
Dec 01 23:00:21.783 INFO [stderr]      |
Dec 01 23:00:21.783 INFO [stderr] 1573 |         self.iter.find_map(|(i, node)| {
Dec 01 23:00:21.783 INFO [stderr]      |                   ^^^^^^^^ multiple `find_map` found
Dec 01 23:00:21.783 INFO [stderr]      |
Dec 01 23:00:21.783 INFO [stderr] note: candidate #1 is defined in an impl of the trait `iter_utils::IterUtilsExt` for the type `_`
Dec 01 23:00:21.783 INFO [stderr]     --> /cargo-home/registry/src/github.com-1ecc6299db9ec823/petgraph-0.4.12/src/iter_utils.rs:5:5
Dec 01 23:00:21.783 INFO [stderr]      |
Dec 01 23:00:21.783 INFO [stderr] 5    | /     fn find_map<F, R>(&mut self, mut f: F) -> Option<R>
Dec 01 23:00:21.783 INFO [stderr] 6    | |         where F: FnMut(Self::Item) -> Option<R>
Dec 01 23:00:21.783 INFO [stderr] 7    | |     {
Dec 01 23:00:21.783 INFO [stderr] 8    | |         while let Some(elt) = self.next() {
Dec 01 23:00:21.783 INFO [stderr] ...    |
Dec 01 23:00:21.783 INFO [stderr] 13   | |         None
Dec 01 23:00:21.783 INFO [stderr] 14   | |     }
Dec 01 23:00:21.783 INFO [stderr]      | |_____^
Dec 01 23:00:21.783 INFO [stderr]      = note: candidate #2 is defined in an impl of the trait `std::iter::Iterator` for the type `std::iter::Enumerate<_>`
Dec 01 23:00:21.783 INFO [stderr] 
Dec 01 23:00:22.071 INFO [stderr] error: aborting due to 4 previous errors
Dec 01 23:00:22.071 INFO [stderr] 
Dec 01 23:00:22.071 INFO [stderr] For more information about this error, try `rustc --explain E0034`.
Dec 01 23:00:22.079 INFO [stderr] error: Could not compile `petgraph`.
Dec 01 23:00:22.079 INFO [stderr] 
Dec 01 23:00:22.079 INFO [stderr] To learn more, run the command again with --verbose.
Dec 01 23:00:22.081 INFO [stderr] su: No module specific data is present
Dec 01 23:00:22.736 INFO running `"docker" "inspect" "0f9aa7a83efe1369dc10c67c1956c968c0370d505e0597ea6f733f617669248d"`
Dec 01 23:00:23.018 INFO running `"docker" "rm" "-f" "0f9aa7a83efe1369dc10c67c1956c968c0370d505e0597ea6f733f617669248d"`
Dec 01 23:00:23.295 INFO [stdout] 0f9aa7a83efe1369dc10c67c1956c968c0370d505e0597ea6f733f617669248d
