Dec 01 23:51:43.790 INFO testing azah/amaranth-rust against 1.30.1 for beta-1.31-5
Dec 01 23:51:43.790 INFO running `"docker" "create" "-v" "/mnt/big/crater/work/local/target-dirs/beta-1.31-5/worker-2/1.30.1:/target:rw,Z" "-v" "/mnt/big/crater/work/local/test-source/worker-2/beta-1.31-5/1.30.1:/source:ro,Z" "-v" "/mnt/big/crater/work/local/cargo-home:/cargo-home:ro,Z" "-v" "/mnt/big/crater/work/local/rustup-home:/rustup-home:ro,Z" "-e" "USER_ID=1000" "-e" "SOURCE_DIR=/source" "-e" "USER_ID=1000" "-e" "CMD=cargo +1.30.1 build --frozen" "-e" "CARGO_TARGET_DIR=/target" "-e" "CARGO_INCREMENTAL=0" "-e" "RUST_BACKTRACE=full" "-e" "RUSTFLAGS=--cap-lints=warn" "-e" "CARGO_HOME=/cargo-home" "-e" "RUSTUP_HOME=/rustup-home" "-m" "1536M" "--network" "none" "crater"`
Dec 01 23:51:44.121 INFO [stdout] 619279a78c5f7a9ee59b8182ab1f722460a886793799569c8cb414abcc12c9fe
Dec 01 23:51:44.123 INFO running `"docker" "start" "-a" "619279a78c5f7a9ee59b8182ab1f722460a886793799569c8cb414abcc12c9fe"`
Dec 01 23:51:44.867 INFO [stderr] usermod: no changes
Dec 01 23:51:45.371 INFO [stderr]    Compiling threadpool v1.7.1
Dec 01 23:51:45.371 INFO [stderr]    Compiling parking_lot_core v0.2.14
Dec 01 23:51:45.371 INFO [stderr]    Compiling tempdir v0.3.7
Dec 01 23:51:45.371 INFO [stderr]    Compiling uuid v0.6.5
Dec 01 23:51:45.416 INFO [stderr]    Compiling flate2 v1.0.5
Dec 01 23:51:45.416 INFO [stderr]    Compiling openssl v0.9.24
Dec 01 23:51:45.416 INFO [stderr]    Compiling hyper v0.10.15
Dec 01 23:51:45.423 INFO [stderr]    Compiling syn v0.15.22
Dec 01 23:51:50.291 INFO [stderr]    Compiling uuid v0.5.1
Dec 01 23:51:50.291 INFO [stderr]    Compiling parking_lot v0.5.5
Dec 01 23:51:50.291 INFO [stderr]    Compiling mime_guess v1.8.6
Dec 01 23:51:50.307 INFO [stderr]    Compiling tokio-core v0.1.17
Dec 01 23:52:04.807 INFO [stderr]    Compiling native-tls v0.1.5
Dec 01 23:52:09.667 INFO [stderr]    Compiling multipart v0.13.6
Dec 01 23:52:09.691 INFO [stderr]    Compiling evzht9h3nznqzwl v0.0.3
Dec 01 23:52:10.779 INFO [stderr]    Compiling hyper-native-tls v0.2.4
Dec 01 23:52:10.881 INFO [stderr]    Compiling tokio-tls v0.1.4
Dec 01 23:52:11.032 INFO [stderr]    Compiling hyper v0.11.27
Dec 01 23:52:12.055 INFO [stderr]    Compiling serde_derive v1.0.80
Dec 01 23:52:28.048 INFO [stderr]    Compiling hyper-tls v0.1.4
Dec 01 23:52:33.805 INFO [stderr]    Compiling serenity v0.5.11
Dec 01 23:52:35.291 INFO [stderr]    Compiling reqwest v0.8.8
Dec 01 23:53:13.572 INFO [stderr]    Compiling amaranth v0.1.0 (/source)
Dec 01 23:53:22.432 INFO [stderr] error[E0308]: mismatched types
Dec 01 23:53:22.432 INFO [stderr]   --> src/main.rs:55:57
Dec 01 23:53:22.432 INFO [stderr]    |
Dec 01 23:53:22.432 INFO [stderr] 55 |                     let entry = previous_messages.entry(channel_id).or_insert(0);
Dec 01 23:53:22.432 INFO [stderr]    |                                                         ^^^^^^^^^^
Dec 01 23:53:22.432 INFO [stderr]    |                                                         |
Dec 01 23:53:22.432 INFO [stderr]    |                                                         expected u64, found &u64
Dec 01 23:53:22.432 INFO [stderr]    |                                                         help: consider dereferencing the borrow: `*channel_id`
Dec 01 23:53:22.432 INFO [stderr]    |
Dec 01 23:53:22.432 INFO [stderr]    = note: expected type `u64`
Dec 01 23:53:22.432 INFO [stderr]               found type `&u64`
Dec 01 23:53:22.432 INFO [stderr] 
Dec 01 23:53:22.458 INFO [stderr] error[E0277]: can't compare `&mut u64` with `{integer}`
Dec 01 23:53:22.458 INFO [stderr]   --> src/main.rs:56:30
Dec 01 23:53:22.458 INFO [stderr]    |
Dec 01 23:53:22.458 INFO [stderr] 56 |                     if entry == 0 { return; }
Dec 01 23:53:22.458 INFO [stderr]    |                              ^^ no implementation for `&mut u64 == {integer}`
Dec 01 23:53:22.458 INFO [stderr]    |
Dec 01 23:53:22.458 INFO [stderr]    = help: the trait `std::cmp::PartialEq<{integer}>` is not implemented for `&mut u64`
Dec 01 23:53:22.458 INFO [stderr] 
Dec 01 23:53:23.011 INFO [stderr] error[E0308]: mismatched types
Dec 01 23:53:23.011 INFO [stderr]   --> src/main.rs:63:29
Dec 01 23:53:23.011 INFO [stderr]    |
Dec 01 23:53:23.011 INFO [stderr] 63 |                     entry = msg_id;
Dec 01 23:53:23.011 INFO [stderr]    |                             ^^^^^^ types differ in mutability
Dec 01 23:53:23.011 INFO [stderr]    |
Dec 01 23:53:23.011 INFO [stderr]    = note: expected type `&mut u64`
Dec 01 23:53:23.011 INFO [stderr]               found type `&u64`
Dec 01 23:53:23.011 INFO [stderr] 
Dec 01 23:53:23.131 INFO [stderr] error: aborting due to 3 previous errors
Dec 01 23:53:23.131 INFO [stderr] 
Dec 01 23:53:23.131 INFO [stderr] Some errors occurred: E0277, E0308.
Dec 01 23:53:23.131 INFO [stderr] For more information about an error, try `rustc --explain E0277`.
Dec 01 23:53:23.167 INFO [stderr] error: Could not compile `amaranth`.
Dec 01 23:53:23.167 INFO [stderr] 
Dec 01 23:53:23.167 INFO [stderr] To learn more, run the command again with --verbose.
Dec 01 23:53:23.167 INFO [stderr] su: No module specific data is present
Dec 01 23:53:24.025 INFO running `"docker" "inspect" "619279a78c5f7a9ee59b8182ab1f722460a886793799569c8cb414abcc12c9fe"`
Dec 01 23:53:24.289 INFO running `"docker" "rm" "-f" "619279a78c5f7a9ee59b8182ab1f722460a886793799569c8cb414abcc12c9fe"`
Dec 01 23:53:24.579 INFO [stdout] 619279a78c5f7a9ee59b8182ab1f722460a886793799569c8cb414abcc12c9fe
