Dec 01 23:53:55.246 INFO testing awslabs/fast-pseudoprimes against 1.30.1 for beta-1.31-5
Dec 01 23:53:55.246 INFO running `"docker" "create" "-v" "/mnt/big/crater/work/local/target-dirs/beta-1.31-5/worker-6/1.30.1:/target:rw,Z" "-v" "/mnt/big/crater/work/local/test-source/worker-6/beta-1.31-5/1.30.1:/source:ro,Z" "-v" "/mnt/big/crater/work/local/cargo-home:/cargo-home:ro,Z" "-v" "/mnt/big/crater/work/local/rustup-home:/rustup-home:ro,Z" "-e" "USER_ID=1000" "-e" "SOURCE_DIR=/source" "-e" "USER_ID=1000" "-e" "CMD=cargo +1.30.1 build --frozen" "-e" "CARGO_TARGET_DIR=/target" "-e" "CARGO_INCREMENTAL=0" "-e" "RUST_BACKTRACE=full" "-e" "RUSTFLAGS=--cap-lints=warn" "-e" "CARGO_HOME=/cargo-home" "-e" "RUSTUP_HOME=/rustup-home" "-m" "1536M" "--network" "none" "crater"`
Dec 01 23:53:55.757 INFO [stdout] d3e1051f0c115aa631f4f41074cef8c3b515a6d3e197293bf4d9d8fcf94f1805
Dec 01 23:53:55.759 INFO running `"docker" "start" "-a" "d3e1051f0c115aa631f4f41074cef8c3b515a6d3e197293bf4d9d8fcf94f1805"`
Dec 01 23:53:57.738 INFO [stderr] usermod: no changes
Dec 01 23:53:57.843 INFO [stderr]    Compiling gmp-mpfr-sys v1.1.9
Dec 01 23:53:57.855 INFO [stderr]    Compiling rug v1.2.2
Dec 01 23:53:57.855 INFO [stderr]    Compiling num-integer v0.1.39
Dec 01 23:54:01.346 INFO [stderr]    Compiling modinverse v0.1.0
Dec 01 23:58:03.231 INFO [stderr]    Compiling pseudoprimes v0.1.0 (/source)
Dec 01 23:58:04.531 INFO [stderr] error[E0308]: mismatched types
Dec 01 23:58:04.531 INFO [stderr]   --> src/bloomfilter/mod.rs:90:13
Dec 01 23:58:04.531 INFO [stderr]    |
Dec 01 23:58:04.531 INFO [stderr] 90 |         let (node_id, mut f2) = filters.pop().unwrap();
Dec 01 23:58:04.531 INFO [stderr]    |             ^^^^^^^^^^^^^^^^^ expected struct `bloomfilter::conc_bloom::BloomFilter`, found tuple
Dec 01 23:58:04.531 INFO [stderr]    |
Dec 01 23:58:04.531 INFO [stderr]    = note: expected type `bloomfilter::conc_bloom::BloomFilter<u64>`
Dec 01 23:58:04.531 INFO [stderr]               found type `(_, _)`
Dec 01 23:58:04.531 INFO [stderr] 
Dec 01 23:58:04.565 INFO [stderr] error[E0609]: no field `1` on type `bloomfilter::conc_bloom::BloomFilter<u64>`
Dec 01 23:58:04.565 INFO [stderr]   --> src/bloomfilter/mod.rs:91:20
Dec 01 23:58:04.565 INFO [stderr]    |
Dec 01 23:58:04.566 INFO [stderr] 91 |         filters[0].1.cross_or(&mut f2);
Dec 01 23:58:04.566 INFO [stderr]    |                    ^ unknown field
Dec 01 23:58:04.566 INFO [stderr] 
Dec 01 23:58:04.566 INFO [stderr] error[E0308]: mismatched types
Dec 01 23:58:04.567 INFO [stderr]   --> src/bloomfilter/mod.rs:97:9
Dec 01 23:58:04.567 INFO [stderr]    |
Dec 01 23:58:04.567 INFO [stderr] 97 |     for (node, filter) in filters.into_iter() {
Dec 01 23:58:04.567 INFO [stderr]    |         ^^^^^^^^^^^^^^ expected struct `bloomfilter::conc_bloom::BloomFilter`, found tuple
Dec 01 23:58:04.567 INFO [stderr]    |
Dec 01 23:58:04.567 INFO [stderr]    = note: expected type `bloomfilter::conc_bloom::BloomFilter<u64>`
Dec 01 23:58:04.567 INFO [stderr]               found type `(_, _)`
Dec 01 23:58:04.567 INFO [stderr] 
Dec 01 23:58:04.831 INFO [stderr] error: aborting due to 3 previous errors
Dec 01 23:58:04.831 INFO [stderr] 
Dec 01 23:58:04.831 INFO [stderr] Some errors occurred: E0308, E0609.
Dec 01 23:58:04.831 INFO [stderr] For more information about an error, try `rustc --explain E0308`.
Dec 01 23:58:04.842 INFO [stderr] error: Could not compile `pseudoprimes`.
Dec 01 23:58:04.842 INFO [stderr] 
Dec 01 23:58:04.842 INFO [stderr] To learn more, run the command again with --verbose.
Dec 01 23:58:04.843 INFO [stderr] su: No module specific data is present
Dec 01 23:58:06.248 INFO running `"docker" "inspect" "d3e1051f0c115aa631f4f41074cef8c3b515a6d3e197293bf4d9d8fcf94f1805"`
Dec 01 23:58:06.513 INFO running `"docker" "rm" "-f" "d3e1051f0c115aa631f4f41074cef8c3b515a6d3e197293bf4d9d8fcf94f1805"`
Dec 01 23:58:06.822 INFO [stdout] d3e1051f0c115aa631f4f41074cef8c3b515a6d3e197293bf4d9d8fcf94f1805
