Dec 02 00:25:16.736 INFO testing arathunku/rulsp against 1.30.1 for beta-1.31-5
Dec 02 00:25:16.736 INFO running `"docker" "create" "-v" "/mnt/big/crater/work/local/target-dirs/beta-1.31-5/worker-7/1.30.1:/target:rw,Z" "-v" "/mnt/big/crater/work/local/test-source/worker-7/beta-1.31-5/1.30.1:/source:ro,Z" "-v" "/mnt/big/crater/work/local/cargo-home:/cargo-home:ro,Z" "-v" "/mnt/big/crater/work/local/rustup-home:/rustup-home:ro,Z" "-e" "USER_ID=1000" "-e" "SOURCE_DIR=/source" "-e" "USER_ID=1000" "-e" "CMD=cargo +1.30.1 build --frozen" "-e" "CARGO_TARGET_DIR=/target" "-e" "CARGO_INCREMENTAL=0" "-e" "RUST_BACKTRACE=full" "-e" "RUSTFLAGS=--cap-lints=warn" "-e" "CARGO_HOME=/cargo-home" "-e" "RUSTUP_HOME=/rustup-home" "-m" "1536M" "--network" "none" "crater"`
Dec 02 00:25:17.051 INFO [stdout] 34f6c56427f7830e077c345332f74b173736c80d5e87d75f1094ac82f20883d4
Dec 02 00:25:17.053 INFO running `"docker" "start" "-a" "34f6c56427f7830e077c345332f74b173736c80d5e87d75f1094ac82f20883d4"`
Dec 02 00:25:17.662 INFO [stderr] usermod: no changes
Dec 02 00:25:17.787 INFO [stderr]    Compiling memchr v0.1.11
Dec 02 00:25:17.787 INFO [stderr]    Compiling nix v0.5.1
Dec 02 00:25:17.787 INFO [stderr]    Compiling thread-id v2.0.0
Dec 02 00:25:18.891 INFO [stderr]    Compiling thread_local v0.2.7
Dec 02 00:25:19.206 INFO [stderr]    Compiling aho-corasick v0.5.3
Dec 02 00:25:21.023 INFO [stderr]    Compiling regex v0.1.77
Dec 02 00:25:25.657 INFO [stderr]    Compiling rustyline v1.0.0
Dec 02 00:25:33.335 INFO [stderr]    Compiling env_logger v0.3.5
Dec 02 00:25:35.147 INFO [stderr]    Compiling rulsp v0.1.0 (/source)
Dec 02 00:25:36.324 INFO [stderr] error[E0554]: #![feature] may not be used on the stable release channel
Dec 02 00:25:36.324 INFO [stderr]  --> src/main.rs:1:1
Dec 02 00:25:36.325 INFO [stderr]   |
Dec 02 00:25:36.325 INFO [stderr] 1 | #![feature(field_init_shorthand)]
Dec 02 00:25:36.325 INFO [stderr]   | ^^^^^^^^^^^^^^^^^^^^^^^^^^^^^^^^^
Dec 02 00:25:36.325 INFO [stderr] 
Dec 02 00:25:36.326 INFO [stderr] error[E0554]: #![feature] may not be used on the stable release channel
Dec 02 00:25:36.326 INFO [stderr]  --> src/main.rs:2:1
Dec 02 00:25:36.326 INFO [stderr]   |
Dec 02 00:25:36.326 INFO [stderr] 2 | #![feature(test)]
Dec 02 00:25:36.326 INFO [stderr]   | ^^^^^^^^^^^^^^^^^
Dec 02 00:25:36.327 INFO [stderr] 
Dec 02 00:25:36.327 INFO [stderr] error[E0554]: #![feature] may not be used on the stable release channel
Dec 02 00:25:36.327 INFO [stderr]  --> src/main.rs:4:1
Dec 02 00:25:36.327 INFO [stderr]   |
Dec 02 00:25:36.328 INFO [stderr] 4 | #![feature(alloc_system)]
Dec 02 00:25:36.328 INFO [stderr]   | ^^^^^^^^^^^^^^^^^^^^^^^^^
Dec 02 00:25:36.328 INFO [stderr] 
Dec 02 00:25:36.328 INFO [stderr] error: aborting due to 3 previous errors
Dec 02 00:25:36.328 INFO [stderr] 
Dec 02 00:25:36.329 INFO [stderr] For more information about this error, try `rustc --explain E0554`.
Dec 02 00:25:36.335 INFO [stderr] error: Could not compile `rulsp`.
Dec 02 00:25:36.335 INFO [stderr] 
Dec 02 00:25:36.335 INFO [stderr] To learn more, run the command again with --verbose.
Dec 02 00:25:36.337 INFO [stderr] su: No module specific data is present
Dec 02 00:25:37.774 INFO running `"docker" "inspect" "34f6c56427f7830e077c345332f74b173736c80d5e87d75f1094ac82f20883d4"`
Dec 02 00:25:38.253 INFO running `"docker" "rm" "-f" "34f6c56427f7830e077c345332f74b173736c80d5e87d75f1094ac82f20883d4"`
Dec 02 00:25:38.495 INFO [stdout] 34f6c56427f7830e077c345332f74b173736c80d5e87d75f1094ac82f20883d4
