Dec 02 00:42:59.768 INFO testing andreaseg/rcalc against 1.30.1 for beta-1.31-5
Dec 02 00:42:59.768 INFO running `"docker" "create" "-v" "/mnt/big/crater/work/local/target-dirs/beta-1.31-5/worker-5/1.30.1:/target:rw,Z" "-v" "/mnt/big/crater/work/local/test-source/worker-5/beta-1.31-5/1.30.1:/source:ro,Z" "-v" "/mnt/big/crater/work/local/cargo-home:/cargo-home:ro,Z" "-v" "/mnt/big/crater/work/local/rustup-home:/rustup-home:ro,Z" "-e" "USER_ID=1000" "-e" "SOURCE_DIR=/source" "-e" "USER_ID=1000" "-e" "CMD=cargo +1.30.1 build --frozen" "-e" "CARGO_TARGET_DIR=/target" "-e" "CARGO_INCREMENTAL=0" "-e" "RUST_BACKTRACE=full" "-e" "RUSTFLAGS=--cap-lints=warn" "-e" "CARGO_HOME=/cargo-home" "-e" "RUSTUP_HOME=/rustup-home" "-m" "1536M" "--network" "none" "crater"`
Dec 02 00:43:00.392 INFO [stdout] a2a57d0eeacbe88a4c0f11223ca5723dec112e5921d6b4967377eb521f12b8b4
Dec 02 00:43:00.394 INFO running `"docker" "start" "-a" "a2a57d0eeacbe88a4c0f11223ca5723dec112e5921d6b4967377eb521f12b8b4"`
Dec 02 00:43:01.762 INFO [stderr] usermod: no changes
Dec 02 00:43:01.871 INFO [stderr]    Compiling regex v0.2.11
Dec 02 00:43:11.899 INFO [stderr]    Compiling rcalc v0.1.0 (/source)
Dec 02 00:43:14.622 INFO [stderr]     Finished dev [unoptimized + debuginfo] target(s) in 12.82s
Dec 02 00:43:14.637 INFO [stderr] su: No module specific data is present
Dec 02 00:43:16.513 INFO running `"docker" "inspect" "a2a57d0eeacbe88a4c0f11223ca5723dec112e5921d6b4967377eb521f12b8b4"`
Dec 02 00:43:16.871 INFO running `"docker" "rm" "-f" "a2a57d0eeacbe88a4c0f11223ca5723dec112e5921d6b4967377eb521f12b8b4"`
Dec 02 00:43:17.207 INFO [stdout] a2a57d0eeacbe88a4c0f11223ca5723dec112e5921d6b4967377eb521f12b8b4
Dec 02 00:43:17.213 INFO running `"docker" "create" "-v" "/mnt/big/crater/work/local/target-dirs/beta-1.31-5/worker-5/1.30.1:/target:rw,Z" "-v" "/mnt/big/crater/work/local/test-source/worker-5/beta-1.31-5/1.30.1:/source:ro,Z" "-v" "/mnt/big/crater/work/local/cargo-home:/cargo-home:ro,Z" "-v" "/mnt/big/crater/work/local/rustup-home:/rustup-home:ro,Z" "-e" "USER_ID=1000" "-e" "SOURCE_DIR=/source" "-e" "USER_ID=1000" "-e" "CMD=cargo +1.30.1 test --frozen --no-run" "-e" "CARGO_TARGET_DIR=/target" "-e" "CARGO_INCREMENTAL=0" "-e" "RUST_BACKTRACE=full" "-e" "RUSTFLAGS=--cap-lints=warn" "-e" "CARGO_HOME=/cargo-home" "-e" "RUSTUP_HOME=/rustup-home" "-m" "1536M" "--network" "none" "crater"`
Dec 02 00:43:17.828 INFO [stdout] cf7530599ae28cd62d68bc0aed7827f077e66d51d280f805dc737319ccdbcf1d
Dec 02 00:43:17.830 INFO running `"docker" "start" "-a" "cf7530599ae28cd62d68bc0aed7827f077e66d51d280f805dc737319ccdbcf1d"`
Dec 02 00:43:19.136 INFO [stderr] usermod: no changes
Dec 02 00:43:19.188 INFO [stderr]    Compiling rcalc v0.1.0 (/source)
Dec 02 00:43:20.588 INFO [stderr] error[E0308]: mismatched types
Dec 02 00:43:20.588 INFO [stderr]    --> src/parser.rs:221:39
Dec 02 00:43:20.588 INFO [stderr]     |
Dec 02 00:43:20.588 INFO [stderr] 221 |             parse(::scanner::tokenize("1 + 2".to_string())),
Dec 02 00:43:20.588 INFO [stderr]     |                                       ^^^^^^^^^^^^^^^^^^^
Dec 02 00:43:20.588 INFO [stderr]     |                                       |
Dec 02 00:43:20.588 INFO [stderr]     |                                       expected &str, found struct `std::string::String`
Dec 02 00:43:20.588 INFO [stderr]     |                                       help: consider borrowing here: `&"1 + 2".to_string()`
Dec 02 00:43:20.588 INFO [stderr]     |
Dec 02 00:43:20.588 INFO [stderr]     = note: expected type `&str`
Dec 02 00:43:20.591 INFO [stderr]                found type `std::string::String`
Dec 02 00:43:20.591 INFO [stderr] 
Dec 02 00:43:20.591 INFO [stderr] error[E0308]: mismatched types
Dec 02 00:43:20.591 INFO [stderr]    --> src/parser.rs:229:39
Dec 02 00:43:20.591 INFO [stderr]     |
Dec 02 00:43:20.591 INFO [stderr] 229 |             parse(::scanner::tokenize("1 * 2".to_string())),
Dec 02 00:43:20.591 INFO [stderr]     |                                       ^^^^^^^^^^^^^^^^^^^
Dec 02 00:43:20.591 INFO [stderr]     |                                       |
Dec 02 00:43:20.591 INFO [stderr]     |                                       expected &str, found struct `std::string::String`
Dec 02 00:43:20.591 INFO [stderr]     |                                       help: consider borrowing here: `&"1 * 2".to_string()`
Dec 02 00:43:20.591 INFO [stderr]     |
Dec 02 00:43:20.591 INFO [stderr]     = note: expected type `&str`
Dec 02 00:43:20.591 INFO [stderr]                found type `std::string::String`
Dec 02 00:43:20.591 INFO [stderr] 
Dec 02 00:43:20.591 INFO [stderr] error[E0308]: mismatched types
Dec 02 00:43:20.591 INFO [stderr]    --> src/parser.rs:237:39
Dec 02 00:43:20.591 INFO [stderr]     |
Dec 02 00:43:20.591 INFO [stderr] 237 |             parse(::scanner::tokenize("1 / 2".to_string())),
Dec 02 00:43:20.591 INFO [stderr]     |                                       ^^^^^^^^^^^^^^^^^^^
Dec 02 00:43:20.591 INFO [stderr]     |                                       |
Dec 02 00:43:20.591 INFO [stderr]     |                                       expected &str, found struct `std::string::String`
Dec 02 00:43:20.591 INFO [stderr]     |                                       help: consider borrowing here: `&"1 / 2".to_string()`
Dec 02 00:43:20.591 INFO [stderr]     |
Dec 02 00:43:20.591 INFO [stderr]     = note: expected type `&str`
Dec 02 00:43:20.591 INFO [stderr]                found type `std::string::String`
Dec 02 00:43:20.591 INFO [stderr] 
Dec 02 00:43:20.596 INFO [stderr] error[E0308]: mismatched types
Dec 02 00:43:20.596 INFO [stderr]    --> src/parser.rs:245:39
Dec 02 00:43:20.596 INFO [stderr]     |
Dec 02 00:43:20.596 INFO [stderr] 245 |             parse(::scanner::tokenize("1 - 2".to_string())),
Dec 02 00:43:20.596 INFO [stderr]     |                                       ^^^^^^^^^^^^^^^^^^^
Dec 02 00:43:20.596 INFO [stderr]     |                                       |
Dec 02 00:43:20.596 INFO [stderr]     |                                       expected &str, found struct `std::string::String`
Dec 02 00:43:20.596 INFO [stderr]     |                                       help: consider borrowing here: `&"1 - 2".to_string()`
Dec 02 00:43:20.596 INFO [stderr]     |
Dec 02 00:43:20.596 INFO [stderr]     = note: expected type `&str`
Dec 02 00:43:20.596 INFO [stderr]                found type `std::string::String`
Dec 02 00:43:20.596 INFO [stderr] 
Dec 02 00:43:20.596 INFO [stderr] error[E0308]: mismatched types
Dec 02 00:43:20.596 INFO [stderr]    --> src/parser.rs:253:39
Dec 02 00:43:20.596 INFO [stderr]     |
Dec 02 00:43:20.596 INFO [stderr] 253 |             parse(::scanner::tokenize("1 ^ 2".to_string())),
Dec 02 00:43:20.596 INFO [stderr]     |                                       ^^^^^^^^^^^^^^^^^^^
Dec 02 00:43:20.596 INFO [stderr]     |                                       |
Dec 02 00:43:20.596 INFO [stderr]     |                                       expected &str, found struct `std::string::String`
Dec 02 00:43:20.596 INFO [stderr]     |                                       help: consider borrowing here: `&"1 ^ 2".to_string()`
Dec 02 00:43:20.596 INFO [stderr]     |
Dec 02 00:43:20.596 INFO [stderr]     = note: expected type `&str`
Dec 02 00:43:20.596 INFO [stderr]                found type `std::string::String`
Dec 02 00:43:20.596 INFO [stderr] 
Dec 02 00:43:20.599 INFO [stderr] error[E0308]: mismatched types
Dec 02 00:43:20.599 INFO [stderr]    --> src/parser.rs:265:39
Dec 02 00:43:20.599 INFO [stderr]     |
Dec 02 00:43:20.599 INFO [stderr] 265 |             parse(::scanner::tokenize("(1)".to_string())),
Dec 02 00:43:20.599 INFO [stderr]     |                                       ^^^^^^^^^^^^^^^^^
Dec 02 00:43:20.599 INFO [stderr]     |                                       |
Dec 02 00:43:20.599 INFO [stderr]     |                                       expected &str, found struct `std::string::String`
Dec 02 00:43:20.599 INFO [stderr]     |                                       help: consider borrowing here: `&"(1)".to_string()`
Dec 02 00:43:20.599 INFO [stderr]     |
Dec 02 00:43:20.599 INFO [stderr]     = note: expected type `&str`
Dec 02 00:43:20.599 INFO [stderr]                found type `std::string::String`
Dec 02 00:43:20.599 INFO [stderr] 
Dec 02 00:43:20.599 INFO [stderr] error[E0308]: mismatched types
Dec 02 00:43:20.599 INFO [stderr]    --> src/parser.rs:273:39
Dec 02 00:43:20.599 INFO [stderr]     |
Dec 02 00:43:20.599 INFO [stderr] 273 |             parse(::scanner::tokenize("(1) + (2)".to_string())),
Dec 02 00:43:20.599 INFO [stderr]     |                                       ^^^^^^^^^^^^^^^^^^^^^^^
Dec 02 00:43:20.599 INFO [stderr]     |                                       |
Dec 02 00:43:20.599 INFO [stderr]     |                                       expected &str, found struct `std::string::String`
Dec 02 00:43:20.599 INFO [stderr]     |                                       help: consider borrowing here: `&"(1) + (2)".to_string()`
Dec 02 00:43:20.599 INFO [stderr]     |
Dec 02 00:43:20.599 INFO [stderr]     = note: expected type `&str`
Dec 02 00:43:20.599 INFO [stderr]                found type `std::string::String`
Dec 02 00:43:20.599 INFO [stderr] 
Dec 02 00:43:20.599 INFO [stderr] error[E0308]: mismatched types
Dec 02 00:43:20.599 INFO [stderr]    --> src/parser.rs:285:39
Dec 02 00:43:20.599 INFO [stderr]     |
Dec 02 00:43:20.600 INFO [stderr] 285 |             parse(::scanner::tokenize("1 + 2 * 3".to_string())),
Dec 02 00:43:20.600 INFO [stderr]     |                                       ^^^^^^^^^^^^^^^^^^^^^^^
Dec 02 00:43:20.600 INFO [stderr]     |                                       |
Dec 02 00:43:20.600 INFO [stderr]     |                                       expected &str, found struct `std::string::String`
Dec 02 00:43:20.600 INFO [stderr]     |                                       help: consider borrowing here: `&"1 + 2 * 3".to_string()`
Dec 02 00:43:20.600 INFO [stderr]     |
Dec 02 00:43:20.600 INFO [stderr]     = note: expected type `&str`
Dec 02 00:43:20.600 INFO [stderr]                found type `std::string::String`
Dec 02 00:43:20.600 INFO [stderr] 
Dec 02 00:43:20.600 INFO [stderr] error[E0308]: mismatched types
Dec 02 00:43:20.600 INFO [stderr]    --> src/parser.rs:298:39
Dec 02 00:43:20.600 INFO [stderr]     |
Dec 02 00:43:20.600 INFO [stderr] 298 |             parse(::scanner::tokenize("1 * 2 + 3".to_string())),
Dec 02 00:43:20.600 INFO [stderr]     |                                       ^^^^^^^^^^^^^^^^^^^^^^^
Dec 02 00:43:20.600 INFO [stderr]     |                                       |
Dec 02 00:43:20.600 INFO [stderr]     |                                       expected &str, found struct `std::string::String`
Dec 02 00:43:20.600 INFO [stderr]     |                                       help: consider borrowing here: `&"1 * 2 + 3".to_string()`
Dec 02 00:43:20.600 INFO [stderr]     |
Dec 02 00:43:20.600 INFO [stderr]     = note: expected type `&str`
Dec 02 00:43:20.600 INFO [stderr]                found type `std::string::String`
Dec 02 00:43:20.600 INFO [stderr] 
Dec 02 00:43:20.631 INFO [stderr] error[E0308]: mismatched types
Dec 02 00:43:20.631 INFO [stderr]   --> src/scanner.rs:77:39
Dec 02 00:43:20.631 INFO [stderr]    |
Dec 02 00:43:20.631 INFO [stderr] 77 |                   let tokens = tokenize($match_values.to_string());
Dec 02 00:43:20.631 INFO [stderr]    |                                         ^^^^^^^^^^^^^^^^^^^^^^^^^
Dec 02 00:43:20.631 INFO [stderr]    |                                         |
Dec 02 00:43:20.631 INFO [stderr]    |                                         expected &str, found struct `std::string::String`
Dec 02 00:43:20.631 INFO [stderr]    |                                         help: consider borrowing here: `&$match_values.to_string()`
Dec 02 00:43:20.631 INFO [stderr] ...
Dec 02 00:43:20.631 INFO [stderr] 93 | /     test_tokenizer!(
Dec 02 00:43:20.631 INFO [stderr] 94 | |         number,
Dec 02 00:43:20.631 INFO [stderr] 95 | |         "2",
Dec 02 00:43:20.631 INFO [stderr] 96 | |         Token::Number(_),
Dec 02 00:43:20.631 INFO [stderr] 97 | |         "Tokenizer does not recognize numbers"
Dec 02 00:43:20.631 INFO [stderr] 98 | |     );
Dec 02 00:43:20.631 INFO [stderr]    | |______- in this macro invocation
Dec 02 00:43:20.631 INFO [stderr]    |
Dec 02 00:43:20.631 INFO [stderr]    = note: expected type `&str`
Dec 02 00:43:20.631 INFO [stderr]               found type `std::string::String`
Dec 02 00:43:20.631 INFO [stderr] 
Dec 02 00:43:20.631 INFO [stderr] error[E0308]: mismatched types
Dec 02 00:43:20.631 INFO [stderr]    --> src/scanner.rs:77:39
Dec 02 00:43:20.631 INFO [stderr]     |
Dec 02 00:43:20.631 INFO [stderr] 77  |                   let tokens = tokenize($match_values.to_string());
Dec 02 00:43:20.631 INFO [stderr]     |                                         ^^^^^^^^^^^^^^^^^^^^^^^^^
Dec 02 00:43:20.631 INFO [stderr]     |                                         |
Dec 02 00:43:20.631 INFO [stderr]     |                                         expected &str, found struct `std::string::String`
Dec 02 00:43:20.631 INFO [stderr]     |                                         help: consider borrowing here: `&$match_values.to_string()`
Dec 02 00:43:20.631 INFO [stderr] ...
Dec 02 00:43:20.631 INFO [stderr] 99  | /     test_tokenizer!(
Dec 02 00:43:20.631 INFO [stderr] 100 | |         lpar,
Dec 02 00:43:20.631 INFO [stderr] 101 | |         "(",
Dec 02 00:43:20.631 INFO [stderr] 102 | |         Token::LeftPar,
Dec 02 00:43:20.631 INFO [stderr] 103 | |         "Tokenizer does not recognize '('"
Dec 02 00:43:20.631 INFO [stderr] 104 | |     );
Dec 02 00:43:20.631 INFO [stderr]     | |______- in this macro invocation
Dec 02 00:43:20.631 INFO [stderr]     |
Dec 02 00:43:20.631 INFO [stderr]     = note: expected type `&str`
Dec 02 00:43:20.631 INFO [stderr]                found type `std::string::String`
Dec 02 00:43:20.632 INFO [stderr] 
Dec 02 00:43:20.632 INFO [stderr] error[E0308]: mismatched types
Dec 02 00:43:20.632 INFO [stderr]    --> src/scanner.rs:77:39
Dec 02 00:43:20.632 INFO [stderr]     |
Dec 02 00:43:20.632 INFO [stderr] 77  |                   let tokens = tokenize($match_values.to_string());
Dec 02 00:43:20.632 INFO [stderr]     |                                         ^^^^^^^^^^^^^^^^^^^^^^^^^
Dec 02 00:43:20.632 INFO [stderr]     |                                         |
Dec 02 00:43:20.632 INFO [stderr]     |                                         expected &str, found struct `std::string::String`
Dec 02 00:43:20.632 INFO [stderr]     |                                         help: consider borrowing here: `&$match_values.to_string()`
Dec 02 00:43:20.632 INFO [stderr] ...
Dec 02 00:43:20.632 INFO [stderr] 105 | /     test_tokenizer!(
Dec 02 00:43:20.632 INFO [stderr] 106 | |         rpar,
Dec 02 00:43:20.632 INFO [stderr] 107 | |         ")",
Dec 02 00:43:20.632 INFO [stderr] 108 | |         Token::RightPar,
Dec 02 00:43:20.632 INFO [stderr] 109 | |         "Tokenizer does not recognize ')'"
Dec 02 00:43:20.632 INFO [stderr] 110 | |     );
Dec 02 00:43:20.632 INFO [stderr]     | |______- in this macro invocation
Dec 02 00:43:20.632 INFO [stderr]     |
Dec 02 00:43:20.632 INFO [stderr]     = note: expected type `&str`
Dec 02 00:43:20.632 INFO [stderr]                found type `std::string::String`
Dec 02 00:43:20.632 INFO [stderr] 
Dec 02 00:43:20.643 INFO [stderr] error[E0308]: mismatched types
Dec 02 00:43:20.643 INFO [stderr]    --> src/scanner.rs:77:39
Dec 02 00:43:20.643 INFO [stderr]     |
Dec 02 00:43:20.643 INFO [stderr] 77  |                   let tokens = tokenize($match_values.to_string());
Dec 02 00:43:20.643 INFO [stderr]     |                                         ^^^^^^^^^^^^^^^^^^^^^^^^^
Dec 02 00:43:20.643 INFO [stderr]     |                                         |
Dec 02 00:43:20.643 INFO [stderr]     |                                         expected &str, found struct `std::string::String`
Dec 02 00:43:20.643 INFO [stderr]     |                                         help: consider borrowing here: `&$match_values.to_string()`
Dec 02 00:43:20.643 INFO [stderr] ...
Dec 02 00:43:20.643 INFO [stderr] 111 | /     test_tokenizer!(
Dec 02 00:43:20.643 INFO [stderr] 112 | |         operator,
Dec 02 00:43:20.643 INFO [stderr] 113 | |         "+-*/^",
Dec 02 00:43:20.643 INFO [stderr] 114 | |         Token::Operator(_),
Dec 02 00:43:20.643 INFO [stderr] 115 | |         "Tokenizer does not recognize operators"
Dec 02 00:43:20.643 INFO [stderr] 116 | |     );
Dec 02 00:43:20.643 INFO [stderr]     | |______- in this macro invocation
Dec 02 00:43:20.643 INFO [stderr]     |
Dec 02 00:43:20.643 INFO [stderr]     = note: expected type `&str`
Dec 02 00:43:20.643 INFO [stderr]                found type `std::string::String`
Dec 02 00:43:20.643 INFO [stderr] 
Dec 02 00:43:20.643 INFO [stderr] error[E0308]: mismatched types
Dec 02 00:43:20.643 INFO [stderr]    --> src/scanner.rs:77:39
Dec 02 00:43:20.643 INFO [stderr]     |
Dec 02 00:43:20.643 INFO [stderr] 77  |                   let tokens = tokenize($match_values.to_string());
Dec 02 00:43:20.643 INFO [stderr]     |                                         ^^^^^^^^^^^^^^^^^^^^^^^^^
Dec 02 00:43:20.643 INFO [stderr]     |                                         |
Dec 02 00:43:20.643 INFO [stderr]     |                                         expected &str, found struct `std::string::String`
Dec 02 00:43:20.643 INFO [stderr]     |                                         help: consider borrowing here: `&$match_values.to_string()`
Dec 02 00:43:20.643 INFO [stderr] ...
Dec 02 00:43:20.643 INFO [stderr] 117 | /     test_tokenizer!(
Dec 02 00:43:20.643 INFO [stderr] 118 | |         comma,
Dec 02 00:43:20.643 INFO [stderr] 119 | |         ",",
Dec 02 00:43:20.643 INFO [stderr] 120 | |         Token::Comma,
Dec 02 00:43:20.643 INFO [stderr] 121 | |         "Tokenizer does not recognize comma."
Dec 02 00:43:20.643 INFO [stderr] 122 | |     );
Dec 02 00:43:20.643 INFO [stderr]     | |______- in this macro invocation
Dec 02 00:43:20.643 INFO [stderr]     |
Dec 02 00:43:20.643 INFO [stderr]     = note: expected type `&str`
Dec 02 00:43:20.643 INFO [stderr]                found type `std::string::String`
Dec 02 00:43:20.643 INFO [stderr] 
Dec 02 00:43:20.643 INFO [stderr] error[E0308]: mismatched types
Dec 02 00:43:20.643 INFO [stderr]    --> src/scanner.rs:77:39
Dec 02 00:43:20.643 INFO [stderr]     |
Dec 02 00:43:20.643 INFO [stderr] 77  |                   let tokens = tokenize($match_values.to_string());
Dec 02 00:43:20.643 INFO [stderr]     |                                         ^^^^^^^^^^^^^^^^^^^^^^^^^
Dec 02 00:43:20.643 INFO [stderr]     |                                         |
Dec 02 00:43:20.643 INFO [stderr]     |                                         expected &str, found struct `std::string::String`
Dec 02 00:43:20.643 INFO [stderr]     |                                         help: consider borrowing here: `&$match_values.to_string()`
Dec 02 00:43:20.643 INFO [stderr] ...
Dec 02 00:43:20.643 INFO [stderr] 123 | /     test_tokenizer!(
Dec 02 00:43:20.643 INFO [stderr] 124 | |         external,
Dec 02 00:43:20.643 INFO [stderr] 125 | |         "sin(",
Dec 02 00:43:20.643 INFO [stderr] 126 | |         Token::External(_),
Dec 02 00:43:20.643 INFO [stderr] 127 | |         "Tokenizer does not recognize externals."
Dec 02 00:43:20.643 INFO [stderr] 128 | |     );
Dec 02 00:43:20.643 INFO [stderr]     | |______- in this macro invocation
Dec 02 00:43:20.643 INFO [stderr]     |
Dec 02 00:43:20.643 INFO [stderr]     = note: expected type `&str`
Dec 02 00:43:20.643 INFO [stderr]                found type `std::string::String`
Dec 02 00:43:20.643 INFO [stderr] 
Dec 02 00:43:20.646 INFO [stderr] error: aborting due to 15 previous errors
Dec 02 00:43:20.647 INFO [stderr] 
Dec 02 00:43:20.647 INFO [stderr] For more information about this error, try `rustc --explain E0308`.
Dec 02 00:43:20.658 INFO [stderr] error: Could not compile `rcalc`.
Dec 02 00:43:20.659 INFO [stderr] 
Dec 02 00:43:20.659 INFO [stderr] To learn more, run the command again with --verbose.
Dec 02 00:43:20.659 INFO [stderr] su: No module specific data is present
Dec 02 00:43:21.291 INFO running `"docker" "inspect" "cf7530599ae28cd62d68bc0aed7827f077e66d51d280f805dc737319ccdbcf1d"`
Dec 02 00:43:21.561 INFO running `"docker" "rm" "-f" "cf7530599ae28cd62d68bc0aed7827f077e66d51d280f805dc737319ccdbcf1d"`
Dec 02 00:43:21.883 INFO [stdout] cf7530599ae28cd62d68bc0aed7827f077e66d51d280f805dc737319ccdbcf1d
