Dec 02 00:47:18.059 INFO testing anderejd/cargo-geiger against 1.30.1 for beta-1.31-5
Dec 02 00:47:18.059 INFO running `"docker" "create" "-v" "/mnt/big/crater/work/local/target-dirs/beta-1.31-5/worker-2/1.30.1:/target:rw,Z" "-v" "/mnt/big/crater/work/local/test-source/worker-2/beta-1.31-5/1.30.1:/source:ro,Z" "-v" "/mnt/big/crater/work/local/cargo-home:/cargo-home:ro,Z" "-v" "/mnt/big/crater/work/local/rustup-home:/rustup-home:ro,Z" "-e" "USER_ID=1000" "-e" "SOURCE_DIR=/source" "-e" "USER_ID=1000" "-e" "CMD=cargo +1.30.1 build --frozen" "-e" "CARGO_TARGET_DIR=/target" "-e" "CARGO_INCREMENTAL=0" "-e" "RUST_BACKTRACE=full" "-e" "RUSTFLAGS=--cap-lints=warn" "-e" "CARGO_HOME=/cargo-home" "-e" "RUSTUP_HOME=/rustup-home" "-m" "1536M" "--network" "none" "crater"`
Dec 02 00:47:18.465 INFO [stdout] 1916ba8eb69af267d33001550f342886ad0d8a46a7f64e2f578c12a889a4623d
Dec 02 00:47:18.467 INFO running `"docker" "start" "-a" "1916ba8eb69af267d33001550f342886ad0d8a46a7f64e2f578c12a889a4623d"`
Dec 02 00:47:20.089 INFO [stderr] usermod: no changes
Dec 02 00:47:20.434 INFO [stderr]    Compiling cmake v0.1.31
Dec 02 00:47:20.434 INFO [stderr]    Compiling libz-sys v1.0.18
Dec 02 00:47:20.434 INFO [stderr]    Compiling curl-sys v0.4.7
Dec 02 00:47:20.463 INFO [stderr]    Compiling socket2 v0.3.7
Dec 02 00:47:20.463 INFO [stderr]    Compiling petgraph v0.4.12
Dec 02 00:47:20.476 INFO [stderr]    Compiling jobserver v0.1.11
Dec 02 00:47:20.476 INFO [stderr]    Compiling tar v0.4.16
Dec 02 00:47:20.479 INFO [stderr]    Compiling regex v0.2.11
Dec 02 00:47:26.795 INFO [stderr]    Compiling semver v0.9.0
Dec 02 00:47:26.797 INFO [stderr]    Compiling serde_ignored v0.0.4
Dec 02 00:47:26.820 INFO [stderr]    Compiling libssh2-sys v0.2.8
Dec 02 00:47:26.975 INFO [stderr]    Compiling libgit2-sys v0.7.6
Dec 02 00:47:27.487 INFO [stderr] error[E0034]: multiple applicable items in scope
Dec 02 00:47:27.487 INFO [stderr]     --> /cargo-home/registry/src/github.com-1ecc6299db9ec823/petgraph-0.4.12/src/graph_impl/stable_graph/mod.rs:1171:19
Dec 02 00:47:27.487 INFO [stderr]      |
Dec 02 00:47:27.487 INFO [stderr] 1171 |         self.iter.find_map(|(i, node)| {
Dec 02 00:47:27.487 INFO [stderr]      |                   ^^^^^^^^ multiple `find_map` found
Dec 02 00:47:27.487 INFO [stderr]      |
Dec 02 00:47:27.487 INFO [stderr] note: candidate #1 is defined in an impl of the trait `iter_utils::IterUtilsExt` for the type `_`
Dec 02 00:47:27.487 INFO [stderr]     --> /cargo-home/registry/src/github.com-1ecc6299db9ec823/petgraph-0.4.12/src/iter_utils.rs:5:5
Dec 02 00:47:27.487 INFO [stderr]      |
Dec 02 00:47:27.487 INFO [stderr] 5    | /     fn find_map<F, R>(&mut self, mut f: F) -> Option<R>
Dec 02 00:47:27.487 INFO [stderr] 6    | |         where F: FnMut(Self::Item) -> Option<R>
Dec 02 00:47:27.487 INFO [stderr] 7    | |     {
Dec 02 00:47:27.487 INFO [stderr] 8    | |         while let Some(elt) = self.next() {
Dec 02 00:47:27.487 INFO [stderr] ...    |
Dec 02 00:47:27.487 INFO [stderr] 13   | |         None
Dec 02 00:47:27.487 INFO [stderr] 14   | |     }
Dec 02 00:47:27.487 INFO [stderr]      | |_____^
Dec 02 00:47:27.487 INFO [stderr]      = note: candidate #2 is defined in an impl of the trait `std::iter::Iterator` for the type `std::iter::Enumerate<_>`
Dec 02 00:47:27.487 INFO [stderr] 
Dec 02 00:47:27.503 INFO [stderr] error[E0034]: multiple applicable items in scope
Dec 02 00:47:27.503 INFO [stderr]     --> /cargo-home/registry/src/github.com-1ecc6299db9ec823/petgraph-0.4.12/src/graph_impl/stable_graph/mod.rs:1363:19
Dec 02 00:47:27.503 INFO [stderr]      |
Dec 02 00:47:27.503 INFO [stderr] 1363 |         self.iter.find_map(|(i, edge)|
Dec 02 00:47:27.503 INFO [stderr]      |                   ^^^^^^^^ multiple `find_map` found
Dec 02 00:47:27.503 INFO [stderr]      |
Dec 02 00:47:27.503 INFO [stderr] note: candidate #1 is defined in an impl of the trait `iter_utils::IterUtilsExt` for the type `_`
Dec 02 00:47:27.503 INFO [stderr]     --> /cargo-home/registry/src/github.com-1ecc6299db9ec823/petgraph-0.4.12/src/iter_utils.rs:5:5
Dec 02 00:47:27.503 INFO [stderr]      |
Dec 02 00:47:27.503 INFO [stderr] 5    | /     fn find_map<F, R>(&mut self, mut f: F) -> Option<R>
Dec 02 00:47:27.503 INFO [stderr] 6    | |         where F: FnMut(Self::Item) -> Option<R>
Dec 02 00:47:27.503 INFO [stderr] 7    | |     {
Dec 02 00:47:27.503 INFO [stderr] 8    | |         while let Some(elt) = self.next() {
Dec 02 00:47:27.503 INFO [stderr] ...    |
Dec 02 00:47:27.503 INFO [stderr] 13   | |         None
Dec 02 00:47:27.503 INFO [stderr] 14   | |     }
Dec 02 00:47:27.503 INFO [stderr]      | |_____^
Dec 02 00:47:27.503 INFO [stderr]      = note: candidate #2 is defined in an impl of the trait `std::iter::Iterator` for the type `std::iter::Enumerate<_>`
Dec 02 00:47:27.503 INFO [stderr] 
Dec 02 00:47:27.507 INFO [stderr] error[E0034]: multiple applicable items in scope
Dec 02 00:47:27.507 INFO [stderr]     --> /cargo-home/registry/src/github.com-1ecc6299db9ec823/petgraph-0.4.12/src/graph_impl/stable_graph/mod.rs:1527:19
Dec 02 00:47:27.507 INFO [stderr]      |
Dec 02 00:47:27.507 INFO [stderr] 1527 |         self.iter.find_map(|(i, node)| {
Dec 02 00:47:27.507 INFO [stderr]      |                   ^^^^^^^^ multiple `find_map` found
Dec 02 00:47:27.507 INFO [stderr]      |
Dec 02 00:47:27.507 INFO [stderr] note: candidate #1 is defined in an impl of the trait `iter_utils::IterUtilsExt` for the type `_`
Dec 02 00:47:27.507 INFO [stderr]     --> /cargo-home/registry/src/github.com-1ecc6299db9ec823/petgraph-0.4.12/src/iter_utils.rs:5:5
Dec 02 00:47:27.507 INFO [stderr]      |
Dec 02 00:47:27.507 INFO [stderr] 5    | /     fn find_map<F, R>(&mut self, mut f: F) -> Option<R>
Dec 02 00:47:27.507 INFO [stderr] 6    | |         where F: FnMut(Self::Item) -> Option<R>
Dec 02 00:47:27.507 INFO [stderr] 7    | |     {
Dec 02 00:47:27.507 INFO [stderr] 8    | |         while let Some(elt) = self.next() {
Dec 02 00:47:27.507 INFO [stderr] ...    |
Dec 02 00:47:27.507 INFO [stderr] 13   | |         None
Dec 02 00:47:27.507 INFO [stderr] 14   | |     }
Dec 02 00:47:27.507 INFO [stderr]      | |_____^
Dec 02 00:47:27.507 INFO [stderr]      = note: candidate #2 is defined in an impl of the trait `std::iter::Iterator` for the type `std::iter::Enumerate<_>`
Dec 02 00:47:27.507 INFO [stderr] 
Dec 02 00:47:27.515 INFO [stderr] error[E0034]: multiple applicable items in scope
Dec 02 00:47:27.515 INFO [stderr]     --> /cargo-home/registry/src/github.com-1ecc6299db9ec823/petgraph-0.4.12/src/graph_impl/stable_graph/mod.rs:1573:19
Dec 02 00:47:27.515 INFO [stderr]      |
Dec 02 00:47:27.515 INFO [stderr] 1573 |         self.iter.find_map(|(i, node)| {
Dec 02 00:47:27.515 INFO [stderr]      |                   ^^^^^^^^ multiple `find_map` found
Dec 02 00:47:27.515 INFO [stderr]      |
Dec 02 00:47:27.515 INFO [stderr] note: candidate #1 is defined in an impl of the trait `iter_utils::IterUtilsExt` for the type `_`
Dec 02 00:47:27.515 INFO [stderr]     --> /cargo-home/registry/src/github.com-1ecc6299db9ec823/petgraph-0.4.12/src/iter_utils.rs:5:5
Dec 02 00:47:27.515 INFO [stderr]      |
Dec 02 00:47:27.515 INFO [stderr] 5    | /     fn find_map<F, R>(&mut self, mut f: F) -> Option<R>
Dec 02 00:47:27.515 INFO [stderr] 6    | |         where F: FnMut(Self::Item) -> Option<R>
Dec 02 00:47:27.515 INFO [stderr] 7    | |     {
Dec 02 00:47:27.515 INFO [stderr] 8    | |         while let Some(elt) = self.next() {
Dec 02 00:47:27.515 INFO [stderr] ...    |
Dec 02 00:47:27.515 INFO [stderr] 13   | |         None
Dec 02 00:47:27.515 INFO [stderr] 14   | |     }
Dec 02 00:47:27.515 INFO [stderr]      | |_____^
Dec 02 00:47:27.515 INFO [stderr]      = note: candidate #2 is defined in an impl of the trait `std::iter::Iterator` for the type `std::iter::Enumerate<_>`
Dec 02 00:47:27.515 INFO [stderr] 
Dec 02 00:47:28.091 INFO [stderr] error: aborting due to 4 previous errors
Dec 02 00:47:28.109 INFO [stderr] 
Dec 02 00:47:28.109 INFO [stderr] For more information about this error, try `rustc --explain E0034`.
Dec 02 00:47:28.135 INFO [stderr] error: Could not compile `petgraph`.
Dec 02 00:47:28.135 INFO [stderr] warning: build failed, waiting for other jobs to finish...
Dec 02 00:47:35.725 INFO [stderr] error: build failed
Dec 02 00:47:35.727 INFO [stderr] su: No module specific data is present
Dec 02 00:47:36.105 INFO running `"docker" "inspect" "1916ba8eb69af267d33001550f342886ad0d8a46a7f64e2f578c12a889a4623d"`
Dec 02 00:47:36.312 INFO running `"docker" "rm" "-f" "1916ba8eb69af267d33001550f342886ad0d8a46a7f64e2f578c12a889a4623d"`
Dec 02 00:47:36.427 INFO [stdout] 1916ba8eb69af267d33001550f342886ad0d8a46a7f64e2f578c12a889a4623d
