Dec 02 01:05:33.872 INFO testing alexeyzab/voskhod against 1.30.1 for beta-1.31-5
Dec 02 01:05:33.872 INFO running `"docker" "create" "-v" "/mnt/big/crater/work/local/target-dirs/beta-1.31-5/worker-5/1.30.1:/target:rw,Z" "-v" "/mnt/big/crater/work/local/test-source/worker-5/beta-1.31-5/1.30.1:/source:ro,Z" "-v" "/mnt/big/crater/work/local/cargo-home:/cargo-home:ro,Z" "-v" "/mnt/big/crater/work/local/rustup-home:/rustup-home:ro,Z" "-e" "USER_ID=1000" "-e" "SOURCE_DIR=/source" "-e" "USER_ID=1000" "-e" "CMD=cargo +1.30.1 build --frozen" "-e" "CARGO_TARGET_DIR=/target" "-e" "CARGO_INCREMENTAL=0" "-e" "RUST_BACKTRACE=full" "-e" "RUSTFLAGS=--cap-lints=warn" "-e" "CARGO_HOME=/cargo-home" "-e" "RUSTUP_HOME=/rustup-home" "-m" "1536M" "--network" "none" "crater"`
Dec 02 01:05:34.420 INFO [stdout] 3d7a94cea9b4d0b8281358fc33888dafc22c9a720214993714a32c533123e9ef
Dec 02 01:05:34.422 INFO running `"docker" "start" "-a" "3d7a94cea9b4d0b8281358fc33888dafc22c9a720214993714a32c533123e9ef"`
Dec 02 01:05:36.153 INFO [stderr] usermod: no changes
Dec 02 01:05:36.588 INFO [stderr]    Compiling aho-corasick v0.6.8
Dec 02 01:05:36.603 INFO [stderr]    Compiling pear_codegen v0.0.20
Dec 02 01:05:36.604 INFO [stderr]    Compiling rocket v0.3.16
Dec 02 01:05:36.604 INFO [stderr]    Compiling rocket_codegen v0.3.16
Dec 02 01:05:36.607 INFO [stderr]    Compiling r2d2 v0.8.2
Dec 02 01:05:36.607 INFO [stderr]    Compiling fake v1.2.2
Dec 02 01:05:36.607 INFO [stderr]    Compiling backtrace-sys v0.1.24
Dec 02 01:05:36.615 INFO [stderr]    Compiling toml v0.4.6
Dec 02 01:05:37.226 INFO [stderr] error: failed to run custom build command for `pear_codegen v0.0.20`
Dec 02 01:05:37.226 INFO [stderr] process didn't exit successfully: `/target/debug/build/pear_codegen-183b5b0a0ae809b5/build-script-build` (exit code: 101)
Dec 02 01:05:37.226 INFO [stderr] --- stderr
Dec 02 01:05:37.226 INFO [stderr] [1;31mError:[0m [37mPear requires a nightly or dev version of Rust.[0m
Dec 02 01:05:37.226 INFO [stderr] [37mInstalled version is:[0m [33m1.30.1 (2018-11-07)[0m. [37mMinimum required:[0m [33m1.30.0-nightly (2018-08-23)[0m.
Dec 02 01:05:37.226 INFO [stderr] thread 'main' panicked at 'Aborting compilation due to incompatible compiler.', /cargo-home/registry/src/github.com-1ecc6299db9ec823/pear_codegen-0.0.20/build.rs:31:13
Dec 02 01:05:37.226 INFO [stderr] stack backtrace:
Dec 02 01:05:37.226 INFO [stderr]    0:     0x559fd903b7de - std::sys::unix::backtrace::tracing::imp::unwind_backtrace::h15749a98198ba25f
Dec 02 01:05:37.226 INFO [stderr]                                at libstd/sys/unix/backtrace/tracing/gcc_s.rs:49
Dec 02 01:05:37.226 INFO [stderr]    1:     0x559fd902cd66 - std::sys_common::backtrace::print::h0ba65c811294dbf0
Dec 02 01:05:37.226 INFO [stderr]                                at libstd/sys_common/backtrace.rs:71
Dec 02 01:05:37.226 INFO [stderr]                                at libstd/sys_common/backtrace.rs:59
Dec 02 01:05:37.226 INFO [stderr]    2:     0x559fd902b6ad - std::panicking::default_hook::{{closure}}::h42bb31757f0fee64
Dec 02 01:05:37.226 INFO [stderr]                                at libstd/panicking.rs:211
Dec 02 01:05:37.226 INFO [stderr]    3:     0x559fd902b420 - std::panicking::default_hook::hebc8848d7aa7dbd9
Dec 02 01:05:37.226 INFO [stderr]                                at libstd/panicking.rs:227
Dec 02 01:05:37.226 INFO [stderr]    4:     0x559fd902bcac - std::panicking::rust_panic_with_hook::h86e619a638415243
Dec 02 01:05:37.226 INFO [stderr]                                at libstd/panicking.rs:477
Dec 02 01:05:37.226 INFO [stderr]    5:     0x559fd900f9ff - std::panicking::begin_panic::h65ef3ad7de42f4ad
Dec 02 01:05:37.226 INFO [stderr]                                at libstd/panicking.rs:411
Dec 02 01:05:37.226 INFO [stderr]    6:     0x559fd900db3a - build_script_build::main::h46f39c458748acff
Dec 02 01:05:37.226 INFO [stderr]                                at /cargo-home/registry/src/github.com-1ecc6299db9ec823/pear_codegen-0.0.20/build.rs:31
Dec 02 01:05:37.226 INFO [stderr]    7:     0x559fd90102ef - std::rt::lang_start::{{closure}}::h104f159df20e8d81
Dec 02 01:05:37.226 INFO [stderr]                                at libstd/rt.rs:74
Dec 02 01:05:37.226 INFO [stderr]    8:     0x559fd902b752 - std::panicking::try::do_call::h47665672c57b11e4
Dec 02 01:05:37.226 INFO [stderr]                                at libstd/rt.rs:59
Dec 02 01:05:37.226 INFO [stderr]                                at libstd/panicking.rs:310
Dec 02 01:05:37.226 INFO [stderr]    9:     0x559fd904c709 - __rust_maybe_catch_panic
Dec 02 01:05:37.226 INFO [stderr]                                at libpanic_unwind/lib.rs:103
Dec 02 01:05:37.226 INFO [stderr]   10:     0x559fd90367d5 - std::rt::lang_start_internal::had9505969b8e20a2
Dec 02 01:05:37.226 INFO [stderr]                                at libstd/panicking.rs:289
Dec 02 01:05:37.226 INFO [stderr]                                at libstd/panic.rs:392
Dec 02 01:05:37.226 INFO [stderr]                                at libstd/rt.rs:58
Dec 02 01:05:37.226 INFO [stderr]   11:     0x559fd90102c7 - std::rt::lang_start::h6c12a89b5498f3bc
Dec 02 01:05:37.226 INFO [stderr]                                at libstd/rt.rs:74
Dec 02 01:05:37.226 INFO [stderr]   12:     0x559fd900e9e9 - main
Dec 02 01:05:37.226 INFO [stderr]   13:     0x7f794599682f - __libc_start_main
Dec 02 01:05:37.226 INFO [stderr]   14:     0x559fd900d428 - _start
Dec 02 01:05:37.226 INFO [stderr]   15:                0x0 - <unknown>
Dec 02 01:05:37.226 INFO [stderr] 
Dec 02 01:05:37.226 INFO [stderr] warning: build failed, waiting for other jobs to finish...
Dec 02 01:05:37.407 INFO [stderr] error: failed to run custom build command for `rocket_codegen v0.3.16`
Dec 02 01:05:37.407 INFO [stderr] process didn't exit successfully: `/target/debug/build/rocket_codegen-35313927dfebcaa1/build-script-build` (exit code: 101)
Dec 02 01:05:37.407 INFO [stderr] --- stderr
Dec 02 01:05:37.407 INFO [stderr] [1;31mError:[0m [37mRocket requires a nightly or dev version of Rust.[0m
Dec 02 01:05:37.407 INFO [stderr] [37mInstalled version is:[0m [33m1.30.1 (2018-11-07)[0m. [37mMinimum required:[0m [33m1.30.0-nightly (2018-08-23)[0m.
Dec 02 01:05:37.407 INFO [stderr] [34mSee the getting started guide ([0m[37mhttps://rocket.rs/guide/getting-started/[0m[34m) for more information.[0m
Dec 02 01:05:37.407 INFO [stderr] thread 'main' panicked at 'Aborting compilation due to incompatible compiler.', /cargo-home/registry/src/github.com-1ecc6299db9ec823/rocket_codegen-0.3.16/build.rs:38:17
Dec 02 01:05:37.407 INFO [stderr] stack backtrace:
Dec 02 01:05:37.407 INFO [stderr]    0:     0x5628f55ee9fe - std::sys::unix::backtrace::tracing::imp::unwind_backtrace::h15749a98198ba25f
Dec 02 01:05:37.407 INFO [stderr]                                at libstd/sys/unix/backtrace/tracing/gcc_s.rs:49
Dec 02 01:05:37.407 INFO [stderr]    1:     0x5628f55dff86 - std::sys_common::backtrace::print::h0ba65c811294dbf0
Dec 02 01:05:37.407 INFO [stderr]                                at libstd/sys_common/backtrace.rs:71
Dec 02 01:05:37.407 INFO [stderr]                                at libstd/sys_common/backtrace.rs:59
Dec 02 01:05:37.407 INFO [stderr]    2:     0x5628f55de8cd - std::panicking::default_hook::{{closure}}::h42bb31757f0fee64
Dec 02 01:05:37.407 INFO [stderr]                                at libstd/panicking.rs:211
Dec 02 01:05:37.407 INFO [stderr]    3:     0x5628f55de640 - std::panicking::default_hook::hebc8848d7aa7dbd9
Dec 02 01:05:37.407 INFO [stderr]                                at libstd/panicking.rs:227
Dec 02 01:05:37.407 INFO [stderr]    4:     0x5628f55deecc - std::panicking::rust_panic_with_hook::h86e619a638415243
Dec 02 01:05:37.407 INFO [stderr]                                at libstd/panicking.rs:477
Dec 02 01:05:37.407 INFO [stderr]    5:     0x5628f55c2c1f - std::panicking::begin_panic::h26807ac2abfc2210
Dec 02 01:05:37.407 INFO [stderr]                                at libstd/panicking.rs:411
Dec 02 01:05:37.407 INFO [stderr]    6:     0x5628f55c0d72 - build_script_build::main::h5e3452ecf2935038
Dec 02 01:05:37.407 INFO [stderr]                                at /cargo-home/registry/src/github.com-1ecc6299db9ec823/rocket_codegen-0.3.16/build.rs:38
Dec 02 01:05:37.407 INFO [stderr]    7:     0x5628f55c350f - std::rt::lang_start::{{closure}}::hdd73b25a420f224f
Dec 02 01:05:37.407 INFO [stderr]                                at libstd/rt.rs:74
Dec 02 01:05:37.407 INFO [stderr]    8:     0x5628f55de972 - std::panicking::try::do_call::h47665672c57b11e4
Dec 02 01:05:37.407 INFO [stderr]                                at libstd/rt.rs:59
Dec 02 01:05:37.407 INFO [stderr]                                at libstd/panicking.rs:310
Dec 02 01:05:37.407 INFO [stderr]    9:     0x5628f55ff929 - __rust_maybe_catch_panic
Dec 02 01:05:37.407 INFO [stderr]                                at libpanic_unwind/lib.rs:103
Dec 02 01:05:37.407 INFO [stderr]   10:     0x5628f55e99f5 - std::rt::lang_start_internal::had9505969b8e20a2
Dec 02 01:05:37.407 INFO [stderr]                                at libstd/panicking.rs:289
Dec 02 01:05:37.407 INFO [stderr]                                at libstd/panic.rs:392
Dec 02 01:05:37.407 INFO [stderr]                                at libstd/rt.rs:58
Dec 02 01:05:37.407 INFO [stderr]   11:     0x5628f55c34e7 - std::rt::lang_start::hdbaf1dc3ae5430d3
Dec 02 01:05:37.407 INFO [stderr]                                at libstd/rt.rs:74
Dec 02 01:05:37.407 INFO [stderr]   12:     0x5628f55c1c09 - main
Dec 02 01:05:37.407 INFO [stderr]   13:     0x7f25cba0182f - __libc_start_main
Dec 02 01:05:37.407 INFO [stderr]   14:     0x5628f55c0428 - _start
Dec 02 01:05:37.407 INFO [stderr]   15:                0x0 - <unknown>
Dec 02 01:05:37.407 INFO [stderr] 
Dec 02 01:05:37.407 INFO [stderr] warning: build failed, waiting for other jobs to finish...
Dec 02 01:05:37.427 INFO [stderr] error: failed to run custom build command for `rocket v0.3.16`
Dec 02 01:05:37.427 INFO [stderr] process didn't exit successfully: `/target/debug/build/rocket-a61187eead96cae3/build-script-build` (exit code: 101)
Dec 02 01:05:37.427 INFO [stderr] --- stderr
Dec 02 01:05:37.427 INFO [stderr] [1;31mError:[0m [37mRocket requires a nightly or dev version of Rust.[0m
Dec 02 01:05:37.427 INFO [stderr] [37mInstalled version is:[0m [33m1.30.1 (2018-11-07)[0m. [37mMinimum required:[0m [33m1.27.0-nightly (2018-04-26)[0m.
Dec 02 01:05:37.427 INFO [stderr] [34mSee the getting started guide ([0m[37mhttps://rocket.rs/guide/getting-started/[0m[34m) for more information.[0m
Dec 02 01:05:37.427 INFO [stderr] thread 'main' panicked at 'Aborting compilation due to incompatible compiler.', /cargo-home/registry/src/github.com-1ecc6299db9ec823/rocket-0.3.16/build.rs:38:13
Dec 02 01:05:37.427 INFO [stderr] stack backtrace:
Dec 02 01:05:37.427 INFO [stderr]    0:     0x5646e05e6a0e - std::sys::unix::backtrace::tracing::imp::unwind_backtrace::h15749a98198ba25f
Dec 02 01:05:37.427 INFO [stderr]                                at libstd/sys/unix/backtrace/tracing/gcc_s.rs:49
Dec 02 01:05:37.427 INFO [stderr]    1:     0x5646e05d7f96 - std::sys_common::backtrace::print::h0ba65c811294dbf0
Dec 02 01:05:37.427 INFO [stderr]                                at libstd/sys_common/backtrace.rs:71
Dec 02 01:05:37.427 INFO [stderr]                                at libstd/sys_common/backtrace.rs:59
Dec 02 01:05:37.427 INFO [stderr]    2:     0x5646e05d68dd - std::panicking::default_hook::{{closure}}::h42bb31757f0fee64
Dec 02 01:05:37.427 INFO [stderr]                                at libstd/panicking.rs:211
Dec 02 01:05:37.427 INFO [stderr]    3:     0x5646e05d6650 - std::panicking::default_hook::hebc8848d7aa7dbd9
Dec 02 01:05:37.427 INFO [stderr]                                at libstd/panicking.rs:227
Dec 02 01:05:37.427 INFO [stderr]    4:     0x5646e05d6edc - std::panicking::rust_panic_with_hook::h86e619a638415243
Dec 02 01:05:37.427 INFO [stderr]                                at libstd/panicking.rs:477
Dec 02 01:05:37.427 INFO [stderr]    5:     0x5646e05bac2f - std::panicking::begin_panic::h1547f6b8df8ef062
Dec 02 01:05:37.427 INFO [stderr]                                at libstd/panicking.rs:411
Dec 02 01:05:37.427 INFO [stderr]    6:     0x5646e05b8d73 - build_script_build::main::h7e1e0ce982337217
Dec 02 01:05:37.427 INFO [stderr]                                at /cargo-home/registry/src/github.com-1ecc6299db9ec823/rocket-0.3.16/build.rs:38
Dec 02 01:05:37.427 INFO [stderr]    7:     0x5646e05bb51f - std::rt::lang_start::{{closure}}::hdcba730274cd6e5e
Dec 02 01:05:37.427 INFO [stderr]                                at libstd/rt.rs:74
Dec 02 01:05:37.427 INFO [stderr]    8:     0x5646e05d6982 - std::panicking::try::do_call::h47665672c57b11e4
Dec 02 01:05:37.427 INFO [stderr]                                at libstd/rt.rs:59
Dec 02 01:05:37.427 INFO [stderr]                                at libstd/panicking.rs:310
Dec 02 01:05:37.427 INFO [stderr]    9:     0x5646e05f7939 - __rust_maybe_catch_panic
Dec 02 01:05:37.427 INFO [stderr]                                at libpanic_unwind/lib.rs:103
Dec 02 01:05:37.427 INFO [stderr]   10:     0x5646e05e1a05 - std::rt::lang_start_internal::had9505969b8e20a2
Dec 02 01:05:37.427 INFO [stderr]                                at libstd/panicking.rs:289
Dec 02 01:05:37.427 INFO [stderr]                                at libstd/panic.rs:392
Dec 02 01:05:37.427 INFO [stderr]                                at libstd/rt.rs:58
Dec 02 01:05:37.427 INFO [stderr]   11:     0x5646e05bb4f7 - std::rt::lang_start::h5723be38f20d77cf
Dec 02 01:05:37.427 INFO [stderr]                                at libstd/rt.rs:74
Dec 02 01:05:37.427 INFO [stderr]   12:     0x5646e05b9c19 - main
Dec 02 01:05:37.427 INFO [stderr]   13:     0x7fc0d94af82f - __libc_start_main
Dec 02 01:05:37.427 INFO [stderr]   14:     0x5646e05b8428 - _start
Dec 02 01:05:37.427 INFO [stderr]   15:                0x0 - <unknown>
Dec 02 01:05:37.427 INFO [stderr] 
Dec 02 01:05:37.427 INFO [stderr] warning: build failed, waiting for other jobs to finish...
Dec 02 01:05:44.862 INFO [stderr] error: build failed
Dec 02 01:05:44.865 INFO [stderr] su: No module specific data is present
Dec 02 01:05:45.965 INFO running `"docker" "inspect" "3d7a94cea9b4d0b8281358fc33888dafc22c9a720214993714a32c533123e9ef"`
Dec 02 01:05:46.191 INFO running `"docker" "rm" "-f" "3d7a94cea9b4d0b8281358fc33888dafc22c9a720214993714a32c533123e9ef"`
Dec 02 01:05:46.447 INFO [stdout] 3d7a94cea9b4d0b8281358fc33888dafc22c9a720214993714a32c533123e9ef
