Dec 02 01:19:04.448 INFO testing alamminsalo/fft against 1.30.1 for beta-1.31-5
Dec 02 01:19:04.448 INFO running `"docker" "create" "-v" "/mnt/big/crater/work/local/target-dirs/beta-1.31-5/worker-5/1.30.1:/target:rw,Z" "-v" "/mnt/big/crater/work/local/test-source/worker-5/beta-1.31-5/1.30.1:/source:ro,Z" "-v" "/mnt/big/crater/work/local/cargo-home:/cargo-home:ro,Z" "-v" "/mnt/big/crater/work/local/rustup-home:/rustup-home:ro,Z" "-e" "USER_ID=1000" "-e" "SOURCE_DIR=/source" "-e" "USER_ID=1000" "-e" "CMD=cargo +1.30.1 build --frozen" "-e" "CARGO_TARGET_DIR=/target" "-e" "CARGO_INCREMENTAL=0" "-e" "RUST_BACKTRACE=full" "-e" "RUSTFLAGS=--cap-lints=warn" "-e" "CARGO_HOME=/cargo-home" "-e" "RUSTUP_HOME=/rustup-home" "-m" "1536M" "--network" "none" "crater"`
Dec 02 01:19:04.839 INFO [stdout] eb9754aa13df4256e67c9b500edde0d223e63ab5f554ce1ac49d1d756eedd745
Dec 02 01:19:04.839 INFO running `"docker" "start" "-a" "eb9754aa13df4256e67c9b500edde0d223e63ab5f554ce1ac49d1d756eedd745"`
Dec 02 01:19:06.640 INFO [stderr] usermod: no changes
Dec 02 01:19:06.727 INFO [stderr]    Compiling svg v0.5.11
Dec 02 01:19:06.727 INFO [stderr]    Compiling num-complex v0.2.1
Dec 02 01:19:06.747 INFO [stderr]    Compiling tui v0.2.3
Dec 02 01:19:13.051 INFO [stderr]    Compiling plotlib v0.3.0
Dec 02 01:19:19.109 INFO [stderr]    Compiling fft v0.1.0 (/source)
Dec 02 01:19:21.969 INFO [stderr] warning: unused variable: `analysis`
Dec 02 01:19:21.969 INFO [stderr]    --> src/main.rs:121:17
Dec 02 01:19:21.969 INFO [stderr]     |
Dec 02 01:19:21.969 INFO [stderr] 121 |             let analysis = fft::analyze(&sample, ft_min, ft_max, ft_ss);
Dec 02 01:19:21.969 INFO [stderr]     |                 ^^^^^^^^ help: consider using `_analysis` instead
Dec 02 01:19:21.969 INFO [stderr]     |
Dec 02 01:19:21.969 INFO [stderr]     = note: #[warn(unused_variables)] on by default
Dec 02 01:19:21.969 INFO [stderr] 
Dec 02 01:19:25.080 INFO [stderr]     Finished dev [unoptimized + debuginfo] target(s) in 18.41s
Dec 02 01:19:25.084 INFO [stderr] su: No module specific data is present
Dec 02 01:19:26.365 INFO running `"docker" "inspect" "eb9754aa13df4256e67c9b500edde0d223e63ab5f554ce1ac49d1d756eedd745"`
Dec 02 01:19:26.753 INFO running `"docker" "rm" "-f" "eb9754aa13df4256e67c9b500edde0d223e63ab5f554ce1ac49d1d756eedd745"`
Dec 02 01:19:27.139 INFO [stdout] eb9754aa13df4256e67c9b500edde0d223e63ab5f554ce1ac49d1d756eedd745
Dec 02 01:19:27.147 INFO running `"docker" "create" "-v" "/mnt/big/crater/work/local/target-dirs/beta-1.31-5/worker-5/1.30.1:/target:rw,Z" "-v" "/mnt/big/crater/work/local/test-source/worker-5/beta-1.31-5/1.30.1:/source:ro,Z" "-v" "/mnt/big/crater/work/local/cargo-home:/cargo-home:ro,Z" "-v" "/mnt/big/crater/work/local/rustup-home:/rustup-home:ro,Z" "-e" "USER_ID=1000" "-e" "SOURCE_DIR=/source" "-e" "USER_ID=1000" "-e" "CMD=cargo +1.30.1 test --frozen --no-run" "-e" "CARGO_TARGET_DIR=/target" "-e" "CARGO_INCREMENTAL=0" "-e" "RUST_BACKTRACE=full" "-e" "RUSTFLAGS=--cap-lints=warn" "-e" "CARGO_HOME=/cargo-home" "-e" "RUSTUP_HOME=/rustup-home" "-m" "1536M" "--network" "none" "crater"`
Dec 02 01:19:27.704 INFO [stdout] 00463bbb784240e14bf100f86204e404623d1b9462497b46d06b6e2d609c05ad
Dec 02 01:19:27.706 INFO running `"docker" "start" "-a" "00463bbb784240e14bf100f86204e404623d1b9462497b46d06b6e2d609c05ad"`
Dec 02 01:19:29.015 INFO [stderr] usermod: no changes
Dec 02 01:19:29.075 INFO [stderr]    Compiling fft v0.1.0 (/source)
Dec 02 01:19:30.232 INFO [stderr] error[E0308]: mismatched types
Dec 02 01:19:30.232 INFO [stderr]    --> src/lib.rs:158:35
Dec 02 01:19:30.232 INFO [stderr]     |
Dec 02 01:19:30.232 INFO [stderr] 158 |         let circle = graph_circle(&sine, 5.0);
Dec 02 01:19:30.232 INFO [stderr]     |                                   ^^^^^ expected slice, found struct `Sample`
Dec 02 01:19:30.232 INFO [stderr]     |
Dec 02 01:19:30.232 INFO [stderr]     = note: expected type `&[(f32, f32)]`
Dec 02 01:19:30.232 INFO [stderr]                found type `&Sample`
Dec 02 01:19:30.232 INFO [stderr] 
Dec 02 01:19:30.322 INFO [stderr] error[E0308]: mismatched types
Dec 02 01:19:30.322 INFO [stderr]    --> src/lib.rs:167:35
Dec 02 01:19:30.322 INFO [stderr]     |
Dec 02 01:19:30.322 INFO [stderr] 167 |         let circle = graph_circle(&sine, 5.0);
Dec 02 01:19:30.322 INFO [stderr]     |                                   ^^^^^ expected slice, found struct `Sample`
Dec 02 01:19:30.322 INFO [stderr]     |
Dec 02 01:19:30.323 INFO [stderr]     = note: expected type `&[(f32, f32)]`
Dec 02 01:19:30.323 INFO [stderr]                found type `&Sample`
Dec 02 01:19:30.323 INFO [stderr] 
Dec 02 01:19:30.427 INFO [stderr] error[E0308]: mismatched types
Dec 02 01:19:30.427 INFO [stderr]    --> src/lib.rs:171:35
Dec 02 01:19:30.427 INFO [stderr]     |
Dec 02 01:19:30.427 INFO [stderr] 171 |         let circle = graph_circle(&sine, 10.0);
Dec 02 01:19:30.427 INFO [stderr]     |                                   ^^^^^ expected slice, found struct `Sample`
Dec 02 01:19:30.427 INFO [stderr]     |
Dec 02 01:19:30.427 INFO [stderr]     = note: expected type `&[(f32, f32)]`
Dec 02 01:19:30.427 INFO [stderr]                found type `&Sample`
Dec 02 01:19:30.427 INFO [stderr] 
Dec 02 01:19:30.535 INFO [stderr] error[E0308]: mismatched types
Dec 02 01:19:30.535 INFO [stderr]    --> src/lib.rs:180:35
Dec 02 01:19:30.535 INFO [stderr]     |
Dec 02 01:19:30.535 INFO [stderr] 180 |         let circle = graph_circle(&sine, 5.0);
Dec 02 01:19:30.535 INFO [stderr]     |                                   ^^^^^ expected slice, found struct `Sample`
Dec 02 01:19:30.535 INFO [stderr]     |
Dec 02 01:19:30.535 INFO [stderr]     = note: expected type `&[(f32, f32)]`
Dec 02 01:19:30.535 INFO [stderr]                found type `&Sample`
Dec 02 01:19:30.535 INFO [stderr] 
Dec 02 01:19:30.651 INFO [stderr] error[E0308]: mismatched types
Dec 02 01:19:30.651 INFO [stderr]    --> src/lib.rs:191:35
Dec 02 01:19:30.651 INFO [stderr]     |
Dec 02 01:19:30.651 INFO [stderr] 191 |         let circle = graph_circle(&sine, 5.0);
Dec 02 01:19:30.651 INFO [stderr]     |                                   ^^^^^ expected slice, found struct `Sample`
Dec 02 01:19:30.651 INFO [stderr]     |
Dec 02 01:19:30.651 INFO [stderr]     = note: expected type `&[(f32, f32)]`
Dec 02 01:19:30.651 INFO [stderr]                found type `&Sample`
Dec 02 01:19:30.651 INFO [stderr] 
Dec 02 01:19:30.699 INFO [stderr] warning: unused variable: `analysis`
Dec 02 01:19:30.699 INFO [stderr]    --> src/main.rs:121:17
Dec 02 01:19:30.699 INFO [stderr]     |
Dec 02 01:19:30.699 INFO [stderr] 121 |             let analysis = fft::analyze(&sample, ft_min, ft_max, ft_ss);
Dec 02 01:19:30.699 INFO [stderr]     |                 ^^^^^^^^ help: consider using `_analysis` instead
Dec 02 01:19:30.699 INFO [stderr]     |
Dec 02 01:19:30.699 INFO [stderr]     = note: #[warn(unused_variables)] on by default
Dec 02 01:19:30.699 INFO [stderr] 
Dec 02 01:19:30.839 INFO [stderr] error[E0308]: mismatched types
Dec 02 01:19:30.839 INFO [stderr]    --> src/lib.rs:197:35
Dec 02 01:19:30.839 INFO [stderr]     |
Dec 02 01:19:30.839 INFO [stderr] 197 |         let circle = graph_circle(&sine, 60.0);
Dec 02 01:19:30.839 INFO [stderr]     |                                   ^^^^^ expected slice, found struct `Sample`
Dec 02 01:19:30.839 INFO [stderr]     |
Dec 02 01:19:30.839 INFO [stderr]     = note: expected type `&[(f32, f32)]`
Dec 02 01:19:30.839 INFO [stderr]                found type `&Sample`
Dec 02 01:19:30.839 INFO [stderr] 
Dec 02 01:19:30.923 INFO [stderr] error[E0308]: mismatched types
Dec 02 01:19:30.923 INFO [stderr]    --> src/lib.rs:205:35
Dec 02 01:19:30.923 INFO [stderr]     |
Dec 02 01:19:30.923 INFO [stderr] 205 |         let circle = graph_circle(&sine, 5.0);
Dec 02 01:19:30.923 INFO [stderr]     |                                   ^^^^^ expected slice, found struct `Sample`
Dec 02 01:19:30.923 INFO [stderr]     |
Dec 02 01:19:30.923 INFO [stderr]     = note: expected type `&[(f32, f32)]`
Dec 02 01:19:30.923 INFO [stderr]                found type `&Sample`
Dec 02 01:19:30.923 INFO [stderr] 
Dec 02 01:19:31.095 INFO [stderr] error[E0308]: mismatched types
Dec 02 01:19:31.095 INFO [stderr]    --> src/lib.rs:212:35
Dec 02 01:19:31.098 INFO [stderr]     |
Dec 02 01:19:31.099 INFO [stderr] 212 |         let circle = graph_circle(&sine, 60.0);
Dec 02 01:19:31.099 INFO [stderr]     |                                   ^^^^^ expected slice, found struct `Sample`
Dec 02 01:19:31.099 INFO [stderr]     |
Dec 02 01:19:31.099 INFO [stderr]     = note: expected type `&[(f32, f32)]`
Dec 02 01:19:31.099 INFO [stderr]                found type `&Sample`
Dec 02 01:19:31.099 INFO [stderr] 
Dec 02 01:19:31.135 INFO [stderr] error: aborting due to 8 previous errors
Dec 02 01:19:31.135 INFO [stderr] 
Dec 02 01:19:31.135 INFO [stderr] For more information about this error, try `rustc --explain E0308`.
Dec 02 01:19:31.151 INFO [stderr] error: Could not compile `fft`.
Dec 02 01:19:31.151 INFO [stderr] warning: build failed, waiting for other jobs to finish...
Dec 02 01:19:31.279 INFO [stderr] error: build failed
Dec 02 01:19:31.287 INFO [stderr] su: No module specific data is present
Dec 02 01:19:31.703 INFO running `"docker" "inspect" "00463bbb784240e14bf100f86204e404623d1b9462497b46d06b6e2d609c05ad"`
Dec 02 01:19:31.951 INFO running `"docker" "rm" "-f" "00463bbb784240e14bf100f86204e404623d1b9462497b46d06b6e2d609c05ad"`
Dec 02 01:19:32.146 INFO [stdout] 00463bbb784240e14bf100f86204e404623d1b9462497b46d06b6e2d609c05ad
