Dec 02 01:56:55.868 INFO testing Zyphicx/ecstest against 1.30.1 for beta-1.31-5
Dec 02 01:56:55.868 INFO running `"docker" "create" "-v" "/mnt/big/crater/work/local/target-dirs/beta-1.31-5/worker-5/1.30.1:/target:rw,Z" "-v" "/mnt/big/crater/work/local/test-source/worker-5/beta-1.31-5/1.30.1:/source:ro,Z" "-v" "/mnt/big/crater/work/local/cargo-home:/cargo-home:ro,Z" "-v" "/mnt/big/crater/work/local/rustup-home:/rustup-home:ro,Z" "-e" "USER_ID=1000" "-e" "SOURCE_DIR=/source" "-e" "USER_ID=1000" "-e" "CMD=cargo +1.30.1 build --frozen" "-e" "CARGO_TARGET_DIR=/target" "-e" "CARGO_INCREMENTAL=0" "-e" "RUST_BACKTRACE=full" "-e" "RUSTFLAGS=--cap-lints=warn" "-e" "CARGO_HOME=/cargo-home" "-e" "RUSTUP_HOME=/rustup-home" "-m" "1536M" "--network" "none" "crater"`
Dec 02 01:56:56.315 INFO [stdout] be916a9cbf2d5b5033e943988c3801e164a252616a56abe5b605c8bedb6c8f35
Dec 02 01:56:56.323 INFO running `"docker" "start" "-a" "be916a9cbf2d5b5033e943988c3801e164a252616a56abe5b605c8bedb6c8f35"`
Dec 02 01:56:58.043 INFO [stderr] usermod: no changes
Dec 02 01:56:58.127 INFO [stderr]    Compiling ecstest v0.1.0 (/source)
Dec 02 01:56:58.611 INFO [stderr] warning: unused import: `Tag::*`
Dec 02 01:56:58.611 INFO [stderr]    --> src/main.rs:159:5
Dec 02 01:56:58.611 INFO [stderr]     |
Dec 02 01:56:58.611 INFO [stderr] 159 | use Tag::*;
Dec 02 01:56:58.611 INFO [stderr]     |     ^^^^^^
Dec 02 01:56:58.611 INFO [stderr]     |
Dec 02 01:56:58.611 INFO [stderr]     = note: #[warn(unused_imports)] on by default
Dec 02 01:56:58.611 INFO [stderr] 
Dec 02 01:56:58.699 INFO [stderr] error[E0277]: a collection of type `&Vel` cannot be built from an iterator over elements of type `&Vel`
Dec 02 01:56:58.699 INFO [stderr]    --> src/main.rs:94:30
Dec 02 01:56:58.699 INFO [stderr]     |
Dec 02 01:56:58.699 INFO [stderr] 94  |                             .collect()
Dec 02 01:56:58.699 INFO [stderr]     |                              ^^^^^^^ a collection of type `&Vel` cannot be built from `std::iter::Iterator<Item=&Vel>`
Dec 02 01:56:58.699 INFO [stderr] ...
Dec 02 01:56:58.699 INFO [stderr] 357 |     read!( Tag::HasGravity: Vel ); 
Dec 02 01:56:58.699 INFO [stderr]     |     ------------------------------ in this macro invocation
Dec 02 01:56:58.699 INFO [stderr]     |
Dec 02 01:56:58.699 INFO [stderr]     = help: the trait `std::iter::FromIterator<&Vel>` is not implemented for `&Vel`
Dec 02 01:56:58.699 INFO [stderr] 
Dec 02 01:56:58.792 INFO [stderr] error[E0308]: mismatched types
Dec 02 01:56:58.792 INFO [stderr]    --> src/main.rs:133:67
Dec 02 01:56:58.792 INFO [stderr]     |
Dec 02 01:56:58.792 INFO [stderr] 133 |                               .map(|x| { let comp: &mut Component = &**world.components.get_mut(&TypeId::of::<$components>())
Dec 02 01:56:58.792 INFO [stderr]     |  ___________________________________________________________________^
Dec 02 01:56:58.792 INFO [stderr] 134 | |                                                                                      .unwrap()
Dec 02 01:56:58.792 INFO [stderr] 135 | |                                                                                      .get_mut(*x) // Get the corresponding component
Dec 02 01:56:58.792 INFO [stderr] 136 | |                                                                                      .unwrap();
Dec 02 01:56:58.792 INFO [stderr]     | |______________________________________________________________________________________________^ types differ in mutability
Dec 02 01:56:58.792 INFO [stderr] ...
Dec 02 01:56:58.792 INFO [stderr] 358 |       write!( Tag::HasGravity: Pos );
Dec 02 01:56:58.792 INFO [stderr]     |       ------------------------------- in this macro invocation
Dec 02 01:56:58.792 INFO [stderr]     |
Dec 02 01:56:58.792 INFO [stderr]     = note: expected type `&mut (dyn Component + 'static)`
Dec 02 01:56:58.792 INFO [stderr]                found type `&(dyn Component + 'static)`
Dec 02 01:56:58.792 INFO [stderr] 
Dec 02 01:56:58.797 INFO [stderr] error[E0277]: a collection of type `&mut Pos` cannot be built from an iterator over elements of type `&mut Pos`
Dec 02 01:56:58.797 INFO [stderr]    --> src/main.rs:144:30
Dec 02 01:56:58.797 INFO [stderr]     |
Dec 02 01:56:58.797 INFO [stderr] 144 |                             .collect()
Dec 02 01:56:58.797 INFO [stderr]     |                              ^^^^^^^ a collection of type `&mut Pos` cannot be built from `std::iter::Iterator<Item=&mut Pos>`
Dec 02 01:56:58.797 INFO [stderr] ...
Dec 02 01:56:58.797 INFO [stderr] 358 |     write!( Tag::HasGravity: Pos );
Dec 02 01:56:58.797 INFO [stderr]     |     ------------------------------- in this macro invocation
Dec 02 01:56:58.797 INFO [stderr]     |
Dec 02 01:56:58.797 INFO [stderr]     = help: the trait `std::iter::FromIterator<&mut Pos>` is not implemented for `&mut Pos`
Dec 02 01:56:58.797 INFO [stderr] 
Dec 02 01:56:58.839 INFO [stderr] error[E0308]: mismatched types
Dec 02 01:56:58.839 INFO [stderr]    --> src/main.rs:191:14
Dec 02 01:56:58.839 INFO [stderr]     |
Dec 02 01:56:58.839 INFO [stderr] 191 |         Some(&self[id as usize])
Dec 02 01:56:58.839 INFO [stderr]     |              ^^^^^^^^^^^^^^^^^^ types differ in mutability
Dec 02 01:56:58.839 INFO [stderr]     |
Dec 02 01:56:58.839 INFO [stderr]     = note: expected type `&mut std::boxed::Box<(dyn Component + 'static)>`
Dec 02 01:56:58.839 INFO [stderr]                found type `&std::boxed::Box<(dyn Component + 'static)>`
Dec 02 01:56:58.839 INFO [stderr] 
Dec 02 01:56:58.856 INFO [stderr] error: aborting due to 4 previous errors
Dec 02 01:56:58.856 INFO [stderr] 
Dec 02 01:56:58.856 INFO [stderr] Some errors occurred: E0277, E0308.
Dec 02 01:56:58.856 INFO [stderr] For more information about an error, try `rustc --explain E0277`.
Dec 02 01:56:58.862 INFO [stderr] error: Could not compile `ecstest`.
Dec 02 01:56:58.862 INFO [stderr] 
Dec 02 01:56:58.862 INFO [stderr] To learn more, run the command again with --verbose.
Dec 02 01:56:58.864 INFO [stderr] su: No module specific data is present
Dec 02 01:56:59.364 INFO running `"docker" "inspect" "be916a9cbf2d5b5033e943988c3801e164a252616a56abe5b605c8bedb6c8f35"`
Dec 02 01:56:59.677 INFO running `"docker" "rm" "-f" "be916a9cbf2d5b5033e943988c3801e164a252616a56abe5b605c8bedb6c8f35"`
Dec 02 01:56:59.956 INFO [stdout] be916a9cbf2d5b5033e943988c3801e164a252616a56abe5b605c8bedb6c8f35
