Dec 02 02:05:25.106 INFO testing YaLTeR/aoc2017 against 1.30.1 for beta-1.31-5
Dec 02 02:05:25.106 INFO running `"docker" "create" "-v" "/mnt/big/crater/work/local/target-dirs/beta-1.31-5/worker-0/1.30.1:/target:rw,Z" "-v" "/mnt/big/crater/work/local/test-source/worker-0/beta-1.31-5/1.30.1:/source:ro,Z" "-v" "/mnt/big/crater/work/local/cargo-home:/cargo-home:ro,Z" "-v" "/mnt/big/crater/work/local/rustup-home:/rustup-home:ro,Z" "-e" "USER_ID=1000" "-e" "SOURCE_DIR=/source" "-e" "USER_ID=1000" "-e" "CMD=cargo +1.30.1 build --frozen" "-e" "CARGO_TARGET_DIR=/target" "-e" "CARGO_INCREMENTAL=0" "-e" "RUST_BACKTRACE=full" "-e" "RUSTFLAGS=--cap-lints=warn" "-e" "CARGO_HOME=/cargo-home" "-e" "RUSTUP_HOME=/rustup-home" "-m" "1536M" "--network" "none" "crater"`
Dec 02 02:05:25.281 INFO [stdout] 4642d1353a3ae0c6ce362cb0f8b38ab24b4836fc3aa63dc8ec7176c58120f8a4
Dec 02 02:05:25.283 INFO running `"docker" "start" "-a" "4642d1353a3ae0c6ce362cb0f8b38ab24b4836fc3aa63dc8ec7176c58120f8a4"`
Dec 02 02:05:25.650 INFO [stderr] usermod: no changes
Dec 02 02:05:25.683 INFO [stderr]    Compiling ordermap v0.3.2
Dec 02 02:05:26.966 INFO [stderr]    Compiling petgraph v0.4.10
Dec 02 02:05:28.944 INFO [stderr] error[E0034]: multiple applicable items in scope
Dec 02 02:05:28.944 INFO [stderr]     --> /cargo-home/registry/src/github.com-1ecc6299db9ec823/petgraph-0.4.10/src/graph_impl/stable_graph/mod.rs:1173:19
Dec 02 02:05:28.944 INFO [stderr]      |
Dec 02 02:05:28.944 INFO [stderr] 1173 |         self.iter.find_map(|(i, node)| {
Dec 02 02:05:28.944 INFO [stderr]      |                   ^^^^^^^^ multiple `find_map` found
Dec 02 02:05:28.944 INFO [stderr]      |
Dec 02 02:05:28.944 INFO [stderr] note: candidate #1 is defined in an impl of the trait `iter_utils::IterUtilsExt` for the type `_`
Dec 02 02:05:28.944 INFO [stderr]     --> /cargo-home/registry/src/github.com-1ecc6299db9ec823/petgraph-0.4.10/src/iter_utils.rs:5:5
Dec 02 02:05:28.944 INFO [stderr]      |
Dec 02 02:05:28.944 INFO [stderr] 5    | /     fn find_map<F, R>(&mut self, mut f: F) -> Option<R>
Dec 02 02:05:28.944 INFO [stderr] 6    | |         where F: FnMut(Self::Item) -> Option<R>
Dec 02 02:05:28.944 INFO [stderr] 7    | |     {
Dec 02 02:05:28.944 INFO [stderr] 8    | |         while let Some(elt) = self.next() {
Dec 02 02:05:28.944 INFO [stderr] ...    |
Dec 02 02:05:28.944 INFO [stderr] 13   | |         None
Dec 02 02:05:28.944 INFO [stderr] 14   | |     }
Dec 02 02:05:28.944 INFO [stderr]      | |_____^
Dec 02 02:05:28.944 INFO [stderr]      = note: candidate #2 is defined in an impl of the trait `std::iter::Iterator` for the type `std::iter::Enumerate<_>`
Dec 02 02:05:28.944 INFO [stderr] 
Dec 02 02:05:28.959 INFO [stderr] error[E0034]: multiple applicable items in scope
Dec 02 02:05:28.959 INFO [stderr]     --> /cargo-home/registry/src/github.com-1ecc6299db9ec823/petgraph-0.4.10/src/graph_impl/stable_graph/mod.rs:1365:19
Dec 02 02:05:28.959 INFO [stderr]      |
Dec 02 02:05:28.959 INFO [stderr] 1365 |         self.iter.find_map(|(i, edge)|
Dec 02 02:05:28.959 INFO [stderr]      |                   ^^^^^^^^ multiple `find_map` found
Dec 02 02:05:28.959 INFO [stderr]      |
Dec 02 02:05:28.963 INFO [stderr] note: candidate #1 is defined in an impl of the trait `iter_utils::IterUtilsExt` for the type `_`
Dec 02 02:05:28.963 INFO [stderr]     --> /cargo-home/registry/src/github.com-1ecc6299db9ec823/petgraph-0.4.10/src/iter_utils.rs:5:5
Dec 02 02:05:28.963 INFO [stderr]      |
Dec 02 02:05:28.963 INFO [stderr] 5    | /     fn find_map<F, R>(&mut self, mut f: F) -> Option<R>
Dec 02 02:05:28.963 INFO [stderr] 6    | |         where F: FnMut(Self::Item) -> Option<R>
Dec 02 02:05:28.963 INFO [stderr] 7    | |     {
Dec 02 02:05:28.963 INFO [stderr] 8    | |         while let Some(elt) = self.next() {
Dec 02 02:05:28.963 INFO [stderr] ...    |
Dec 02 02:05:28.963 INFO [stderr] 13   | |         None
Dec 02 02:05:28.963 INFO [stderr] 14   | |     }
Dec 02 02:05:28.963 INFO [stderr]      | |_____^
Dec 02 02:05:28.963 INFO [stderr]      = note: candidate #2 is defined in an impl of the trait `std::iter::Iterator` for the type `std::iter::Enumerate<_>`
Dec 02 02:05:28.963 INFO [stderr] 
Dec 02 02:05:28.967 INFO [stderr] error[E0034]: multiple applicable items in scope
Dec 02 02:05:28.967 INFO [stderr]     --> /cargo-home/registry/src/github.com-1ecc6299db9ec823/petgraph-0.4.10/src/graph_impl/stable_graph/mod.rs:1529:19
Dec 02 02:05:28.967 INFO [stderr]      |
Dec 02 02:05:28.967 INFO [stderr] 1529 |         self.iter.find_map(|(i, node)| {
Dec 02 02:05:28.967 INFO [stderr]      |                   ^^^^^^^^ multiple `find_map` found
Dec 02 02:05:28.967 INFO [stderr]      |
Dec 02 02:05:28.967 INFO [stderr] note: candidate #1 is defined in an impl of the trait `iter_utils::IterUtilsExt` for the type `_`
Dec 02 02:05:28.967 INFO [stderr]     --> /cargo-home/registry/src/github.com-1ecc6299db9ec823/petgraph-0.4.10/src/iter_utils.rs:5:5
Dec 02 02:05:28.967 INFO [stderr]      |
Dec 02 02:05:28.967 INFO [stderr] 5    | /     fn find_map<F, R>(&mut self, mut f: F) -> Option<R>
Dec 02 02:05:28.967 INFO [stderr] 6    | |         where F: FnMut(Self::Item) -> Option<R>
Dec 02 02:05:28.967 INFO [stderr] 7    | |     {
Dec 02 02:05:28.967 INFO [stderr] 8    | |         while let Some(elt) = self.next() {
Dec 02 02:05:28.967 INFO [stderr] ...    |
Dec 02 02:05:28.967 INFO [stderr] 13   | |         None
Dec 02 02:05:28.967 INFO [stderr] 14   | |     }
Dec 02 02:05:28.967 INFO [stderr]      | |_____^
Dec 02 02:05:28.967 INFO [stderr]      = note: candidate #2 is defined in an impl of the trait `std::iter::Iterator` for the type `std::iter::Enumerate<_>`
Dec 02 02:05:28.967 INFO [stderr] 
Dec 02 02:05:28.975 INFO [stderr] error[E0034]: multiple applicable items in scope
Dec 02 02:05:28.975 INFO [stderr]     --> /cargo-home/registry/src/github.com-1ecc6299db9ec823/petgraph-0.4.10/src/graph_impl/stable_graph/mod.rs:1575:19
Dec 02 02:05:28.975 INFO [stderr]      |
Dec 02 02:05:28.975 INFO [stderr] 1575 |         self.iter.find_map(|(i, node)| {
Dec 02 02:05:28.975 INFO [stderr]      |                   ^^^^^^^^ multiple `find_map` found
Dec 02 02:05:28.975 INFO [stderr]      |
Dec 02 02:05:28.975 INFO [stderr] note: candidate #1 is defined in an impl of the trait `iter_utils::IterUtilsExt` for the type `_`
Dec 02 02:05:28.975 INFO [stderr]     --> /cargo-home/registry/src/github.com-1ecc6299db9ec823/petgraph-0.4.10/src/iter_utils.rs:5:5
Dec 02 02:05:28.975 INFO [stderr]      |
Dec 02 02:05:28.975 INFO [stderr] 5    | /     fn find_map<F, R>(&mut self, mut f: F) -> Option<R>
Dec 02 02:05:28.975 INFO [stderr] 6    | |         where F: FnMut(Self::Item) -> Option<R>
Dec 02 02:05:28.975 INFO [stderr] 7    | |     {
Dec 02 02:05:28.975 INFO [stderr] 8    | |         while let Some(elt) = self.next() {
Dec 02 02:05:28.975 INFO [stderr] ...    |
Dec 02 02:05:28.975 INFO [stderr] 13   | |         None
Dec 02 02:05:28.975 INFO [stderr] 14   | |     }
Dec 02 02:05:28.975 INFO [stderr]      | |_____^
Dec 02 02:05:28.975 INFO [stderr]      = note: candidate #2 is defined in an impl of the trait `std::iter::Iterator` for the type `std::iter::Enumerate<_>`
Dec 02 02:05:28.975 INFO [stderr] 
Dec 02 02:05:29.235 INFO [stderr] error: aborting due to 4 previous errors
Dec 02 02:05:29.235 INFO [stderr] 
Dec 02 02:05:29.235 INFO [stderr] For more information about this error, try `rustc --explain E0034`.
Dec 02 02:05:29.242 INFO [stderr] error: Could not compile `petgraph`.
Dec 02 02:05:29.242 INFO [stderr] 
Dec 02 02:05:29.242 INFO [stderr] To learn more, run the command again with --verbose.
Dec 02 02:05:29.242 INFO [stderr] su: No module specific data is present
Dec 02 02:05:29.647 INFO running `"docker" "inspect" "4642d1353a3ae0c6ce362cb0f8b38ab24b4836fc3aa63dc8ec7176c58120f8a4"`
Dec 02 02:05:29.729 INFO running `"docker" "rm" "-f" "4642d1353a3ae0c6ce362cb0f8b38ab24b4836fc3aa63dc8ec7176c58120f8a4"`
Dec 02 02:05:29.817 INFO [stdout] 4642d1353a3ae0c6ce362cb0f8b38ab24b4836fc3aa63dc8ec7176c58120f8a4
