Dec 02 02:12:37.026 INFO testing Wodann/lab against 1.30.1 for beta-1.31-5
Dec 02 02:12:37.026 INFO running `"docker" "create" "-v" "/mnt/big/crater/work/local/target-dirs/beta-1.31-5/worker-6/1.30.1:/target:rw,Z" "-v" "/mnt/big/crater/work/local/test-source/worker-6/beta-1.31-5/1.30.1:/source:ro,Z" "-v" "/mnt/big/crater/work/local/cargo-home:/cargo-home:ro,Z" "-v" "/mnt/big/crater/work/local/rustup-home:/rustup-home:ro,Z" "-e" "USER_ID=1000" "-e" "SOURCE_DIR=/source" "-e" "USER_ID=1000" "-e" "CMD=cargo +1.30.1 build --frozen" "-e" "CARGO_TARGET_DIR=/target" "-e" "CARGO_INCREMENTAL=0" "-e" "RUST_BACKTRACE=full" "-e" "RUSTFLAGS=--cap-lints=warn" "-e" "CARGO_HOME=/cargo-home" "-e" "RUSTUP_HOME=/rustup-home" "-m" "1536M" "--network" "none" "crater"`
Dec 02 02:12:37.218 INFO [stdout] 7b9c5489edcd8c470bdaf8cbe2071df7b3a1442a44da360b8b399ec2102c3a22
Dec 02 02:12:37.220 INFO running `"docker" "start" "-a" "7b9c5489edcd8c470bdaf8cbe2071df7b3a1442a44da360b8b399ec2102c3a22"`
Dec 02 02:12:37.846 INFO [stderr] usermod: no changes
Dec 02 02:12:38.091 INFO [stderr]    Compiling xml-rs v0.8.0
Dec 02 02:12:38.091 INFO [stderr]    Compiling vulkano v0.11.0
Dec 02 02:12:38.091 INFO [stderr]    Compiling vk-sys v0.3.4
Dec 02 02:12:38.099 INFO [stderr]    Compiling cmake v0.1.35
Dec 02 02:12:38.104 INFO [stderr]    Compiling shared_library v0.1.9
Dec 02 02:12:38.104 INFO [stderr]    Compiling crossbeam-epoch v0.5.2
Dec 02 02:12:38.105 INFO [stderr]    Compiling ordered-float v1.0.1
Dec 02 02:12:38.105 INFO [stderr]    Compiling approx v0.3.0
Dec 02 02:12:41.675 INFO [stderr]    Compiling line_drawing v0.7.0
Dec 02 02:12:41.711 INFO [stderr]    Compiling num-complex v0.2.1
Dec 02 02:12:41.735 INFO [stderr]    Compiling x11-dl v2.18.3
Dec 02 02:12:41.777 INFO [stderr]    Compiling syn v0.15.20
Dec 02 02:12:43.019 INFO [stderr]    Compiling crossbeam-deque v0.5.2
Dec 02 02:12:43.071 INFO [stderr]    Compiling wayland-sys v0.21.4
Dec 02 02:12:46.907 INFO [stderr]    Compiling parking_lot_core v0.3.1
Dec 02 02:12:47.047 INFO [stderr]    Compiling rusttype v0.7.2
Dec 02 02:12:47.335 INFO [stderr]    Compiling shaderc v0.3.12
Dec 02 02:12:47.335 INFO [stderr]    Compiling alga v0.7.2
Dec 02 02:12:47.335 INFO [stderr]    Compiling wayland-scanner v0.21.4
Dec 02 02:12:47.431 INFO [stderr]    Compiling wayland-commons v0.21.4
Dec 02 02:12:54.674 INFO [stderr]    Compiling parking_lot v0.6.4
Dec 02 02:12:54.795 INFO [stderr]    Compiling andrew v0.1.4
Dec 02 02:12:57.587 INFO [stderr]    Compiling wayland-client v0.21.4
Dec 02 02:12:57.587 INFO [stderr]    Compiling wayland-protocols v0.21.4
Dec 02 02:15:08.399 INFO [stderr]    Compiling nalgebra v0.16.10
Dec 02 02:15:08.440 INFO [stderr]    Compiling crossbeam-channel v0.2.6
Dec 02 02:15:17.400 INFO [stderr]    Compiling crossbeam v0.4.1
Dec 02 02:15:17.979 INFO [stderr] error: failed to run custom build command for `shaderc v0.3.12`
Dec 02 02:15:17.979 INFO [stderr] process didn't exit successfully: `/target/debug/build/shaderc-ea45bfffeba0ea57/build-script-build` (exit code: 101)
Dec 02 02:15:17.979 INFO [stderr] --- stdout
Dec 02 02:15:17.979 INFO [stderr] running: "cmake" "/cargo-home/registry/src/github.com-1ecc6299db9ec823/shaderc-0.3.12/build" "-DCMAKE_POSITION_INDEPENDENT_CODE=ON" "-DSPIRV_SKIP_EXECUTABLES=ON" "-DSPIRV_WERROR=OFF" "-DSHADERC_SKIP_TESTS=ON" "-DCMAKE_INSTALL_LIBDIR=lib" "-DCMAKE_INSTALL_PREFIX=/target/debug/build/shaderc-a58b5531f6733dbc/out" "-DCMAKE_C_FLAGS= -ffunction-sections -fdata-sections -fPIC -m64" "-DCMAKE_C_COMPILER=/usr/bin/cc" "-DCMAKE_CXX_FLAGS= -ffunction-sections -fdata-sections -fPIC -m64" "-DCMAKE_CXX_COMPILER=/usr/bin/c++" "-DCMAKE_BUILD_TYPE=Release"
Dec 02 02:15:17.979 INFO [stderr] -- The C compiler identification is GNU 5.4.0
Dec 02 02:15:17.979 INFO [stderr] -- The CXX compiler identification is GNU 5.4.0
Dec 02 02:15:17.979 INFO [stderr] -- Check for working C compiler: /usr/bin/cc
Dec 02 02:15:17.979 INFO [stderr] -- Check for working C compiler: /usr/bin/cc -- works
Dec 02 02:15:17.979 INFO [stderr] -- Detecting C compiler ABI info
Dec 02 02:15:17.979 INFO [stderr] -- Detecting C compiler ABI info - done
Dec 02 02:15:17.979 INFO [stderr] -- Detecting C compile features
Dec 02 02:15:17.979 INFO [stderr] -- Detecting C compile features - done
Dec 02 02:15:17.979 INFO [stderr] -- Check for working CXX compiler: /usr/bin/c++
Dec 02 02:15:17.979 INFO [stderr] -- Check for working CXX compiler: /usr/bin/c++ -- works
Dec 02 02:15:17.979 INFO [stderr] -- Detecting CXX compiler ABI info
Dec 02 02:15:17.979 INFO [stderr] -- Detecting CXX compiler ABI info - done
Dec 02 02:15:17.979 INFO [stderr] -- Detecting CXX compile features
Dec 02 02:15:17.979 INFO [stderr] -- Detecting CXX compile features - done
Dec 02 02:15:17.979 INFO [stderr] -- SPIRV-Tools: nosetests found - python support code will be tested
Dec 02 02:15:17.979 INFO [stderr] -- Found PythonInterp: /usr/bin/python (found version "2.7.12") 
Dec 02 02:15:17.979 INFO [stderr] -- Google Mock was not found - tests based on that will not build
Dec 02 02:15:17.979 INFO [stderr] -- optimizer enabled
Dec 02 02:15:17.979 INFO [stderr] -- Shaderc: build type is "Release".
Dec 02 02:15:17.979 INFO [stderr] -- Configuring Shaderc to avoid building tests.
Dec 02 02:15:17.979 INFO [stderr] -- asciidoctor was not found - no documentation will be generated
Dec 02 02:15:17.979 INFO [stderr] -- Looking for pthread.h
Dec 02 02:15:17.979 INFO [stderr] -- Looking for pthread.h - found
Dec 02 02:15:17.979 INFO [stderr] -- Looking for pthread_create
Dec 02 02:15:17.979 INFO [stderr] -- Looking for pthread_create - not found
Dec 02 02:15:17.979 INFO [stderr] -- Looking for pthread_create in pthreads
Dec 02 02:15:17.979 INFO [stderr] -- Looking for pthread_create in pthreads - not found
Dec 02 02:15:17.979 INFO [stderr] -- Looking for pthread_create in pthread
Dec 02 02:15:17.979 INFO [stderr] -- Looking for pthread_create in pthread - found
Dec 02 02:15:17.979 INFO [stderr] -- Found Threads: TRUE  
Dec 02 02:15:17.979 INFO [stderr] -- Configuring done
Dec 02 02:15:17.979 INFO [stderr] -- Generating done
Dec 02 02:15:17.979 INFO [stderr] -- Build files have been written to: /target/debug/build/shaderc-a58b5531f6733dbc/out/build
Dec 02 02:15:17.979 INFO [stderr] running: "cmake" "--build" "." "--target" "install" "--config" "Release" "--"
Dec 02 02:15:17.979 INFO [stderr] Scanning dependencies of target SPIRV-Headers-example
Dec 02 02:15:17.979 INFO [stderr] [  0%] Building CXX object spirv-headers/example/CMakeFiles/SPIRV-Headers-example.dir/example.cpp.o
Dec 02 02:15:17.979 INFO [stderr] Scanning dependencies of target SPIRV-Headers-example-1.1
Dec 02 02:15:17.979 INFO [stderr] [  1%] Building CXX object spirv-headers/example/CMakeFiles/SPIRV-Headers-example-1.1.dir/example-1.1.cpp.o
Dec 02 02:15:17.979 INFO [stderr] [  1%] Linking CXX static library libSPIRV-Headers-example.a
Dec 02 02:15:17.979 INFO [stderr] Scanning dependencies of target spirv-tools-pkg-config
Dec 02 02:15:17.979 INFO [stderr] [  1%] Built target spirv-tools-pkg-config
Dec 02 02:15:17.979 INFO [stderr] [  1%] Linking CXX static library libSPIRV-Headers-example-1.1.a
Dec 02 02:15:17.979 INFO [stderr] [  1%] Built target SPIRV-Headers-example
Dec 02 02:15:17.979 INFO [stderr] Scanning dependencies of target spirv-tools-shared-pkg-config
Dec 02 02:15:17.979 INFO [stderr] [  1%] Built target SPIRV-Headers-example-1.1
Dec 02 02:15:17.979 INFO [stderr] [  1%] Update build-version.inc in the SPIRV-Tools build directory (if necessary).
Dec 02 02:15:17.979 INFO [stderr] [  1%] Update build-version.inc in the SPIRV-Tools build directory (if necessary).
Dec 02 02:15:17.979 INFO [stderr] [  1%] Generate enum-string mapping for SPIR-V vunified1.
Dec 02 02:15:17.979 INFO [stderr] [  1%] Built target spirv-tools-shared-pkg-config
Dec 02 02:15:17.979 INFO [stderr] [  1%] Generate enum-string mapping for SPIR-V vunified1.
Dec 02 02:15:17.979 INFO [stderr] Scanning dependencies of target HLSL
Dec 02 02:15:17.979 INFO [stderr] [  1%] Generate info tables for OpenCL extended instructions and operands vunified1.
Dec 02 02:15:17.979 INFO [stderr] [  1%] Building CXX object glslang/hlsl/CMakeFiles/HLSL.dir/hlslAttributes.cpp.o
Dec 02 02:15:17.979 INFO [stderr] [  2%] Generate info tables for OpenCL extended instructions and operands vunified1.
Dec 02 02:15:17.979 INFO [stderr] [  3%] Generate info tables for GLSL extended instructions and operands vunified1.
Dec 02 02:15:17.979 INFO [stderr] [  3%] Generate info tables for GLSL extended instructions and operands vunified1.
Dec 02 02:15:17.979 INFO [stderr] [  3%] Generate extended instruction tables for spv-amd-shader-explicit-vertex-parameter.
Dec 02 02:15:17.979 INFO [stderr] [  3%] Generate extended instruction tables for spv-amd-shader-explicit-vertex-parameter.
Dec 02 02:15:17.979 INFO [stderr] [  3%] Generate extended instruction tables for spv-amd-shader-trinary-minmax.
Dec 02 02:15:17.979 INFO [stderr] [  4%] Generate extended instruction tables for spv-amd-gcn-shader.
Dec 02 02:15:17.979 INFO [stderr] [  4%] Generate extended instruction tables for spv-amd-shader-trinary-minmax.
Dec 02 02:15:17.979 INFO [stderr] [  5%] Generate extended instruction tables for spv-amd-gcn-shader.
Dec 02 02:15:17.979 INFO [stderr] [  5%] Generate extended instruction tables for spv-amd-shader-ballot.
Dec 02 02:15:17.979 INFO [stderr] [  5%] Generate extended instruction tables for debuginfo.
Dec 02 02:15:17.980 INFO [stderr] [  5%] Generate extended instruction tables for spv-amd-shader-ballot.
Dec 02 02:15:17.980 INFO [stderr] [  6%] Generate language specific header for DebugInfo.
Dec 02 02:15:17.980 INFO [stderr] [  6%] Generate extended instruction tables for debuginfo.
Dec 02 02:15:17.980 INFO [stderr] [  6%] Generate info tables for SPIR-V vunified1 core instructions and operands.
Dec 02 02:15:17.980 INFO [stderr] [  6%] Generate language specific header for DebugInfo.
Dec 02 02:15:17.980 INFO [stderr] [  7%] Generate info tables for SPIR-V vunified1 core instructions and operands.
Dec 02 02:15:17.980 INFO [stderr] [  7%] Generate tables based on the SPIR-V XML registry.
Dec 02 02:15:17.980 INFO [stderr] [  7%] Generate tables based on the SPIR-V XML registry.
Dec 02 02:15:17.980 INFO [stderr] Scanning dependencies of target SPIRV-Tools-shared
Dec 02 02:15:17.980 INFO [stderr] [  8%] Building CXX object spirv-tools/source/CMakeFiles/SPIRV-Tools-shared.dir/util/bit_vector.cpp.o
Dec 02 02:15:17.980 INFO [stderr] [  8%] Building CXX object spirv-tools/source/CMakeFiles/SPIRV-Tools-shared.dir/util/parse_number.cpp.o
Dec 02 02:15:17.980 INFO [stderr] Scanning dependencies of target SPIRV-Tools
Dec 02 02:15:17.980 INFO [stderr] [  9%] Building CXX object spirv-tools/source/CMakeFiles/SPIRV-Tools.dir/util/bit_vector.cpp.o
Dec 02 02:15:17.980 INFO [stderr] [  9%] Building CXX object glslang/hlsl/CMakeFiles/HLSL.dir/hlslParseHelper.cpp.o
Dec 02 02:15:17.980 INFO [stderr] [  9%] Building CXX object spirv-tools/source/CMakeFiles/SPIRV-Tools-shared.dir/util/string_utils.cpp.o
Dec 02 02:15:17.980 INFO [stderr] [  9%] Building CXX object spirv-tools/source/CMakeFiles/SPIRV-Tools.dir/util/parse_number.cpp.o
Dec 02 02:15:17.980 INFO [stderr] [  9%] Building CXX object glslang/hlsl/CMakeFiles/HLSL.dir/hlslScanContext.cpp.o
Dec 02 02:15:17.980 INFO [stderr] [ 10%] Building CXX object glslang/hlsl/CMakeFiles/HLSL.dir/hlslOpMap.cpp.o
Dec 02 02:15:17.980 INFO [stderr] [ 11%] Building CXX object spirv-tools/source/CMakeFiles/SPIRV-Tools-shared.dir/assembly_grammar.cpp.o
Dec 02 02:15:17.980 INFO [stderr] [ 11%] Building CXX object spirv-tools/source/CMakeFiles/SPIRV-Tools.dir/util/string_utils.cpp.o
Dec 02 02:15:17.980 INFO [stderr] [ 12%] Building CXX object spirv-tools/source/CMakeFiles/SPIRV-Tools.dir/assembly_grammar.cpp.o
Dec 02 02:15:17.980 INFO [stderr] [ 12%] Building CXX object spirv-tools/source/CMakeFiles/SPIRV-Tools.dir/binary.cpp.o
Dec 02 02:15:17.980 INFO [stderr] [ 12%] Building CXX object spirv-tools/source/CMakeFiles/SPIRV-Tools-shared.dir/binary.cpp.o
Dec 02 02:15:17.980 INFO [stderr] [ 12%] Building CXX object spirv-tools/source/CMakeFiles/SPIRV-Tools-shared.dir/diagnostic.cpp.o
Dec 02 02:15:17.980 INFO [stderr] [ 12%] Building CXX object glslang/hlsl/CMakeFiles/HLSL.dir/hlslTokenStream.cpp.o
Dec 02 02:15:17.980 INFO [stderr] [ 12%] Building CXX object spirv-tools/source/CMakeFiles/SPIRV-Tools.dir/diagnostic.cpp.o
Dec 02 02:15:17.980 INFO [stderr] [ 12%] Building CXX object spirv-tools/source/CMakeFiles/SPIRV-Tools.dir/disassemble.cpp.o
Dec 02 02:15:17.980 INFO [stderr] [ 12%] Building CXX object spirv-tools/source/CMakeFiles/SPIRV-Tools-shared.dir/disassemble.cpp.o
Dec 02 02:15:17.980 INFO [stderr] [ 13%] Building CXX object spirv-tools/source/CMakeFiles/SPIRV-Tools.dir/enum_string_mapping.cpp.o
Dec 02 02:15:17.980 INFO [stderr] glslang/hlsl/CMakeFiles/HLSL.dir/build.make:86: recipe for target 'glslang/hlsl/CMakeFiles/HLSL.dir/hlslParseHelper.cpp.o' failed
Dec 02 02:15:17.980 INFO [stderr] [ 13%] Building CXX object spirv-tools/source/CMakeFiles/SPIRV-Tools.dir/ext_inst.cpp.o
Dec 02 02:15:17.980 INFO [stderr] [ 13%] Building CXX object spirv-tools/source/CMakeFiles/SPIRV-Tools.dir/extensions.cpp.o
Dec 02 02:15:17.980 INFO [stderr] [ 14%] Building CXX object spirv-tools/source/CMakeFiles/SPIRV-Tools.dir/id_descriptor.cpp.o
Dec 02 02:15:17.980 INFO [stderr] [ 14%] Building CXX object spirv-tools/source/CMakeFiles/SPIRV-Tools.dir/libspirv.cpp.o
Dec 02 02:15:17.980 INFO [stderr] [ 14%] Building CXX object spirv-tools/source/CMakeFiles/SPIRV-Tools.dir/name_mapper.cpp.o
Dec 02 02:15:17.980 INFO [stderr] [ 15%] Building CXX object spirv-tools/source/CMakeFiles/SPIRV-Tools-shared.dir/enum_string_mapping.cpp.o
Dec 02 02:15:17.980 INFO [stderr] [ 15%] Building CXX object spirv-tools/source/CMakeFiles/SPIRV-Tools.dir/opcode.cpp.o
Dec 02 02:15:17.980 INFO [stderr] [ 16%] Building CXX object spirv-tools/source/CMakeFiles/SPIRV-Tools.dir/operand.cpp.o
Dec 02 02:15:17.980 INFO [stderr] [ 16%] Building CXX object spirv-tools/source/CMakeFiles/SPIRV-Tools.dir/parsed_operand.cpp.o
Dec 02 02:15:17.980 INFO [stderr] [ 16%] Building CXX object spirv-tools/source/CMakeFiles/SPIRV-Tools-shared.dir/ext_inst.cpp.o
Dec 02 02:15:17.980 INFO [stderr] [ 16%] Building CXX object spirv-tools/source/CMakeFiles/SPIRV-Tools.dir/print.cpp.o
Dec 02 02:15:17.980 INFO [stderr] CMakeFiles/Makefile2:2558: recipe for target 'glslang/hlsl/CMakeFiles/HLSL.dir/all' failed
Dec 02 02:15:17.980 INFO [stderr] [ 17%] Building CXX object spirv-tools/source/CMakeFiles/SPIRV-Tools.dir/software_version.cpp.o
Dec 02 02:15:17.980 INFO [stderr] [ 17%] Building CXX object spirv-tools/source/CMakeFiles/SPIRV-Tools.dir/spirv_endian.cpp.o
Dec 02 02:15:17.980 INFO [stderr] [ 17%] Building CXX object spirv-tools/source/CMakeFiles/SPIRV-Tools.dir/spirv_optimizer_options.cpp.o
Dec 02 02:15:17.980 INFO [stderr] [ 18%] Building CXX object spirv-tools/source/CMakeFiles/SPIRV-Tools.dir/spirv_target_env.cpp.o
Dec 02 02:15:17.980 INFO [stderr] [ 18%] Building CXX object spirv-tools/source/CMakeFiles/SPIRV-Tools.dir/spirv_validator_options.cpp.o
Dec 02 02:15:17.980 INFO [stderr] [ 18%] Building CXX object spirv-tools/source/CMakeFiles/SPIRV-Tools.dir/table.cpp.o
Dec 02 02:15:17.980 INFO [stderr] [ 18%] Building CXX object spirv-tools/source/CMakeFiles/SPIRV-Tools.dir/text.cpp.o
Dec 02 02:15:17.980 INFO [stderr] [ 19%] Building CXX object spirv-tools/source/CMakeFiles/SPIRV-Tools.dir/text_handler.cpp.o
Dec 02 02:15:17.980 INFO [stderr] [ 19%] Building CXX object spirv-tools/source/CMakeFiles/SPIRV-Tools.dir/val/validate.cpp.o
Dec 02 02:15:17.980 INFO [stderr] [ 19%] Building CXX object spirv-tools/source/CMakeFiles/SPIRV-Tools-shared.dir/extensions.cpp.o
Dec 02 02:15:17.980 INFO [stderr] [ 20%] Building CXX object spirv-tools/source/CMakeFiles/SPIRV-Tools-shared.dir/id_descriptor.cpp.o
Dec 02 02:15:17.980 INFO [stderr] [ 20%] Building CXX object spirv-tools/source/CMakeFiles/SPIRV-Tools-shared.dir/libspirv.cpp.o
Dec 02 02:15:17.980 INFO [stderr] [ 20%] Building CXX object spirv-tools/source/CMakeFiles/SPIRV-Tools.dir/val/validate_adjacency.cpp.o
Dec 02 02:15:17.980 INFO [stderr] [ 21%] Building CXX object spirv-tools/source/CMakeFiles/SPIRV-Tools.dir/val/validate_annotation.cpp.o
Dec 02 02:15:17.980 INFO [stderr] [ 21%] Building CXX object spirv-tools/source/CMakeFiles/SPIRV-Tools-shared.dir/name_mapper.cpp.o
Dec 02 02:15:17.980 INFO [stderr] [ 22%] Building CXX object spirv-tools/source/CMakeFiles/SPIRV-Tools-shared.dir/opcode.cpp.o
Dec 02 02:15:17.980 INFO [stderr] [ 22%] Building CXX object spirv-tools/source/CMakeFiles/SPIRV-Tools-shared.dir/operand.cpp.o
Dec 02 02:15:17.980 INFO [stderr] [ 22%] Building CXX object spirv-tools/source/CMakeFiles/SPIRV-Tools.dir/val/validate_arithmetics.cpp.o
Dec 02 02:15:17.980 INFO [stderr] [ 22%] Building CXX object spirv-tools/source/CMakeFiles/SPIRV-Tools.dir/val/validate_atomics.cpp.o
Dec 02 02:15:17.980 INFO [stderr] [ 22%] Building CXX object spirv-tools/source/CMakeFiles/SPIRV-Tools-shared.dir/parsed_operand.cpp.o
Dec 02 02:15:17.980 INFO [stderr] [ 22%] Building CXX object spirv-tools/source/CMakeFiles/SPIRV-Tools.dir/val/validate_barriers.cpp.o
Dec 02 02:15:17.980 INFO [stderr] [ 22%] Building CXX object spirv-tools/source/CMakeFiles/SPIRV-Tools-shared.dir/print.cpp.o
Dec 02 02:15:17.980 INFO [stderr] [ 23%] Building CXX object spirv-tools/source/CMakeFiles/SPIRV-Tools.dir/val/validate_bitwise.cpp.o
Dec 02 02:15:17.980 INFO [stderr] [ 23%] Building CXX object spirv-tools/source/CMakeFiles/SPIRV-Tools-shared.dir/spirv_endian.cpp.o
Dec 02 02:15:17.980 INFO [stderr] [ 24%] Building CXX object spirv-tools/source/CMakeFiles/SPIRV-Tools-shared.dir/software_version.cpp.o
Dec 02 02:15:17.980 INFO [stderr] [ 24%] Building CXX object spirv-tools/source/CMakeFiles/SPIRV-Tools-shared.dir/spirv_optimizer_options.cpp.o
Dec 02 02:15:17.980 INFO [stderr] [ 25%] Building CXX object spirv-tools/source/CMakeFiles/SPIRV-Tools-shared.dir/spirv_target_env.cpp.o
Dec 02 02:15:17.980 INFO [stderr] [ 25%] Building CXX object spirv-tools/source/CMakeFiles/SPIRV-Tools-shared.dir/spirv_validator_options.cpp.o
Dec 02 02:15:17.980 INFO [stderr] [ 25%] Building CXX object spirv-tools/source/CMakeFiles/SPIRV-Tools-shared.dir/table.cpp.o
Dec 02 02:15:17.980 INFO [stderr] [ 25%] Building CXX object spirv-tools/source/CMakeFiles/SPIRV-Tools.dir/val/validate_builtins.cpp.o
Dec 02 02:15:17.980 INFO [stderr] [ 26%] Building CXX object spirv-tools/source/CMakeFiles/SPIRV-Tools-shared.dir/text_handler.cpp.o
Dec 02 02:15:17.980 INFO [stderr] [ 26%] Building CXX object spirv-tools/source/CMakeFiles/SPIRV-Tools-shared.dir/text.cpp.o
Dec 02 02:15:17.980 INFO [stderr] [ 26%] Building CXX object spirv-tools/source/CMakeFiles/SPIRV-Tools.dir/val/validate_capability.cpp.o
Dec 02 02:15:17.980 INFO [stderr] [ 27%] Building CXX object spirv-tools/source/CMakeFiles/SPIRV-Tools.dir/val/validate_cfg.cpp.o
Dec 02 02:15:17.980 INFO [stderr] [ 27%] Building CXX object spirv-tools/source/CMakeFiles/SPIRV-Tools-shared.dir/val/validate.cpp.o
Dec 02 02:15:17.980 INFO [stderr] [ 27%] Building CXX object spirv-tools/source/CMakeFiles/SPIRV-Tools.dir/val/validate_composites.cpp.o
Dec 02 02:15:17.980 INFO [stderr] [ 27%] Building CXX object spirv-tools/source/CMakeFiles/SPIRV-Tools.dir/val/validate_constants.cpp.o
Dec 02 02:15:17.980 INFO [stderr] [ 27%] Building CXX object spirv-tools/source/CMakeFiles/SPIRV-Tools.dir/val/validate_conversion.cpp.o
Dec 02 02:15:17.980 INFO [stderr] [ 28%] Building CXX object spirv-tools/source/CMakeFiles/SPIRV-Tools.dir/val/validate_datarules.cpp.o
Dec 02 02:15:17.980 INFO [stderr] [ 28%] Building CXX object spirv-tools/source/CMakeFiles/SPIRV-Tools.dir/val/validate_debug.cpp.o
Dec 02 02:15:17.980 INFO [stderr] [ 28%] Building CXX object spirv-tools/source/CMakeFiles/SPIRV-Tools-shared.dir/val/validate_adjacency.cpp.o
Dec 02 02:15:17.981 INFO [stderr] [ 28%] Building CXX object spirv-tools/source/CMakeFiles/SPIRV-Tools.dir/val/validate_decorations.cpp.o
Dec 02 02:15:17.981 INFO [stderr] [ 29%] Building CXX object spirv-tools/source/CMakeFiles/SPIRV-Tools-shared.dir/val/validate_annotation.cpp.o
Dec 02 02:15:17.981 INFO [stderr] [ 30%] Building CXX object spirv-tools/source/CMakeFiles/SPIRV-Tools.dir/val/validate_derivatives.cpp.o
Dec 02 02:15:17.981 INFO [stderr] [ 30%] Building CXX object spirv-tools/source/CMakeFiles/SPIRV-Tools.dir/val/validate_ext_inst.cpp.o
Dec 02 02:15:17.981 INFO [stderr] [ 30%] Building CXX object spirv-tools/source/CMakeFiles/SPIRV-Tools-shared.dir/val/validate_arithmetics.cpp.o
Dec 02 02:15:17.981 INFO [stderr] [ 30%] Building CXX object spirv-tools/source/CMakeFiles/SPIRV-Tools-shared.dir/val/validate_atomics.cpp.o
Dec 02 02:15:17.981 INFO [stderr] [ 30%] Building CXX object spirv-tools/source/CMakeFiles/SPIRV-Tools.dir/val/validate_execution_limitations.cpp.o
Dec 02 02:15:17.981 INFO [stderr] [ 31%] Building CXX object spirv-tools/source/CMakeFiles/SPIRV-Tools.dir/val/validate_function.cpp.o
Dec 02 02:15:17.981 INFO [stderr] [ 32%] Building CXX object spirv-tools/source/CMakeFiles/SPIRV-Tools-shared.dir/val/validate_barriers.cpp.o
Dec 02 02:15:17.981 INFO [stderr] [ 32%] Building CXX object spirv-tools/source/CMakeFiles/SPIRV-Tools.dir/val/validate_id.cpp.o
Dec 02 02:15:17.981 INFO [stderr] [ 32%] Building CXX object spirv-tools/source/CMakeFiles/SPIRV-Tools.dir/val/validate_image.cpp.o
Dec 02 02:15:17.981 INFO [stderr] [ 32%] Building CXX object spirv-tools/source/CMakeFiles/SPIRV-Tools-shared.dir/val/validate_bitwise.cpp.o
Dec 02 02:15:17.981 INFO [stderr] [ 32%] Building CXX object spirv-tools/source/CMakeFiles/SPIRV-Tools-shared.dir/val/validate_builtins.cpp.o
Dec 02 02:15:17.981 INFO [stderr] [ 32%] Building CXX object spirv-tools/source/CMakeFiles/SPIRV-Tools-shared.dir/val/validate_capability.cpp.o
Dec 02 02:15:17.981 INFO [stderr] [ 32%] Building CXX object spirv-tools/source/CMakeFiles/SPIRV-Tools.dir/val/validate_interfaces.cpp.o
Dec 02 02:15:17.981 INFO [stderr] [ 34%] Building CXX object spirv-tools/source/CMakeFiles/SPIRV-Tools.dir/val/validate_instruction.cpp.o
Dec 02 02:15:17.981 INFO [stderr] [ 34%] Building CXX object spirv-tools/source/CMakeFiles/SPIRV-Tools.dir/val/validate_layout.cpp.o
Dec 02 02:15:17.981 INFO [stderr] [ 35%] Building CXX object spirv-tools/source/CMakeFiles/SPIRV-Tools-shared.dir/val/validate_cfg.cpp.o
Dec 02 02:15:17.981 INFO [stderr] [ 35%] Building CXX object spirv-tools/source/CMakeFiles/SPIRV-Tools.dir/val/validate_literals.cpp.o
Dec 02 02:15:17.981 INFO [stderr] [ 35%] Building CXX object spirv-tools/source/CMakeFiles/SPIRV-Tools-shared.dir/val/validate_composites.cpp.o
Dec 02 02:15:17.981 INFO [stderr] [ 36%] Building CXX object spirv-tools/source/CMakeFiles/SPIRV-Tools.dir/val/validate_logicals.cpp.o
Dec 02 02:15:17.981 INFO [stderr] [ 36%] Building CXX object spirv-tools/source/CMakeFiles/SPIRV-Tools.dir/val/validate_memory.cpp.o
Dec 02 02:15:17.981 INFO [stderr] [ 36%] Building CXX object spirv-tools/source/CMakeFiles/SPIRV-Tools.dir/val/validate_mode_setting.cpp.o
Dec 02 02:15:17.981 INFO [stderr] [ 36%] Building CXX object spirv-tools/source/CMakeFiles/SPIRV-Tools-shared.dir/val/validate_constants.cpp.o
Dec 02 02:15:17.981 INFO [stderr] [ 36%] Building CXX object spirv-tools/source/CMakeFiles/SPIRV-Tools.dir/val/validate_non_uniform.cpp.o
Dec 02 02:15:17.981 INFO [stderr] [ 37%] Building CXX object spirv-tools/source/CMakeFiles/SPIRV-Tools.dir/val/validate_primitives.cpp.o
Dec 02 02:15:17.981 INFO [stderr] [ 37%] Building CXX object spirv-tools/source/CMakeFiles/SPIRV-Tools.dir/val/validate_type.cpp.o
Dec 02 02:15:17.981 INFO [stderr] [ 38%] Building CXX object spirv-tools/source/CMakeFiles/SPIRV-Tools-shared.dir/val/validate_conversion.cpp.o
Dec 02 02:15:17.981 INFO [stderr] [ 38%] Building CXX object spirv-tools/source/CMakeFiles/SPIRV-Tools.dir/val/basic_block.cpp.o
Dec 02 02:15:17.981 INFO [stderr] [ 39%] Building CXX object spirv-tools/source/CMakeFiles/SPIRV-Tools.dir/val/construct.cpp.o
Dec 02 02:15:17.981 INFO [stderr] [ 39%] Building CXX object spirv-tools/source/CMakeFiles/SPIRV-Tools-shared.dir/val/validate_datarules.cpp.o
Dec 02 02:15:17.981 INFO [stderr] [ 39%] Building CXX object spirv-tools/source/CMakeFiles/SPIRV-Tools.dir/val/function.cpp.o
Dec 02 02:15:17.981 INFO [stderr] [ 39%] Building CXX object spirv-tools/source/CMakeFiles/SPIRV-Tools.dir/val/instruction.cpp.o
Dec 02 02:15:17.981 INFO [stderr] [ 40%] Building CXX object spirv-tools/source/CMakeFiles/SPIRV-Tools.dir/val/validation_state.cpp.o
Dec 02 02:15:17.981 INFO [stderr] [ 40%] Building CXX object spirv-tools/source/CMakeFiles/SPIRV-Tools-shared.dir/val/validate_debug.cpp.o
Dec 02 02:15:17.981 INFO [stderr] [ 40%] Building CXX object spirv-tools/source/CMakeFiles/SPIRV-Tools.dir/util/timer.cpp.o
Dec 02 02:15:17.981 INFO [stderr] [ 40%] Building CXX object spirv-tools/source/CMakeFiles/SPIRV-Tools-shared.dir/val/validate_decorations.cpp.o
Dec 02 02:15:17.981 INFO [stderr] [ 41%] Building CXX object spirv-tools/source/CMakeFiles/SPIRV-Tools-shared.dir/val/validate_derivatives.cpp.o
Dec 02 02:15:17.981 INFO [stderr] [ 41%] Building CXX object spirv-tools/source/CMakeFiles/SPIRV-Tools-shared.dir/val/validate_execution_limitations.cpp.o
Dec 02 02:15:17.981 INFO [stderr] [ 41%] Building CXX object spirv-tools/source/CMakeFiles/SPIRV-Tools-shared.dir/val/validate_ext_inst.cpp.o
Dec 02 02:15:17.981 INFO [stderr] [ 42%] Building CXX object spirv-tools/source/CMakeFiles/SPIRV-Tools-shared.dir/val/validate_function.cpp.o
Dec 02 02:15:17.981 INFO [stderr] [ 42%] Building CXX object spirv-tools/source/CMakeFiles/SPIRV-Tools-shared.dir/val/validate_id.cpp.o
Dec 02 02:15:17.981 INFO [stderr] [ 42%] Building CXX object spirv-tools/source/CMakeFiles/SPIRV-Tools-shared.dir/val/validate_image.cpp.o
Dec 02 02:15:17.981 INFO [stderr] [ 43%] Building CXX object spirv-tools/source/CMakeFiles/SPIRV-Tools-shared.dir/val/validate_interfaces.cpp.o
Dec 02 02:15:17.981 INFO [stderr] [ 43%] Building CXX object spirv-tools/source/CMakeFiles/SPIRV-Tools-shared.dir/val/validate_instruction.cpp.o
Dec 02 02:15:17.981 INFO [stderr] [ 43%] Building CXX object spirv-tools/source/CMakeFiles/SPIRV-Tools-shared.dir/val/validate_layout.cpp.o
Dec 02 02:15:17.981 INFO [stderr] [ 43%] Building CXX object spirv-tools/source/CMakeFiles/SPIRV-Tools-shared.dir/val/validate_literals.cpp.o
Dec 02 02:15:17.981 INFO [stderr] [ 44%] Building CXX object spirv-tools/source/CMakeFiles/SPIRV-Tools-shared.dir/val/validate_logicals.cpp.o
Dec 02 02:15:17.981 INFO [stderr] [ 44%] Building CXX object spirv-tools/source/CMakeFiles/SPIRV-Tools-shared.dir/val/validate_memory.cpp.o
Dec 02 02:15:17.981 INFO [stderr] [ 44%] Building CXX object spirv-tools/source/CMakeFiles/SPIRV-Tools-shared.dir/val/validate_mode_setting.cpp.o
Dec 02 02:15:17.981 INFO [stderr] [ 44%] Linking CXX static library libSPIRV-Tools.a
Dec 02 02:15:17.981 INFO [stderr] [ 44%] Built target SPIRV-Tools
Dec 02 02:15:17.981 INFO [stderr] [ 45%] Building CXX object spirv-tools/source/CMakeFiles/SPIRV-Tools-shared.dir/val/validate_non_uniform.cpp.o
Dec 02 02:15:17.981 INFO [stderr] [ 45%] Building CXX object spirv-tools/source/CMakeFiles/SPIRV-Tools-shared.dir/val/validate_primitives.cpp.o
Dec 02 02:15:17.981 INFO [stderr] [ 45%] Building CXX object spirv-tools/source/CMakeFiles/SPIRV-Tools-shared.dir/val/validate_type.cpp.o
Dec 02 02:15:17.981 INFO [stderr] [ 45%] Building CXX object spirv-tools/source/CMakeFiles/SPIRV-Tools-shared.dir/val/basic_block.cpp.o
Dec 02 02:15:17.981 INFO [stderr] [ 46%] Building CXX object spirv-tools/source/CMakeFiles/SPIRV-Tools-shared.dir/val/construct.cpp.o
Dec 02 02:15:17.981 INFO [stderr] [ 46%] Building CXX object spirv-tools/source/CMakeFiles/SPIRV-Tools-shared.dir/val/function.cpp.o
Dec 02 02:15:17.981 INFO [stderr] [ 46%] Building CXX object spirv-tools/source/CMakeFiles/SPIRV-Tools-shared.dir/val/instruction.cpp.o
Dec 02 02:15:17.981 INFO [stderr] [ 46%] Building CXX object spirv-tools/source/CMakeFiles/SPIRV-Tools-shared.dir/util/timer.cpp.o
Dec 02 02:15:17.981 INFO [stderr] [ 47%] Building CXX object spirv-tools/source/CMakeFiles/SPIRV-Tools-shared.dir/val/validation_state.cpp.o
Dec 02 02:15:17.981 INFO [stderr] [ 47%] Linking CXX shared library libSPIRV-Tools-shared.so
Dec 02 02:15:17.981 INFO [stderr] [ 47%] Built target SPIRV-Tools-shared
Dec 02 02:15:17.981 INFO [stderr] Makefile:127: recipe for target 'all' failed
Dec 02 02:15:17.981 INFO [stderr] 
Dec 02 02:15:17.981 INFO [stderr] --- stderr
Dec 02 02:15:17.981 INFO [stderr] c++: internal compiler error: Killed (program cc1plus)
Dec 02 02:15:17.981 INFO [stderr] Please submit a full bug report,
Dec 02 02:15:17.981 INFO [stderr] with preprocessed source if appropriate.
Dec 02 02:15:17.981 INFO [stderr] See <file:///usr/share/doc/gcc-5/README.Bugs> for instructions.
Dec 02 02:15:17.981 INFO [stderr] make[2]: *** [glslang/hlsl/CMakeFiles/HLSL.dir/hlslParseHelper.cpp.o] Error 4
Dec 02 02:15:17.981 INFO [stderr] make[2]: *** Waiting for unfinished jobs....
Dec 02 02:15:17.981 INFO [stderr] make[1]: *** [glslang/hlsl/CMakeFiles/HLSL.dir/all] Error 2
Dec 02 02:15:17.981 INFO [stderr] make[1]: *** Waiting for unfinished jobs....
Dec 02 02:15:17.981 INFO [stderr] make: *** [all] Error 2
Dec 02 02:15:17.981 INFO [stderr] thread 'main' panicked at '
Dec 02 02:15:17.981 INFO [stderr] command did not execute successfully, got: exit code: 2
Dec 02 02:15:17.981 INFO [stderr] 
Dec 02 02:15:17.981 INFO [stderr] build script failed, must exit now', /cargo-home/registry/src/github.com-1ecc6299db9ec823/cmake-0.1.35/src/lib.rs:778:5
Dec 02 02:15:17.981 INFO [stderr] stack backtrace:
Dec 02 02:15:17.981 INFO [stderr]    0:     0x55deba5fcdae - std::sys::unix::backtrace::tracing::imp::unwind_backtrace::h15749a98198ba25f
Dec 02 02:15:17.981 INFO [stderr]                                at libstd/sys/unix/backtrace/tracing/gcc_s.rs:49
Dec 02 02:15:17.981 INFO [stderr]    1:     0x55deba5ecb66 - std::sys_common::backtrace::print::h0ba65c811294dbf0
Dec 02 02:15:17.982 INFO [stderr]                                at libstd/sys_common/backtrace.rs:71
Dec 02 02:15:17.982 INFO [stderr]                                at libstd/sys_common/backtrace.rs:59
Dec 02 02:15:17.982 INFO [stderr]    2:     0x55deba5eb45d - std::panicking::default_hook::{{closure}}::h42bb31757f0fee64
Dec 02 02:15:17.982 INFO [stderr]                                at libstd/panicking.rs:211
Dec 02 02:15:17.982 INFO [stderr]    3:     0x55deba5eb1d0 - std::panicking::default_hook::hebc8848d7aa7dbd9
Dec 02 02:15:17.982 INFO [stderr]                                at libstd/panicking.rs:227
Dec 02 02:15:17.982 INFO [stderr]    4:     0x55deba5ebaac - std::panicking::rust_panic_with_hook::h86e619a638415243
Dec 02 02:15:17.982 INFO [stderr]                                at libstd/panicking.rs:477
Dec 02 02:15:17.982 INFO [stderr]    5:     0x55deba5eb669 - std::panicking::continue_panic_fmt::h2d2d2bfb065a70b2
Dec 02 02:15:17.982 INFO [stderr]                                at libstd/panicking.rs:391
Dec 02 02:15:17.982 INFO [stderr]    6:     0x55deba5eb5cd - std::panicking::begin_panic_fmt::ha5097e2056ef3d5a
Dec 02 02:15:17.982 INFO [stderr]                                at libstd/panicking.rs:346
Dec 02 02:15:17.982 INFO [stderr]    7:     0x55deba581d41 - cmake::fail::ha8a1da12aa656dac
Dec 02 02:15:17.982 INFO [stderr]                                at /cargo-home/registry/src/github.com-1ecc6299db9ec823/cmake-0.1.35/src/lib.rs:778
Dec 02 02:15:17.982 INFO [stderr]    8:     0x55deba58167a - cmake::run::h2e8ea594e059c960
Dec 02 02:15:17.982 INFO [stderr]                                at /cargo-home/registry/src/github.com-1ecc6299db9ec823/cmake-0.1.35/src/lib.rs:759
Dec 02 02:15:17.982 INFO [stderr]    9:     0x55deba57de23 - cmake::Config::build::h302cfee2dcef33b0
Dec 02 02:15:17.982 INFO [stderr]                                at /cargo-home/registry/src/github.com-1ecc6299db9ec823/cmake-0.1.35/src/lib.rs:671
Dec 02 02:15:17.982 INFO [stderr]   10:     0x55deba578fc3 - build_script_build::build_shaderc::h9351e0adc3f3dd75
Dec 02 02:15:17.982 INFO [stderr]                                at /cargo-home/registry/src/github.com-1ecc6299db9ec823/shaderc-0.3.12/build/build.rs:21
Dec 02 02:15:17.982 INFO [stderr]   11:     0x55deba57945c - build_script_build::main::hd6b4b1a5ba842266
Dec 02 02:15:17.982 INFO [stderr]                                at /cargo-home/registry/src/github.com-1ecc6299db9ec823/shaderc-0.3.12/build/build.rs:64
Dec 02 02:15:17.982 INFO [stderr]   12:     0x55deba578e5f - std::rt::lang_start::{{closure}}::hd97c970de550a6d9
Dec 02 02:15:17.982 INFO [stderr]                                at libstd/rt.rs:74
Dec 02 02:15:17.982 INFO [stderr]   13:     0x55deba5eb502 - std::panicking::try::do_call::h47665672c57b11e4
Dec 02 02:15:17.982 INFO [stderr]                                at libstd/rt.rs:59
Dec 02 02:15:17.982 INFO [stderr]                                at libstd/panicking.rs:310
Dec 02 02:15:17.982 INFO [stderr]   14:     0x55deba60f9e9 - __rust_maybe_catch_panic
Dec 02 02:15:17.982 INFO [stderr]                                at libpanic_unwind/lib.rs:103
Dec 02 02:15:17.982 INFO [stderr]   15:     0x55deba5f7b25 - std::rt::lang_start_internal::had9505969b8e20a2
Dec 02 02:15:17.982 INFO [stderr]                                at libstd/panicking.rs:289
Dec 02 02:15:17.982 INFO [stderr]                                at libstd/panic.rs:392
Dec 02 02:15:17.982 INFO [stderr]                                at libstd/rt.rs:58
Dec 02 02:15:17.982 INFO [stderr]   16:     0x55deba578e37 - std::rt::lang_start::h9fc2abbefadba9ac
Dec 02 02:15:17.982 INFO [stderr]                                at libstd/rt.rs:74
Dec 02 02:15:17.982 INFO [stderr]   17:     0x55deba579849 - main
Dec 02 02:15:17.982 INFO [stderr]   18:     0x7f24549a882f - __libc_start_main
Dec 02 02:15:17.982 INFO [stderr]   19:     0x55deba578a38 - _start
Dec 02 02:15:17.982 INFO [stderr]   20:                0x0 - <unknown>
Dec 02 02:15:17.982 INFO [stderr] 
Dec 02 02:15:17.982 INFO [stderr] warning: build failed, waiting for other jobs to finish...
Dec 02 02:15:52.663 INFO [stderr] error: build failed
Dec 02 02:15:52.663 INFO [stderr] su: No module specific data is present
Dec 02 02:15:53.318 INFO running `"docker" "inspect" "7b9c5489edcd8c470bdaf8cbe2071df7b3a1442a44da360b8b399ec2102c3a22"`
Dec 02 02:15:53.467 INFO running `"docker" "rm" "-f" "7b9c5489edcd8c470bdaf8cbe2071df7b3a1442a44da360b8b399ec2102c3a22"`
Dec 02 02:15:53.569 INFO [stdout] 7b9c5489edcd8c470bdaf8cbe2071df7b3a1442a44da360b8b399ec2102c3a22
