Dec 02 02:17:54.080 INFO testing Warry/gluon-html against 1.30.1 for beta-1.31-5
Dec 02 02:17:54.080 INFO running `"docker" "create" "-v" "/mnt/big/crater/work/local/target-dirs/beta-1.31-5/worker-5/1.30.1:/target:rw,Z" "-v" "/mnt/big/crater/work/local/test-source/worker-5/beta-1.31-5/1.30.1:/source:ro,Z" "-v" "/mnt/big/crater/work/local/cargo-home:/cargo-home:ro,Z" "-v" "/mnt/big/crater/work/local/rustup-home:/rustup-home:ro,Z" "-e" "USER_ID=1000" "-e" "SOURCE_DIR=/source" "-e" "USER_ID=1000" "-e" "CMD=cargo +1.30.1 build --frozen" "-e" "CARGO_TARGET_DIR=/target" "-e" "CARGO_INCREMENTAL=0" "-e" "RUST_BACKTRACE=full" "-e" "RUSTFLAGS=--cap-lints=warn" "-e" "CARGO_HOME=/cargo-home" "-e" "RUSTUP_HOME=/rustup-home" "-m" "1536M" "--network" "none" "crater"`
Dec 02 02:17:54.494 INFO [stdout] 26e52db00e3501820243ce0248a496eceffe69b281d076027a9a5cf13bea7661
Dec 02 02:17:54.497 INFO running `"docker" "start" "-a" "26e52db00e3501820243ce0248a496eceffe69b281d076027a9a5cf13bea7661"`
Dec 02 02:17:56.094 INFO [stderr] usermod: no changes
Dec 02 02:17:56.467 INFO [stderr]    Compiling serde v1.0.66
Dec 02 02:17:56.480 INFO [stderr]    Compiling either v1.5.0
Dec 02 02:17:56.485 INFO [stderr]    Compiling lalrpop-util v0.15.2
Dec 02 02:17:56.487 INFO [stderr]    Compiling ena v0.5.0
Dec 02 02:17:56.488 INFO [stderr]    Compiling arrayref v0.3.4
Dec 02 02:17:56.490 INFO [stderr]    Compiling typed-arena v1.4.0
Dec 02 02:17:56.492 INFO [stderr]    Compiling anymap v0.12.1
Dec 02 02:17:56.493 INFO [stderr]    Compiling collect-mac v0.1.0
Dec 02 02:17:57.359 INFO [stderr]    Compiling gluon_vm v0.8.0
Dec 02 02:17:59.949 INFO [stderr]    Compiling rpds v0.5.0
Dec 02 02:18:01.659 INFO [stderr]    Compiling frunk_core v0.2.0
Dec 02 02:18:01.667 INFO [stderr]    Compiling gluon v0.8.0
Dec 02 02:18:01.987 INFO [stderr]    Compiling unreachable v0.1.1
Dec 02 02:18:02.267 INFO [stderr]    Compiling regex-syntax v0.6.1
Dec 02 02:18:02.399 INFO [stderr]    Compiling petgraph v0.4.12
Dec 02 02:18:03.187 INFO [stderr]    Compiling block-buffer v0.3.3
Dec 02 02:18:03.683 INFO [stderr]    Compiling pretty v0.3.3
Dec 02 02:18:05.217 INFO [stderr]    Compiling itertools v0.7.8
Dec 02 02:18:05.263 INFO [stderr]    Compiling aho-corasick v0.6.4
Dec 02 02:18:11.575 INFO [stderr]    Compiling thread_local v0.3.5
Dec 02 02:18:11.655 INFO [stderr]    Compiling crossbeam-epoch v0.4.3
Dec 02 02:18:12.492 INFO [stderr]    Compiling tokio-io v0.1.7
Dec 02 02:18:13.699 INFO [stderr]    Compiling serde_derive_state_internals v0.4.3
Dec 02 02:18:15.555 INFO [stderr]    Compiling string_cache v0.7.3
Dec 02 02:18:16.219 INFO [stderr] error[E0034]: multiple applicable items in scope
Dec 02 02:18:16.219 INFO [stderr]     --> /cargo-home/registry/src/github.com-1ecc6299db9ec823/petgraph-0.4.12/src/graph_impl/stable_graph/mod.rs:1171:19
Dec 02 02:18:16.219 INFO [stderr]      |
Dec 02 02:18:16.219 INFO [stderr] 1171 |         self.iter.find_map(|(i, node)| {
Dec 02 02:18:16.219 INFO [stderr]      |                   ^^^^^^^^ multiple `find_map` found
Dec 02 02:18:16.219 INFO [stderr]      |
Dec 02 02:18:16.219 INFO [stderr] note: candidate #1 is defined in an impl of the trait `iter_utils::IterUtilsExt` for the type `_`
Dec 02 02:18:16.219 INFO [stderr]     --> /cargo-home/registry/src/github.com-1ecc6299db9ec823/petgraph-0.4.12/src/iter_utils.rs:5:5
Dec 02 02:18:16.219 INFO [stderr]      |
Dec 02 02:18:16.219 INFO [stderr] 5    | /     fn find_map<F, R>(&mut self, mut f: F) -> Option<R>
Dec 02 02:18:16.219 INFO [stderr] 6    | |         where F: FnMut(Self::Item) -> Option<R>
Dec 02 02:18:16.219 INFO [stderr] 7    | |     {
Dec 02 02:18:16.219 INFO [stderr] 8    | |         while let Some(elt) = self.next() {
Dec 02 02:18:16.219 INFO [stderr] ...    |
Dec 02 02:18:16.219 INFO [stderr] 13   | |         None
Dec 02 02:18:16.219 INFO [stderr] 14   | |     }
Dec 02 02:18:16.219 INFO [stderr]      | |_____^
Dec 02 02:18:16.219 INFO [stderr]      = note: candidate #2 is defined in an impl of the trait `std::iter::Iterator` for the type `std::iter::Enumerate<_>`
Dec 02 02:18:16.219 INFO [stderr] 
Dec 02 02:18:16.247 INFO [stderr] error[E0034]: multiple applicable items in scope
Dec 02 02:18:16.247 INFO [stderr]     --> /cargo-home/registry/src/github.com-1ecc6299db9ec823/petgraph-0.4.12/src/graph_impl/stable_graph/mod.rs:1363:19
Dec 02 02:18:16.247 INFO [stderr]      |
Dec 02 02:18:16.247 INFO [stderr] 1363 |         self.iter.find_map(|(i, edge)|
Dec 02 02:18:16.247 INFO [stderr]      |                   ^^^^^^^^ multiple `find_map` found
Dec 02 02:18:16.247 INFO [stderr]      |
Dec 02 02:18:16.247 INFO [stderr] note: candidate #1 is defined in an impl of the trait `iter_utils::IterUtilsExt` for the type `_`
Dec 02 02:18:16.247 INFO [stderr]     --> /cargo-home/registry/src/github.com-1ecc6299db9ec823/petgraph-0.4.12/src/iter_utils.rs:5:5
Dec 02 02:18:16.247 INFO [stderr]      |
Dec 02 02:18:16.247 INFO [stderr] 5    | /     fn find_map<F, R>(&mut self, mut f: F) -> Option<R>
Dec 02 02:18:16.247 INFO [stderr] 6    | |         where F: FnMut(Self::Item) -> Option<R>
Dec 02 02:18:16.247 INFO [stderr] 7    | |     {
Dec 02 02:18:16.247 INFO [stderr] 8    | |         while let Some(elt) = self.next() {
Dec 02 02:18:16.247 INFO [stderr] ...    |
Dec 02 02:18:16.247 INFO [stderr] 13   | |         None
Dec 02 02:18:16.247 INFO [stderr] 14   | |     }
Dec 02 02:18:16.247 INFO [stderr]      | |_____^
Dec 02 02:18:16.247 INFO [stderr]      = note: candidate #2 is defined in an impl of the trait `std::iter::Iterator` for the type `std::iter::Enumerate<_>`
Dec 02 02:18:16.247 INFO [stderr] 
Dec 02 02:18:16.259 INFO [stderr] error[E0034]: multiple applicable items in scope
Dec 02 02:18:16.259 INFO [stderr]     --> /cargo-home/registry/src/github.com-1ecc6299db9ec823/petgraph-0.4.12/src/graph_impl/stable_graph/mod.rs:1527:19
Dec 02 02:18:16.259 INFO [stderr]      |
Dec 02 02:18:16.259 INFO [stderr] 1527 |         self.iter.find_map(|(i, node)| {
Dec 02 02:18:16.259 INFO [stderr]      |                   ^^^^^^^^ multiple `find_map` found
Dec 02 02:18:16.259 INFO [stderr]      |
Dec 02 02:18:16.259 INFO [stderr] note: candidate #1 is defined in an impl of the trait `iter_utils::IterUtilsExt` for the type `_`
Dec 02 02:18:16.259 INFO [stderr]     --> /cargo-home/registry/src/github.com-1ecc6299db9ec823/petgraph-0.4.12/src/iter_utils.rs:5:5
Dec 02 02:18:16.259 INFO [stderr]      |
Dec 02 02:18:16.259 INFO [stderr] 5    | /     fn find_map<F, R>(&mut self, mut f: F) -> Option<R>
Dec 02 02:18:16.259 INFO [stderr] 6    | |         where F: FnMut(Self::Item) -> Option<R>
Dec 02 02:18:16.259 INFO [stderr] 7    | |     {
Dec 02 02:18:16.259 INFO [stderr] 8    | |         while let Some(elt) = self.next() {
Dec 02 02:18:16.259 INFO [stderr] ...    |
Dec 02 02:18:16.259 INFO [stderr] 13   | |         None
Dec 02 02:18:16.259 INFO [stderr] 14   | |     }
Dec 02 02:18:16.259 INFO [stderr]      | |_____^
Dec 02 02:18:16.259 INFO [stderr]      = note: candidate #2 is defined in an impl of the trait `std::iter::Iterator` for the type `std::iter::Enumerate<_>`
Dec 02 02:18:16.259 INFO [stderr] 
Dec 02 02:18:16.263 INFO [stderr] error[E0034]: multiple applicable items in scope
Dec 02 02:18:16.263 INFO [stderr]     --> /cargo-home/registry/src/github.com-1ecc6299db9ec823/petgraph-0.4.12/src/graph_impl/stable_graph/mod.rs:1573:19
Dec 02 02:18:16.263 INFO [stderr]      |
Dec 02 02:18:16.263 INFO [stderr] 1573 |         self.iter.find_map(|(i, node)| {
Dec 02 02:18:16.263 INFO [stderr]      |                   ^^^^^^^^ multiple `find_map` found
Dec 02 02:18:16.263 INFO [stderr]      |
Dec 02 02:18:16.263 INFO [stderr] note: candidate #1 is defined in an impl of the trait `iter_utils::IterUtilsExt` for the type `_`
Dec 02 02:18:16.263 INFO [stderr]     --> /cargo-home/registry/src/github.com-1ecc6299db9ec823/petgraph-0.4.12/src/iter_utils.rs:5:5
Dec 02 02:18:16.263 INFO [stderr]      |
Dec 02 02:18:16.263 INFO [stderr] 5    | /     fn find_map<F, R>(&mut self, mut f: F) -> Option<R>
Dec 02 02:18:16.263 INFO [stderr] 6    | |         where F: FnMut(Self::Item) -> Option<R>
Dec 02 02:18:16.263 INFO [stderr] 7    | |     {
Dec 02 02:18:16.263 INFO [stderr] 8    | |         while let Some(elt) = self.next() {
Dec 02 02:18:16.263 INFO [stderr] ...    |
Dec 02 02:18:16.263 INFO [stderr] 13   | |         None
Dec 02 02:18:16.263 INFO [stderr] 14   | |     }
Dec 02 02:18:16.263 INFO [stderr]      | |_____^
Dec 02 02:18:16.263 INFO [stderr]      = note: candidate #2 is defined in an impl of the trait `std::iter::Iterator` for the type `std::iter::Enumerate<_>`
Dec 02 02:18:16.263 INFO [stderr] 
Dec 02 02:18:17.987 INFO [stderr] error: aborting due to 4 previous errors
Dec 02 02:18:17.987 INFO [stderr] 
Dec 02 02:18:17.987 INFO [stderr] For more information about this error, try `rustc --explain E0034`.
Dec 02 02:18:18.015 INFO [stderr] error: Could not compile `petgraph`.
Dec 02 02:18:18.015 INFO [stderr] warning: build failed, waiting for other jobs to finish...
Dec 02 02:18:36.940 INFO [stderr] error: build failed
Dec 02 02:18:36.948 INFO [stderr] su: No module specific data is present
Dec 02 02:18:37.854 INFO running `"docker" "inspect" "26e52db00e3501820243ce0248a496eceffe69b281d076027a9a5cf13bea7661"`
Dec 02 02:18:38.141 INFO running `"docker" "rm" "-f" "26e52db00e3501820243ce0248a496eceffe69b281d076027a9a5cf13bea7661"`
Dec 02 02:18:38.460 INFO [stdout] 26e52db00e3501820243ce0248a496eceffe69b281d076027a9a5cf13bea7661
