Dec 02 02:27:06.622 INFO testing VerKnowSys/sysapi against 1.30.1 for beta-1.31-5
Dec 02 02:27:06.622 INFO running `"docker" "create" "-v" "/mnt/big/crater/work/local/target-dirs/beta-1.31-5/worker-4/1.30.1:/target:rw,Z" "-v" "/mnt/big/crater/work/local/test-source/worker-4/beta-1.31-5/1.30.1:/source:ro,Z" "-v" "/mnt/big/crater/work/local/cargo-home:/cargo-home:ro,Z" "-v" "/mnt/big/crater/work/local/rustup-home:/rustup-home:ro,Z" "-e" "USER_ID=1000" "-e" "SOURCE_DIR=/source" "-e" "USER_ID=1000" "-e" "CMD=cargo +1.30.1 build --frozen" "-e" "CARGO_TARGET_DIR=/target" "-e" "CARGO_INCREMENTAL=0" "-e" "RUST_BACKTRACE=full" "-e" "RUSTFLAGS=--cap-lints=warn" "-e" "CARGO_HOME=/cargo-home" "-e" "RUSTUP_HOME=/rustup-home" "-m" "1536M" "--network" "none" "crater"`
Dec 02 02:27:06.876 INFO [stdout] 1f8dc8deacebe8484f9633c4a7093b199cefedc2856a39043a4d5a5184a0b1e0
Dec 02 02:27:06.878 INFO running `"docker" "start" "-a" "1f8dc8deacebe8484f9633c4a7093b199cefedc2856a39043a4d5a5184a0b1e0"`
Dec 02 02:27:07.306 INFO [stderr] usermod: no changes
Dec 02 02:27:07.695 INFO [stderr]    Compiling same-file v1.0.4
Dec 02 02:27:07.708 INFO [stderr]    Compiling regex v1.1.0
Dec 02 02:27:07.715 INFO [stderr]    Compiling sysapi v0.8.0 (/source)
Dec 02 02:27:07.715 INFO [stderr]    Compiling regex-syntax v0.6.4
Dec 02 02:27:07.715 INFO [stderr]    Compiling smallvec v0.6.7
Dec 02 02:27:07.715 INFO [stderr]    Compiling want v0.0.6
Dec 02 02:27:07.715 INFO [stderr]    Compiling crossbeam-epoch v0.6.1
Dec 02 02:27:07.715 INFO [stderr]    Compiling fern v0.5.7
Dec 02 02:27:10.502 INFO [stderr]    Compiling tokio-timer v0.2.8
Dec 02 02:27:10.517 INFO [stderr]    Compiling bincode v1.0.1
Dec 02 02:27:10.517 INFO [stderr]    Compiling net2 v0.2.33
Dec 02 02:27:10.517 INFO [stderr]    Compiling rand v0.4.3
Dec 02 02:27:10.517 INFO [stderr]    Compiling memchr v1.0.2
Dec 02 02:27:10.544 INFO [stderr]    Compiling nix v0.11.0
Dec 02 02:27:10.871 INFO [stderr]    Compiling backtrace-sys v0.1.24
Dec 02 02:27:11.959 INFO [stderr]    Compiling memchr v2.1.1
Dec 02 02:27:13.201 INFO [stderr]    Compiling walkdir v2.2.7
Dec 02 02:27:13.331 INFO [stderr] error: failed to run custom build command for `sysapi v0.8.0 (/source)`
Dec 02 02:27:13.331 INFO [stderr] process didn't exit successfully: `/target/debug/build/sysapi-aecf58e627dbc1d5/build-script-build` (exit code: 101)
Dec 02 02:27:13.331 INFO [stderr] --- stdout
Dec 02 02:27:13.331 INFO [stderr] TARGET = Some("x86_64-unknown-linux-gnu")
Dec 02 02:27:13.331 INFO [stderr] OPT_LEVEL = Some("0")
Dec 02 02:27:13.331 INFO [stderr] HOST = Some("x86_64-unknown-linux-gnu")
Dec 02 02:27:13.331 INFO [stderr] CXX_x86_64-unknown-linux-gnu = None
Dec 02 02:27:13.331 INFO [stderr] CXX_x86_64_unknown_linux_gnu = None
Dec 02 02:27:13.331 INFO [stderr] HOST_CXX = None
Dec 02 02:27:13.331 INFO [stderr] CXX = None
Dec 02 02:27:13.331 INFO [stderr] CXXFLAGS_x86_64-unknown-linux-gnu = None
Dec 02 02:27:13.331 INFO [stderr] CXXFLAGS_x86_64_unknown_linux_gnu = None
Dec 02 02:27:13.331 INFO [stderr] HOST_CXXFLAGS = None
Dec 02 02:27:13.331 INFO [stderr] CXXFLAGS = None
Dec 02 02:27:13.331 INFO [stderr] DEBUG = Some("true")
Dec 02 02:27:13.331 INFO [stderr] running: "c++" "-O0" "-ffunction-sections" "-fdata-sections" "-fPIC" "-g" "-fno-omit-frame-pointer" "-m64" "-shared" "-I" "/usr/include" "-Wall" "-Wextra" "-O3" "-fuse-ld=lld" "-fPIC" "-fPIE" "-ftrapv" "-mretpoline" "-fstack-protector" "-fstack-protector-strong" "-fstack-protector-all" "-fno-strict-overflow" "-Wformat" "-Wformat-security" "-Wl,-z,relro,-z,now" "-Wl,-z,retpolineplt" "-D_FORTIFY_SOURCE=2" "-o" "/target/debug/build/sysapi-6e906fe7cfdc4e40/out/../kvmpro/src/kvmpro.o" "-c" "../kvmpro/src/kvmpro.h"
Dec 02 02:27:13.331 INFO [stderr] cargo:warning=c++: error: ../kvmpro/src/kvmpro.h: No such file or directory
Dec 02 02:27:13.331 INFO [stderr] cargo:warning=c++: error: unrecognized command line option '-fuse-ld=lld'
Dec 02 02:27:13.331 INFO [stderr] cargo:warning=c++: error: unrecognized command line option '-mretpoline'
Dec 02 02:27:13.331 INFO [stderr] exit code: 1
Dec 02 02:27:13.331 INFO [stderr] 
Dec 02 02:27:13.331 INFO [stderr] --- stderr
Dec 02 02:27:13.331 INFO [stderr] thread 'main' panicked at '
Dec 02 02:27:13.331 INFO [stderr] 
Dec 02 02:27:13.331 INFO [stderr] Internal error occurred: Command "c++" "-O0" "-ffunction-sections" "-fdata-sections" "-fPIC" "-g" "-fno-omit-frame-pointer" "-m64" "-shared" "-I" "/usr/include" "-Wall" "-Wextra" "-O3" "-fuse-ld=lld" "-fPIC" "-fPIE" "-ftrapv" "-mretpoline" "-fstack-protector" "-fstack-protector-strong" "-fstack-protector-all" "-fno-strict-overflow" "-Wformat" "-Wformat-security" "-Wl,-z,relro,-z,now" "-Wl,-z,retpolineplt" "-D_FORTIFY_SOURCE=2" "-o" "/target/debug/build/sysapi-6e906fe7cfdc4e40/out/../kvmpro/src/kvmpro.o" "-c" "../kvmpro/src/kvmpro.h" with args "c++" did not execute successfully (status code exit code: 1).
Dec 02 02:27:13.331 INFO [stderr] 
Dec 02 02:27:13.331 INFO [stderr] ', /cargo-home/registry/src/github.com-1ecc6299db9ec823/cc-1.0.25/src/lib.rs:2260:5
Dec 02 02:27:13.331 INFO [stderr] stack backtrace:
Dec 02 02:27:13.331 INFO [stderr]    0:     0x55829c74a06e - std::sys::unix::backtrace::tracing::imp::unwind_backtrace::h15749a98198ba25f
Dec 02 02:27:13.331 INFO [stderr]                                at libstd/sys/unix/backtrace/tracing/gcc_s.rs:49
Dec 02 02:27:13.331 INFO [stderr]    1:     0x55829c73a276 - std::sys_common::backtrace::print::h0ba65c811294dbf0
Dec 02 02:27:13.331 INFO [stderr]                                at libstd/sys_common/backtrace.rs:71
Dec 02 02:27:13.331 INFO [stderr]                                at libstd/sys_common/backtrace.rs:59
Dec 02 02:27:13.331 INFO [stderr]    2:     0x55829c7385fd - std::panicking::default_hook::{{closure}}::h42bb31757f0fee64
Dec 02 02:27:13.331 INFO [stderr]                                at libstd/panicking.rs:211
Dec 02 02:27:13.331 INFO [stderr]    3:     0x55829c738370 - std::panicking::default_hook::hebc8848d7aa7dbd9
Dec 02 02:27:13.331 INFO [stderr]                                at libstd/panicking.rs:227
Dec 02 02:27:13.331 INFO [stderr]    4:     0x55829c738cac - std::panicking::rust_panic_with_hook::h86e619a638415243
Dec 02 02:27:13.331 INFO [stderr]                                at libstd/panicking.rs:477
Dec 02 02:27:13.331 INFO [stderr]    5:     0x55829c738869 - std::panicking::continue_panic_fmt::h2d2d2bfb065a70b2
Dec 02 02:27:13.331 INFO [stderr]                                at libstd/panicking.rs:391
Dec 02 02:27:13.331 INFO [stderr]    6:     0x55829c7387cd - std::panicking::begin_panic_fmt::ha5097e2056ef3d5a
Dec 02 02:27:13.331 INFO [stderr]                                at libstd/panicking.rs:346
Dec 02 02:27:13.332 INFO [stderr]    7:     0x55829c6de461 - cc::fail::hca1e7e0f625ecdc1
Dec 02 02:27:13.332 INFO [stderr]                                at /cargo-home/registry/src/github.com-1ecc6299db9ec823/cc-1.0.25/src/lib.rs:2260
Dec 02 02:27:13.332 INFO [stderr]    8:     0x55829c6ca2fb - cc::Build::compile::h5ce411662c146844
Dec 02 02:27:13.332 INFO [stderr]                                at /cargo-home/registry/src/github.com-1ecc6299db9ec823/cc-1.0.25/src/lib.rs:933
Dec 02 02:27:13.332 INFO [stderr]    9:     0x55829c6c3ba6 - build_script_build::main::hf9c3e83a44b28492
Dec 02 02:27:13.332 INFO [stderr]                                at /source/build.rs:7
Dec 02 02:27:13.332 INFO [stderr]   10:     0x55829c6c44ef - std::rt::lang_start::{{closure}}::h9a6dab9404097150
Dec 02 02:27:13.332 INFO [stderr]                                at libstd/rt.rs:74
Dec 02 02:27:13.332 INFO [stderr]   11:     0x55829c738702 - std::panicking::try::do_call::h47665672c57b11e4
Dec 02 02:27:13.332 INFO [stderr]                                at libstd/rt.rs:59
Dec 02 02:27:13.332 INFO [stderr]                                at libstd/panicking.rs:310
Dec 02 02:27:13.332 INFO [stderr]   12:     0x55829c75caa9 - __rust_maybe_catch_panic
Dec 02 02:27:13.332 INFO [stderr]                                at libpanic_unwind/lib.rs:103
Dec 02 02:27:13.332 INFO [stderr]   13:     0x55829c745865 - std::rt::lang_start_internal::had9505969b8e20a2
Dec 02 02:27:13.332 INFO [stderr]                                at libstd/panicking.rs:289
Dec 02 02:27:13.332 INFO [stderr]                                at libstd/panic.rs:392
Dec 02 02:27:13.332 INFO [stderr]                                at libstd/rt.rs:58
Dec 02 02:27:13.332 INFO [stderr]   14:     0x55829c6c44c7 - std::rt::lang_start::h8ea943b53e384e72
Dec 02 02:27:13.332 INFO [stderr]                                at libstd/rt.rs:74
Dec 02 02:27:13.332 INFO [stderr]   15:     0x55829c6c3c09 - main
Dec 02 02:27:13.332 INFO [stderr]   16:     0x7fa9c838582f - __libc_start_main
Dec 02 02:27:13.332 INFO [stderr]   17:     0x55829c6c3728 - _start
Dec 02 02:27:13.332 INFO [stderr]   18:                0x0 - <unknown>
Dec 02 02:27:13.332 INFO [stderr] 
Dec 02 02:27:13.332 INFO [stderr] warning: build failed, waiting for other jobs to finish...
Dec 02 02:27:26.939 INFO [stderr] error: build failed
Dec 02 02:27:26.947 INFO [stderr] su: No module specific data is present
Dec 02 02:27:27.647 INFO running `"docker" "inspect" "1f8dc8deacebe8484f9633c4a7093b199cefedc2856a39043a4d5a5184a0b1e0"`
Dec 02 02:27:27.933 INFO running `"docker" "rm" "-f" "1f8dc8deacebe8484f9633c4a7093b199cefedc2856a39043a4d5a5184a0b1e0"`
Dec 02 02:27:28.239 INFO [stdout] 1f8dc8deacebe8484f9633c4a7093b199cefedc2856a39043a4d5a5184a0b1e0
