Dec 02 02:30:26.180 INFO testing Undin/rust-leaflet-features against 1.30.1 for beta-1.31-5
Dec 02 02:30:26.180 INFO running `"docker" "create" "-v" "/mnt/big/crater/work/local/target-dirs/beta-1.31-5/worker-0/1.30.1:/target:rw,Z" "-v" "/mnt/big/crater/work/local/test-source/worker-0/beta-1.31-5/1.30.1:/source:ro,Z" "-v" "/mnt/big/crater/work/local/cargo-home:/cargo-home:ro,Z" "-v" "/mnt/big/crater/work/local/rustup-home:/rustup-home:ro,Z" "-e" "USER_ID=1000" "-e" "SOURCE_DIR=/source" "-e" "USER_ID=1000" "-e" "CMD=cargo +1.30.1 build --frozen" "-e" "CARGO_TARGET_DIR=/target" "-e" "CARGO_INCREMENTAL=0" "-e" "RUST_BACKTRACE=full" "-e" "RUSTFLAGS=--cap-lints=warn" "-e" "CARGO_HOME=/cargo-home" "-e" "RUSTUP_HOME=/rustup-home" "-m" "1536M" "--network" "none" "crater"`
Dec 02 02:30:26.644 INFO [stdout] 2c8c5201242e495eb7789c723e548ca8d78904b79c005306416fbfc0a849654b
Dec 02 02:30:26.646 INFO running `"docker" "start" "-a" "2c8c5201242e495eb7789c723e548ca8d78904b79c005306416fbfc0a849654b"`
Dec 02 02:30:28.782 INFO [stderr] usermod: no changes
Dec 02 02:30:28.914 INFO [stderr]    Compiling diesel v1.3.3
Dec 02 02:30:55.314 INFO [stderr]    Compiling rust-leaflet-features v0.1.0 (/source)
Dec 02 02:30:56.061 INFO [stderr]     Finished dev [unoptimized + debuginfo] target(s) in 27.24s
Dec 02 02:30:56.064 INFO [stderr] su: No module specific data is present
Dec 02 02:30:56.428 INFO running `"docker" "inspect" "2c8c5201242e495eb7789c723e548ca8d78904b79c005306416fbfc0a849654b"`
Dec 02 02:30:56.540 INFO running `"docker" "rm" "-f" "2c8c5201242e495eb7789c723e548ca8d78904b79c005306416fbfc0a849654b"`
Dec 02 02:30:56.623 INFO [stdout] 2c8c5201242e495eb7789c723e548ca8d78904b79c005306416fbfc0a849654b
Dec 02 02:30:56.628 INFO running `"docker" "create" "-v" "/mnt/big/crater/work/local/target-dirs/beta-1.31-5/worker-0/1.30.1:/target:rw,Z" "-v" "/mnt/big/crater/work/local/test-source/worker-0/beta-1.31-5/1.30.1:/source:ro,Z" "-v" "/mnt/big/crater/work/local/cargo-home:/cargo-home:ro,Z" "-v" "/mnt/big/crater/work/local/rustup-home:/rustup-home:ro,Z" "-e" "USER_ID=1000" "-e" "SOURCE_DIR=/source" "-e" "USER_ID=1000" "-e" "CMD=cargo +1.30.1 test --frozen --no-run" "-e" "CARGO_TARGET_DIR=/target" "-e" "CARGO_INCREMENTAL=0" "-e" "RUST_BACKTRACE=full" "-e" "RUSTFLAGS=--cap-lints=warn" "-e" "CARGO_HOME=/cargo-home" "-e" "RUSTUP_HOME=/rustup-home" "-m" "1536M" "--network" "none" "crater"`
Dec 02 02:30:56.821 INFO [stdout] 17464431b7c6c14766e8f8c3c549679524ce470d314409bc97b2e5fa8cba2add
Dec 02 02:30:56.824 INFO running `"docker" "start" "-a" "17464431b7c6c14766e8f8c3c549679524ce470d314409bc97b2e5fa8cba2add"`
Dec 02 02:30:57.286 INFO [stderr] usermod: no changes
Dec 02 02:30:57.331 INFO [stderr]    Compiling rust-leaflet-features v0.1.0 (/source)
Dec 02 02:30:57.825 INFO [stderr] error[E0601]: `main` function not found in crate `tests`
Dec 02 02:30:57.825 INFO [stderr]   |
Dec 02 02:30:57.825 INFO [stderr]   = note: consider adding a `main` function to `examples/tests.rs`
Dec 02 02:30:57.825 INFO [stderr] 
Dec 02 02:30:57.829 INFO [stderr] error: aborting due to previous error
Dec 02 02:30:57.829 INFO [stderr] 
Dec 02 02:30:57.829 INFO [stderr] For more information about this error, try `rustc --explain E0601`.
Dec 02 02:30:57.835 INFO [stderr] error: Could not compile `rust-leaflet-features`.
Dec 02 02:30:57.835 INFO [stderr] warning: build failed, waiting for other jobs to finish...
Dec 02 02:30:58.071 INFO [stderr] error[E0433]: failed to resolve. Use of undeclared type or module `Arc`
Dec 02 02:30:58.071 INFO [stderr]  --> examples/quick_fixes.rs:5:19
Dec 02 02:30:58.071 INFO [stderr]   |
Dec 02 02:30:58.071 INFO [stderr] 5 |     let counter = Arc::new(Mutex::new(0));
Dec 02 02:30:58.071 INFO [stderr]   |                   ^^^ Use of undeclared type or module `Arc`
Dec 02 02:30:58.071 INFO [stderr] 
Dec 02 02:30:58.086 INFO [stderr] error[E0046]: not all trait items implemented, missing: `from`
Dec 02 02:30:58.086 INFO [stderr]   --> examples/quick_fixes.rs:17:1
Dec 02 02:30:58.086 INFO [stderr]    |
Dec 02 02:30:58.086 INFO [stderr] 17 | impl From<(i32, i32)> for Point {
Dec 02 02:30:58.086 INFO [stderr]    | ^^^^^^^^^^^^^^^^^^^^^^^^^^^^^^^ missing `from` in implementation
Dec 02 02:30:58.086 INFO [stderr]    |
Dec 02 02:30:58.086 INFO [stderr]    = note: `from` from trait: `fn(T) -> Self`
Dec 02 02:30:58.086 INFO [stderr] 
Dec 02 02:30:58.086 INFO [stderr] error: aborting due to 2 previous errors
Dec 02 02:30:58.086 INFO [stderr] 
Dec 02 02:30:58.086 INFO [stderr] Some errors occurred: E0046, E0433.
Dec 02 02:30:58.086 INFO [stderr] For more information about an error, try `rustc --explain E0046`.
Dec 02 02:30:58.087 INFO [stderr] error: Could not compile `rust-leaflet-features`.
Dec 02 02:30:58.087 INFO [stderr] warning: build failed, waiting for other jobs to finish...
Dec 02 02:30:58.123 INFO [stderr] error[E0601]: `main` function not found in crate `completion`
Dec 02 02:30:58.123 INFO [stderr]   |
Dec 02 02:30:58.123 INFO [stderr]   = note: consider adding a `main` function to `examples/completion.rs`
Dec 02 02:30:58.123 INFO [stderr] 
Dec 02 02:30:58.171 INFO [stderr] error[E0609]: no field `ma` on type `std::str::Lines<'_>`
Dec 02 02:30:58.171 INFO [stderr]  --> examples/completion.rs:3:15
Dec 02 02:30:58.171 INFO [stderr]   |
Dec 02 02:30:58.171 INFO [stderr] 3 |     s.lines().ma
Dec 02 02:30:58.171 INFO [stderr]   |               ^^ unknown field
Dec 02 02:30:58.171 INFO [stderr] 
Dec 02 02:30:58.171 INFO [stderr] warning: variable does not need to be mutable
Dec 02 02:30:58.171 INFO [stderr]  --> examples/debug.rs:4:9
Dec 02 02:30:58.171 INFO [stderr]   |
Dec 02 02:30:58.171 INFO [stderr] 4 |     let mut v = parse_users("
Dec 02 02:30:58.171 INFO [stderr]   |         ----^
Dec 02 02:30:58.171 INFO [stderr]   |         |
Dec 02 02:30:58.171 INFO [stderr]   |         help: remove this `mut`
Dec 02 02:30:58.171 INFO [stderr]   |
Dec 02 02:30:58.171 INFO [stderr]   = note: #[warn(unused_mut)] on by default
Dec 02 02:30:58.171 INFO [stderr] 
Dec 02 02:30:58.175 INFO [stderr] error: aborting due to 2 previous errors
Dec 02 02:30:58.180 INFO [stderr] 
Dec 02 02:30:58.180 INFO [stderr] Some errors occurred: E0601, E0609.
Dec 02 02:30:58.180 INFO [stderr] For more information about an error, try `rustc --explain E0601`.
Dec 02 02:30:58.180 INFO [stderr] error: Could not compile `rust-leaflet-features`.
Dec 02 02:30:58.180 INFO [stderr] warning: build failed, waiting for other jobs to finish...
Dec 02 02:30:58.407 INFO [stderr] warning: cannot find type `table` in this scope
Dec 02 02:30:58.407 INFO [stderr]    --> <::diesel::macros::table_body macros>:165:33
Dec 02 02:30:58.407 INFO [stderr]     |
Dec 02 02:30:58.407 INFO [stderr] 165 | derive ( Debug , Clone , Copy , QueryId ) ] /// The actual table struct
Dec 02 02:30:58.407 INFO [stderr]     |                                 ^^^^^^^ names from parent modules are not accessible without an explicit import
Dec 02 02:30:58.407 INFO [stderr]     |
Dec 02 02:30:58.407 INFO [stderr]     = note: #[warn(proc_macro_derive_resolution_fallback)] on by default
Dec 02 02:30:58.407 INFO [stderr]     = warning: this was previously accepted by the compiler but is being phased out; it will become a hard error in a future release!
Dec 02 02:30:58.407 INFO [stderr]     = note: for more information, see issue #50504 <https://github.com/rust-lang/rust/issues/50504>
Dec 02 02:30:58.407 INFO [stderr] 
Dec 02 02:30:58.407 INFO [stderr] warning: cannot find type `table` in this scope
Dec 02 02:30:58.407 INFO [stderr]    --> <::diesel::macros::table_body macros>:165:33
Dec 02 02:30:58.407 INFO [stderr]     |
Dec 02 02:30:58.407 INFO [stderr] 165 | derive ( Debug , Clone , Copy , QueryId ) ] /// The actual table struct
Dec 02 02:30:58.407 INFO [stderr]     |                                 ^^^^^^^ names from parent modules are not accessible without an explicit import
Dec 02 02:30:58.407 INFO [stderr]     |
Dec 02 02:30:58.407 INFO [stderr]     = warning: this was previously accepted by the compiler but is being phased out; it will become a hard error in a future release!
Dec 02 02:30:58.407 INFO [stderr]     = note: for more information, see issue #50504 <https://github.com/rust-lang/rust/issues/50504>
Dec 02 02:30:58.407 INFO [stderr] 
Dec 02 02:30:58.407 INFO [stderr] warning: cannot find type `user_id` in this scope
Dec 02 02:30:58.407 INFO [stderr]  --> <::diesel::macros::__diesel_column macros>:5:33
Dec 02 02:30:58.407 INFO [stderr]   |
Dec 02 02:30:58.407 INFO [stderr] 5 | derive ( Debug , Clone , Copy , QueryId , Default ) ] pub struct $ column_name
Dec 02 02:30:58.407 INFO [stderr]   |                                 ^^^^^^^ names from parent modules are not accessible without an explicit import
Dec 02 02:30:58.407 INFO [stderr]   |
Dec 02 02:30:58.407 INFO [stderr]   = warning: this was previously accepted by the compiler but is being phased out; it will become a hard error in a future release!
Dec 02 02:30:58.407 INFO [stderr]   = note: for more information, see issue #50504 <https://github.com/rust-lang/rust/issues/50504>
Dec 02 02:30:58.407 INFO [stderr] 
Dec 02 02:30:58.407 INFO [stderr] warning: cannot find type `post_id` in this scope
Dec 02 02:30:58.407 INFO [stderr]  --> <::diesel::macros::__diesel_column macros>:5:33
Dec 02 02:30:58.407 INFO [stderr]   |
Dec 02 02:30:58.407 INFO [stderr] 5 | derive ( Debug , Clone , Copy , QueryId , Default ) ] pub struct $ column_name
Dec 02 02:30:58.407 INFO [stderr]   |                                 ^^^^^^^ names from parent modules are not accessible without an explicit import
Dec 02 02:30:58.407 INFO [stderr]   |
Dec 02 02:30:58.407 INFO [stderr]   = warning: this was previously accepted by the compiler but is being phased out; it will become a hard error in a future release!
Dec 02 02:30:58.407 INFO [stderr]   = note: for more information, see issue #50504 <https://github.com/rust-lang/rust/issues/50504>
Dec 02 02:30:58.407 INFO [stderr] 
Dec 02 02:30:58.407 INFO [stderr] warning: cannot find type `favorited` in this scope
Dec 02 02:30:58.407 INFO [stderr]  --> <::diesel::macros::__diesel_column macros>:5:33
Dec 02 02:30:58.407 INFO [stderr]   |
Dec 02 02:30:58.407 INFO [stderr] 5 | derive ( Debug , Clone , Copy , QueryId , Default ) ] pub struct $ column_name
Dec 02 02:30:58.407 INFO [stderr]   |                                 ^^^^^^^ names from parent modules are not accessible without an explicit import
Dec 02 02:30:58.407 INFO [stderr]   |
Dec 02 02:30:58.407 INFO [stderr]   = warning: this was previously accepted by the compiler but is being phased out; it will become a hard error in a future release!
Dec 02 02:30:58.407 INFO [stderr]   = note: for more information, see issue #50504 <https://github.com/rust-lang/rust/issues/50504>
Dec 02 02:30:58.407 INFO [stderr] 
Dec 02 02:30:58.887 INFO [stderr] error: build failed
Dec 02 02:30:58.887 INFO [stderr] su: No module specific data is present
Dec 02 02:30:59.510 INFO running `"docker" "inspect" "17464431b7c6c14766e8f8c3c549679524ce470d314409bc97b2e5fa8cba2add"`
Dec 02 02:30:59.700 INFO running `"docker" "rm" "-f" "17464431b7c6c14766e8f8c3c549679524ce470d314409bc97b2e5fa8cba2add"`
Dec 02 02:30:59.951 INFO [stdout] 17464431b7c6c14766e8f8c3c549679524ce470d314409bc97b2e5fa8cba2add
