Dec 02 02:58:46.920 INFO testing Techcable/spanish-website against 1.30.1 for beta-1.31-5
Dec 02 02:58:46.920 INFO running `"docker" "create" "-v" "/mnt/big/crater/work/local/target-dirs/beta-1.31-5/worker-3/1.30.1:/target:rw,Z" "-v" "/mnt/big/crater/work/local/test-source/worker-3/beta-1.31-5/1.30.1:/source:ro,Z" "-v" "/mnt/big/crater/work/local/cargo-home:/cargo-home:ro,Z" "-v" "/mnt/big/crater/work/local/rustup-home:/rustup-home:ro,Z" "-e" "USER_ID=1000" "-e" "SOURCE_DIR=/source" "-e" "USER_ID=1000" "-e" "CMD=cargo +1.30.1 build --frozen" "-e" "CARGO_TARGET_DIR=/target" "-e" "CARGO_INCREMENTAL=0" "-e" "RUST_BACKTRACE=full" "-e" "RUSTFLAGS=--cap-lints=warn" "-e" "CARGO_HOME=/cargo-home" "-e" "RUSTUP_HOME=/rustup-home" "-m" "1536M" "--network" "none" "crater"`
Dec 02 02:58:47.395 INFO [stdout] 6fae1438448363d1c684248c651a0552d51f4d727831d77b683b6e602811db0a
Dec 02 02:58:47.400 INFO running `"docker" "start" "-a" "6fae1438448363d1c684248c651a0552d51f4d727831d77b683b6e602811db0a"`
Dec 02 02:58:49.119 INFO [stderr] usermod: no changes
Dec 02 02:58:49.439 INFO [stderr]    Compiling pear_codegen v0.0.20
Dec 02 02:58:49.447 INFO [stderr]    Compiling rocket v0.3.16
Dec 02 02:58:49.447 INFO [stderr]    Compiling rocket_codegen v0.3.16
Dec 02 02:58:49.459 INFO [stderr]    Compiling toml v0.4.6
Dec 02 02:58:49.459 INFO [stderr]    Compiling parking_lot_core v0.2.14
Dec 02 02:58:49.459 INFO [stderr]    Compiling serde_json v1.0.27
Dec 02 02:58:49.467 INFO [stderr]    Compiling rayon v0.7.1
Dec 02 02:58:49.879 INFO [stderr] error: failed to run custom build command for `rocket_codegen v0.3.16`
Dec 02 02:58:49.879 INFO [stderr] process didn't exit successfully: `/target/debug/build/rocket_codegen-35313927dfebcaa1/build-script-build` (exit code: 101)
Dec 02 02:58:49.879 INFO [stderr] --- stderr
Dec 02 02:58:49.879 INFO [stderr] [1;31mError:[0m [37mRocket requires a nightly or dev version of Rust.[0m
Dec 02 02:58:49.879 INFO [stderr] [37mInstalled version is:[0m [33m1.30.1 (2018-11-07)[0m. [37mMinimum required:[0m [33m1.30.0-nightly (2018-08-23)[0m.
Dec 02 02:58:49.879 INFO [stderr] [34mSee the getting started guide ([0m[37mhttps://rocket.rs/guide/getting-started/[0m[34m) for more information.[0m
Dec 02 02:58:49.879 INFO [stderr] thread 'main' panicked at 'Aborting compilation due to incompatible compiler.', /cargo-home/registry/src/github.com-1ecc6299db9ec823/rocket_codegen-0.3.16/build.rs:38:17
Dec 02 02:58:49.879 INFO [stderr] stack backtrace:
Dec 02 02:58:49.879 INFO [stderr]    0:     0x560b1a6a99fe - std::sys::unix::backtrace::tracing::imp::unwind_backtrace::h15749a98198ba25f
Dec 02 02:58:49.879 INFO [stderr]                                at libstd/sys/unix/backtrace/tracing/gcc_s.rs:49
Dec 02 02:58:49.879 INFO [stderr]    1:     0x560b1a69af86 - std::sys_common::backtrace::print::h0ba65c811294dbf0
Dec 02 02:58:49.879 INFO [stderr]                                at libstd/sys_common/backtrace.rs:71
Dec 02 02:58:49.879 INFO [stderr]                                at libstd/sys_common/backtrace.rs:59
Dec 02 02:58:49.879 INFO [stderr]    2:     0x560b1a6998cd - std::panicking::default_hook::{{closure}}::h42bb31757f0fee64
Dec 02 02:58:49.879 INFO [stderr]                                at libstd/panicking.rs:211
Dec 02 02:58:49.879 INFO [stderr]    3:     0x560b1a699640 - std::panicking::default_hook::hebc8848d7aa7dbd9
Dec 02 02:58:49.879 INFO [stderr]                                at libstd/panicking.rs:227
Dec 02 02:58:49.879 INFO [stderr]    4:     0x560b1a699ecc - std::panicking::rust_panic_with_hook::h86e619a638415243
Dec 02 02:58:49.879 INFO [stderr]                                at libstd/panicking.rs:477
Dec 02 02:58:49.879 INFO [stderr]    5:     0x560b1a67dc1f - std::panicking::begin_panic::h26807ac2abfc2210
Dec 02 02:58:49.879 INFO [stderr]                                at libstd/panicking.rs:411
Dec 02 02:58:49.879 INFO [stderr]    6:     0x560b1a67bd72 - build_script_build::main::h5e3452ecf2935038
Dec 02 02:58:49.879 INFO [stderr]                                at /cargo-home/registry/src/github.com-1ecc6299db9ec823/rocket_codegen-0.3.16/build.rs:38
Dec 02 02:58:49.879 INFO [stderr]    7:     0x560b1a67e50f - std::rt::lang_start::{{closure}}::hdd73b25a420f224f
Dec 02 02:58:49.879 INFO [stderr]                                at libstd/rt.rs:74
Dec 02 02:58:49.879 INFO [stderr]    8:     0x560b1a699972 - std::panicking::try::do_call::h47665672c57b11e4
Dec 02 02:58:49.879 INFO [stderr]                                at libstd/rt.rs:59
Dec 02 02:58:49.879 INFO [stderr]                                at libstd/panicking.rs:310
Dec 02 02:58:49.879 INFO [stderr]    9:     0x560b1a6ba929 - __rust_maybe_catch_panic
Dec 02 02:58:49.879 INFO [stderr]                                at libpanic_unwind/lib.rs:103
Dec 02 02:58:49.879 INFO [stderr]   10:     0x560b1a6a49f5 - std::rt::lang_start_internal::had9505969b8e20a2
Dec 02 02:58:49.879 INFO [stderr]                                at libstd/panicking.rs:289
Dec 02 02:58:49.879 INFO [stderr]                                at libstd/panic.rs:392
Dec 02 02:58:49.879 INFO [stderr]                                at libstd/rt.rs:58
Dec 02 02:58:49.879 INFO [stderr]   11:     0x560b1a67e4e7 - std::rt::lang_start::hdbaf1dc3ae5430d3
Dec 02 02:58:49.879 INFO [stderr]                                at libstd/rt.rs:74
Dec 02 02:58:49.879 INFO [stderr]   12:     0x560b1a67cc09 - main
Dec 02 02:58:49.879 INFO [stderr]   13:     0x7fa54397082f - __libc_start_main
Dec 02 02:58:49.879 INFO [stderr]   14:     0x560b1a67b428 - _start
Dec 02 02:58:49.879 INFO [stderr]   15:                0x0 - <unknown>
Dec 02 02:58:49.879 INFO [stderr] 
Dec 02 02:58:49.879 INFO [stderr] warning: build failed, waiting for other jobs to finish...
Dec 02 02:58:49.911 INFO [stderr] error: failed to run custom build command for `rocket v0.3.16`
Dec 02 02:58:49.911 INFO [stderr] process didn't exit successfully: `/target/debug/build/rocket-a61187eead96cae3/build-script-build` (exit code: 101)
Dec 02 02:58:49.911 INFO [stderr] --- stderr
Dec 02 02:58:49.911 INFO [stderr] [1;31mError:[0m [37mRocket requires a nightly or dev version of Rust.[0m
Dec 02 02:58:49.911 INFO [stderr] [37mInstalled version is:[0m [33m1.30.1 (2018-11-07)[0m. [37mMinimum required:[0m [33m1.27.0-nightly (2018-04-26)[0m.
Dec 02 02:58:49.911 INFO [stderr] [34mSee the getting started guide ([0m[37mhttps://rocket.rs/guide/getting-started/[0m[34m) for more information.[0m
Dec 02 02:58:49.911 INFO [stderr] thread 'main' panicked at 'Aborting compilation due to incompatible compiler.', /cargo-home/registry/src/github.com-1ecc6299db9ec823/rocket-0.3.16/build.rs:38:13
Dec 02 02:58:49.911 INFO [stderr] stack backtrace:
Dec 02 02:58:49.911 INFO [stderr]    0:     0x55f0628f1a0e - std::sys::unix::backtrace::tracing::imp::unwind_backtrace::h15749a98198ba25f
Dec 02 02:58:49.911 INFO [stderr]                                at libstd/sys/unix/backtrace/tracing/gcc_s.rs:49
Dec 02 02:58:49.911 INFO [stderr]    1:     0x55f0628e2f96 - std::sys_common::backtrace::print::h0ba65c811294dbf0
Dec 02 02:58:49.911 INFO [stderr]                                at libstd/sys_common/backtrace.rs:71
Dec 02 02:58:49.911 INFO [stderr]                                at libstd/sys_common/backtrace.rs:59
Dec 02 02:58:49.911 INFO [stderr]    2:     0x55f0628e18dd - std::panicking::default_hook::{{closure}}::h42bb31757f0fee64
Dec 02 02:58:49.911 INFO [stderr]                                at libstd/panicking.rs:211
Dec 02 02:58:49.911 INFO [stderr]    3:     0x55f0628e1650 - std::panicking::default_hook::hebc8848d7aa7dbd9
Dec 02 02:58:49.911 INFO [stderr]                                at libstd/panicking.rs:227
Dec 02 02:58:49.911 INFO [stderr]    4:     0x55f0628e1edc - std::panicking::rust_panic_with_hook::h86e619a638415243
Dec 02 02:58:49.911 INFO [stderr]                                at libstd/panicking.rs:477
Dec 02 02:58:49.911 INFO [stderr]    5:     0x55f0628c5c2f - std::panicking::begin_panic::h1547f6b8df8ef062
Dec 02 02:58:49.911 INFO [stderr]                                at libstd/panicking.rs:411
Dec 02 02:58:49.911 INFO [stderr]    6:     0x55f0628c3d73 - build_script_build::main::h7e1e0ce982337217
Dec 02 02:58:49.911 INFO [stderr]                                at /cargo-home/registry/src/github.com-1ecc6299db9ec823/rocket-0.3.16/build.rs:38
Dec 02 02:58:49.911 INFO [stderr]    7:     0x55f0628c651f - std::rt::lang_start::{{closure}}::hdcba730274cd6e5e
Dec 02 02:58:49.911 INFO [stderr]                                at libstd/rt.rs:74
Dec 02 02:58:49.911 INFO [stderr]    8:     0x55f0628e1982 - std::panicking::try::do_call::h47665672c57b11e4
Dec 02 02:58:49.911 INFO [stderr]                                at libstd/rt.rs:59
Dec 02 02:58:49.911 INFO [stderr]                                at libstd/panicking.rs:310
Dec 02 02:58:49.911 INFO [stderr]    9:     0x55f062902939 - __rust_maybe_catch_panic
Dec 02 02:58:49.911 INFO [stderr]                                at libpanic_unwind/lib.rs:103
Dec 02 02:58:49.911 INFO [stderr]   10:     0x55f0628eca05 - std::rt::lang_start_internal::had9505969b8e20a2
Dec 02 02:58:49.911 INFO [stderr]                                at libstd/panicking.rs:289
Dec 02 02:58:49.911 INFO [stderr]                                at libstd/panic.rs:392
Dec 02 02:58:49.911 INFO [stderr]                                at libstd/rt.rs:58
Dec 02 02:58:49.911 INFO [stderr]   11:     0x55f0628c64f7 - std::rt::lang_start::h5723be38f20d77cf
Dec 02 02:58:49.911 INFO [stderr]                                at libstd/rt.rs:74
Dec 02 02:58:49.911 INFO [stderr]   12:     0x55f0628c4c19 - main
Dec 02 02:58:49.911 INFO [stderr]   13:     0x7f5b1712382f - __libc_start_main
Dec 02 02:58:49.911 INFO [stderr]   14:     0x55f0628c3428 - _start
Dec 02 02:58:49.911 INFO [stderr]   15:                0x0 - <unknown>
Dec 02 02:58:49.911 INFO [stderr] 
Dec 02 02:58:49.911 INFO [stderr] warning: build failed, waiting for other jobs to finish...
Dec 02 02:58:50.115 INFO [stderr] error: failed to run custom build command for `pear_codegen v0.0.20`
Dec 02 02:58:50.115 INFO [stderr] process didn't exit successfully: `/target/debug/build/pear_codegen-183b5b0a0ae809b5/build-script-build` (exit code: 101)
Dec 02 02:58:50.115 INFO [stderr] --- stderr
Dec 02 02:58:50.115 INFO [stderr] [1;31mError:[0m [37mPear requires a nightly or dev version of Rust.[0m
Dec 02 02:58:50.115 INFO [stderr] [37mInstalled version is:[0m [33m1.30.1 (2018-11-07)[0m. [37mMinimum required:[0m [33m1.30.0-nightly (2018-08-23)[0m.
Dec 02 02:58:50.115 INFO [stderr] thread 'main' panicked at 'Aborting compilation due to incompatible compiler.', /cargo-home/registry/src/github.com-1ecc6299db9ec823/pear_codegen-0.0.20/build.rs:31:13
Dec 02 02:58:50.115 INFO [stderr] stack backtrace:
Dec 02 02:58:50.115 INFO [stderr]    0:     0x557a4bd8a7de - std::sys::unix::backtrace::tracing::imp::unwind_backtrace::h15749a98198ba25f
Dec 02 02:58:50.115 INFO [stderr]                                at libstd/sys/unix/backtrace/tracing/gcc_s.rs:49
Dec 02 02:58:50.115 INFO [stderr]    1:     0x557a4bd7bd66 - std::sys_common::backtrace::print::h0ba65c811294dbf0
Dec 02 02:58:50.115 INFO [stderr]                                at libstd/sys_common/backtrace.rs:71
Dec 02 02:58:50.115 INFO [stderr]                                at libstd/sys_common/backtrace.rs:59
Dec 02 02:58:50.115 INFO [stderr]    2:     0x557a4bd7a6ad - std::panicking::default_hook::{{closure}}::h42bb31757f0fee64
Dec 02 02:58:50.115 INFO [stderr]                                at libstd/panicking.rs:211
Dec 02 02:58:50.115 INFO [stderr]    3:     0x557a4bd7a420 - std::panicking::default_hook::hebc8848d7aa7dbd9
Dec 02 02:58:50.115 INFO [stderr]                                at libstd/panicking.rs:227
Dec 02 02:58:50.115 INFO [stderr]    4:     0x557a4bd7acac - std::panicking::rust_panic_with_hook::h86e619a638415243
Dec 02 02:58:50.115 INFO [stderr]                                at libstd/panicking.rs:477
Dec 02 02:58:50.115 INFO [stderr]    5:     0x557a4bd5e9ff - std::panicking::begin_panic::h65ef3ad7de42f4ad
Dec 02 02:58:50.115 INFO [stderr]                                at libstd/panicking.rs:411
Dec 02 02:58:50.115 INFO [stderr]    6:     0x557a4bd5cb3a - build_script_build::main::h46f39c458748acff
Dec 02 02:58:50.115 INFO [stderr]                                at /cargo-home/registry/src/github.com-1ecc6299db9ec823/pear_codegen-0.0.20/build.rs:31
Dec 02 02:58:50.115 INFO [stderr]    7:     0x557a4bd5f2ef - std::rt::lang_start::{{closure}}::h104f159df20e8d81
Dec 02 02:58:50.115 INFO [stderr]                                at libstd/rt.rs:74
Dec 02 02:58:50.115 INFO [stderr]    8:     0x557a4bd7a752 - std::panicking::try::do_call::h47665672c57b11e4
Dec 02 02:58:50.115 INFO [stderr]                                at libstd/rt.rs:59
Dec 02 02:58:50.115 INFO [stderr]                                at libstd/panicking.rs:310
Dec 02 02:58:50.115 INFO [stderr]    9:     0x557a4bd9b709 - __rust_maybe_catch_panic
Dec 02 02:58:50.115 INFO [stderr]                                at libpanic_unwind/lib.rs:103
Dec 02 02:58:50.115 INFO [stderr]   10:     0x557a4bd857d5 - std::rt::lang_start_internal::had9505969b8e20a2
Dec 02 02:58:50.115 INFO [stderr]                                at libstd/panicking.rs:289
Dec 02 02:58:50.115 INFO [stderr]                                at libstd/panic.rs:392
Dec 02 02:58:50.115 INFO [stderr]                                at libstd/rt.rs:58
Dec 02 02:58:50.115 INFO [stderr]   11:     0x557a4bd5f2c7 - std::rt::lang_start::h6c12a89b5498f3bc
Dec 02 02:58:50.115 INFO [stderr]                                at libstd/rt.rs:74
Dec 02 02:58:50.115 INFO [stderr]   12:     0x557a4bd5d9e9 - main
Dec 02 02:58:50.115 INFO [stderr]   13:     0x7fbc3b2e682f - __libc_start_main
Dec 02 02:58:50.115 INFO [stderr]   14:     0x557a4bd5c428 - _start
Dec 02 02:58:50.115 INFO [stderr]   15:                0x0 - <unknown>
Dec 02 02:58:50.115 INFO [stderr] 
Dec 02 02:58:50.115 INFO [stderr] warning: build failed, waiting for other jobs to finish...
Dec 02 02:58:51.627 INFO [stderr] error[E0554]: #![feature] may not be used on the stable release channel
Dec 02 02:58:51.627 INFO [stderr]   --> /cargo-home/registry/src/github.com-1ecc6299db9ec823/parking_lot_core-0.2.14/src/lib.rs:41:60
Dec 02 02:58:51.627 INFO [stderr]    |
Dec 02 02:58:51.627 INFO [stderr] 41 | #![cfg_attr(all(feature = "nightly", target_os = "linux"), feature(integer_atomics))]
Dec 02 02:58:51.627 INFO [stderr]    |                                                            ^^^^^^^^^^^^^^^^^^^^^^^^^
Dec 02 02:58:51.627 INFO [stderr] 
Dec 02 02:58:51.627 INFO [stderr] error: aborting due to previous error
Dec 02 02:58:51.643 INFO [stderr] 
Dec 02 02:58:51.643 INFO [stderr] For more information about this error, try `rustc --explain E0554`.
Dec 02 02:58:51.658 INFO [stderr] error: Could not compile `parking_lot_core`.
Dec 02 02:58:51.658 INFO [stderr] warning: build failed, waiting for other jobs to finish...
Dec 02 02:58:59.332 INFO [stderr] error: build failed
Dec 02 02:58:59.334 INFO [stderr] su: No module specific data is present
Dec 02 02:59:00.307 INFO running `"docker" "inspect" "6fae1438448363d1c684248c651a0552d51f4d727831d77b683b6e602811db0a"`
Dec 02 02:59:00.581 INFO running `"docker" "rm" "-f" "6fae1438448363d1c684248c651a0552d51f4d727831d77b683b6e602811db0a"`
Dec 02 02:59:00.878 INFO [stdout] 6fae1438448363d1c684248c651a0552d51f4d727831d77b683b6e602811db0a
