Dec 02 03:51:43.183 INFO testing Roger/now-rust-rocket-test against 1.30.1 for beta-1.31-5
Dec 02 03:51:43.183 INFO running `"docker" "create" "-v" "/mnt/big/crater/work/local/target-dirs/beta-1.31-5/worker-2/1.30.1:/target:rw,Z" "-v" "/mnt/big/crater/work/local/test-source/worker-2/beta-1.31-5/1.30.1:/source:ro,Z" "-v" "/mnt/big/crater/work/local/cargo-home:/cargo-home:ro,Z" "-v" "/mnt/big/crater/work/local/rustup-home:/rustup-home:ro,Z" "-e" "USER_ID=1000" "-e" "SOURCE_DIR=/source" "-e" "USER_ID=1000" "-e" "CMD=cargo +1.30.1 build --frozen" "-e" "CARGO_TARGET_DIR=/target" "-e" "CARGO_INCREMENTAL=0" "-e" "RUST_BACKTRACE=full" "-e" "RUSTFLAGS=--cap-lints=warn" "-e" "CARGO_HOME=/cargo-home" "-e" "RUSTUP_HOME=/rustup-home" "-m" "1536M" "--network" "none" "crater"`
Dec 02 03:51:43.833 INFO [stdout] 523101726beee3e1ee8d1f4a6fa3a784c36453b07bf0ef6f6c4272f646ce7c8d
Dec 02 03:51:43.843 INFO running `"docker" "start" "-a" "523101726beee3e1ee8d1f4a6fa3a784c36453b07bf0ef6f6c4272f646ce7c8d"`
Dec 02 03:51:44.772 INFO [stderr] usermod: no changes
Dec 02 03:51:44.929 INFO [stderr]    Compiling pear_codegen v0.0.20
Dec 02 03:51:44.929 INFO [stderr]    Compiling rocket v0.3.17
Dec 02 03:51:44.929 INFO [stderr]    Compiling rocket_codegen v0.3.17
Dec 02 03:51:44.931 INFO [stderr]    Compiling mime v0.2.6
Dec 02 03:51:44.935 INFO [stderr]    Compiling ring v0.11.0
Dec 02 03:51:45.195 INFO [stderr] error: failed to run custom build command for `rocket_codegen v0.3.17`
Dec 02 03:51:45.195 INFO [stderr] process didn't exit successfully: `/target/debug/build/rocket_codegen-c5232cdd0a7a7f0a/build-script-build` (exit code: 101)
Dec 02 03:51:45.195 INFO [stderr] --- stderr
Dec 02 03:51:45.195 INFO [stderr] [1;31mError:[0m [37mRocket requires a nightly or dev version of Rust.[0m
Dec 02 03:51:45.195 INFO [stderr] [37mInstalled version is:[0m [33m1.30.1 (2018-11-07)[0m. [37mMinimum required:[0m [33m1.30.0-nightly (2018-08-23)[0m.
Dec 02 03:51:45.195 INFO [stderr] [34mSee the getting started guide ([0m[37mhttps://rocket.rs/guide/getting-started/[0m[34m) for more information.[0m
Dec 02 03:51:45.195 INFO [stderr] thread 'main' panicked at 'Aborting compilation due to incompatible compiler.', /cargo-home/registry/src/github.com-1ecc6299db9ec823/rocket_codegen-0.3.17/build.rs:38:17
Dec 02 03:51:45.195 INFO [stderr] stack backtrace:
Dec 02 03:51:45.195 INFO [stderr]    0:     0x55963784d75e - std::sys::unix::backtrace::tracing::imp::unwind_backtrace::h15749a98198ba25f
Dec 02 03:51:45.195 INFO [stderr]                                at libstd/sys/unix/backtrace/tracing/gcc_s.rs:49
Dec 02 03:51:45.195 INFO [stderr]    1:     0x55963783ece6 - std::sys_common::backtrace::print::h0ba65c811294dbf0
Dec 02 03:51:45.195 INFO [stderr]                                at libstd/sys_common/backtrace.rs:71
Dec 02 03:51:45.195 INFO [stderr]                                at libstd/sys_common/backtrace.rs:59
Dec 02 03:51:45.195 INFO [stderr]    2:     0x55963783d62d - std::panicking::default_hook::{{closure}}::h42bb31757f0fee64
Dec 02 03:51:45.195 INFO [stderr]                                at libstd/panicking.rs:211
Dec 02 03:51:45.195 INFO [stderr]    3:     0x55963783d3a0 - std::panicking::default_hook::hebc8848d7aa7dbd9
Dec 02 03:51:45.195 INFO [stderr]                                at libstd/panicking.rs:227
Dec 02 03:51:45.195 INFO [stderr]    4:     0x55963783dc2c - std::panicking::rust_panic_with_hook::h86e619a638415243
Dec 02 03:51:45.195 INFO [stderr]                                at libstd/panicking.rs:477
Dec 02 03:51:45.195 INFO [stderr]    5:     0x559637820c3f - std::panicking::begin_panic::heb767c19fcc99f5a
Dec 02 03:51:45.195 INFO [stderr]                                at libstd/panicking.rs:411
Dec 02 03:51:45.195 INFO [stderr]    6:     0x55963781ed92 - build_script_build::main::he9d75f7a954f7ddf
Dec 02 03:51:45.195 INFO [stderr]                                at /cargo-home/registry/src/github.com-1ecc6299db9ec823/rocket_codegen-0.3.17/build.rs:38
Dec 02 03:51:45.195 INFO [stderr]    7:     0x55963782152f - std::rt::lang_start::{{closure}}::hd1578fbee069c28e
Dec 02 03:51:45.195 INFO [stderr]                                at libstd/rt.rs:74
Dec 02 03:51:45.195 INFO [stderr]    8:     0x55963783d6d2 - std::panicking::try::do_call::h47665672c57b11e4
Dec 02 03:51:45.195 INFO [stderr]                                at libstd/rt.rs:59
Dec 02 03:51:45.195 INFO [stderr]                                at libstd/panicking.rs:310
Dec 02 03:51:45.195 INFO [stderr]    9:     0x55963785e689 - __rust_maybe_catch_panic
Dec 02 03:51:45.195 INFO [stderr]                                at libpanic_unwind/lib.rs:103
Dec 02 03:51:45.195 INFO [stderr]   10:     0x559637848755 - std::rt::lang_start_internal::had9505969b8e20a2
Dec 02 03:51:45.195 INFO [stderr]                                at libstd/panicking.rs:289
Dec 02 03:51:45.195 INFO [stderr]                                at libstd/panic.rs:392
Dec 02 03:51:45.195 INFO [stderr]                                at libstd/rt.rs:58
Dec 02 03:51:45.195 INFO [stderr]   11:     0x559637821507 - std::rt::lang_start::h6b9f2e9d23e59193
Dec 02 03:51:45.195 INFO [stderr]                                at libstd/rt.rs:74
Dec 02 03:51:45.195 INFO [stderr]   12:     0x55963781fc29 - main
Dec 02 03:51:45.195 INFO [stderr]   13:     0x7f50e196c82f - __libc_start_main
Dec 02 03:51:45.195 INFO [stderr]   14:     0x55963781e448 - _start
Dec 02 03:51:45.195 INFO [stderr]   15:                0x0 - <unknown>
Dec 02 03:51:45.195 INFO [stderr] 
Dec 02 03:51:45.195 INFO [stderr] warning: build failed, waiting for other jobs to finish...
Dec 02 03:51:45.216 INFO [stderr] error: failed to run custom build command for `pear_codegen v0.0.20`
Dec 02 03:51:45.216 INFO [stderr] process didn't exit successfully: `/target/debug/build/pear_codegen-df86f9f8daca6fae/build-script-build` (exit code: 101)
Dec 02 03:51:45.216 INFO [stderr] --- stderr
Dec 02 03:51:45.216 INFO [stderr] [1;31mError:[0m [37mPear requires a nightly or dev version of Rust.[0m
Dec 02 03:51:45.216 INFO [stderr] [37mInstalled version is:[0m [33m1.30.1 (2018-11-07)[0m. [37mMinimum required:[0m [33m1.30.0-nightly (2018-08-23)[0m.
Dec 02 03:51:45.216 INFO [stderr] thread 'main' panicked at 'Aborting compilation due to incompatible compiler.', /cargo-home/registry/src/github.com-1ecc6299db9ec823/pear_codegen-0.0.20/build.rs:31:13
Dec 02 03:51:45.216 INFO [stderr] stack backtrace:
Dec 02 03:51:45.216 INFO [stderr]    0:     0x55ce3d5a453e - std::sys::unix::backtrace::tracing::imp::unwind_backtrace::h15749a98198ba25f
Dec 02 03:51:45.216 INFO [stderr]                                at libstd/sys/unix/backtrace/tracing/gcc_s.rs:49
Dec 02 03:51:45.216 INFO [stderr]    1:     0x55ce3d595ac6 - std::sys_common::backtrace::print::h0ba65c811294dbf0
Dec 02 03:51:45.216 INFO [stderr]                                at libstd/sys_common/backtrace.rs:71
Dec 02 03:51:45.216 INFO [stderr]                                at libstd/sys_common/backtrace.rs:59
Dec 02 03:51:45.216 INFO [stderr]    2:     0x55ce3d59440d - std::panicking::default_hook::{{closure}}::h42bb31757f0fee64
Dec 02 03:51:45.216 INFO [stderr]                                at libstd/panicking.rs:211
Dec 02 03:51:45.216 INFO [stderr]    3:     0x55ce3d594180 - std::panicking::default_hook::hebc8848d7aa7dbd9
Dec 02 03:51:45.216 INFO [stderr]                                at libstd/panicking.rs:227
Dec 02 03:51:45.216 INFO [stderr]    4:     0x55ce3d594a0c - std::panicking::rust_panic_with_hook::h86e619a638415243
Dec 02 03:51:45.216 INFO [stderr]                                at libstd/panicking.rs:477
Dec 02 03:51:45.216 INFO [stderr]    5:     0x55ce3d577a1f - std::panicking::begin_panic::hff0b0938de69e946
Dec 02 03:51:45.216 INFO [stderr]                                at libstd/panicking.rs:411
Dec 02 03:51:45.216 INFO [stderr]    6:     0x55ce3d575b5a - build_script_build::main::h3208cb5374859f64
Dec 02 03:51:45.216 INFO [stderr]                                at /cargo-home/registry/src/github.com-1ecc6299db9ec823/pear_codegen-0.0.20/build.rs:31
Dec 02 03:51:45.216 INFO [stderr]    7:     0x55ce3d57830f - std::rt::lang_start::{{closure}}::he88afd07f648b684
Dec 02 03:51:45.216 INFO [stderr]                                at libstd/rt.rs:74
Dec 02 03:51:45.216 INFO [stderr]    8:     0x55ce3d5944b2 - std::panicking::try::do_call::h47665672c57b11e4
Dec 02 03:51:45.216 INFO [stderr]                                at libstd/rt.rs:59
Dec 02 03:51:45.216 INFO [stderr]                                at libstd/panicking.rs:310
Dec 02 03:51:45.216 INFO [stderr]    9:     0x55ce3d5b5469 - __rust_maybe_catch_panic
Dec 02 03:51:45.216 INFO [stderr]                                at libpanic_unwind/lib.rs:103
Dec 02 03:51:45.216 INFO [stderr]   10:     0x55ce3d59f535 - std::rt::lang_start_internal::had9505969b8e20a2
Dec 02 03:51:45.216 INFO [stderr]                                at libstd/panicking.rs:289
Dec 02 03:51:45.216 INFO [stderr]                                at libstd/panic.rs:392
Dec 02 03:51:45.216 INFO [stderr]                                at libstd/rt.rs:58
Dec 02 03:51:45.216 INFO [stderr]   11:     0x55ce3d5782e7 - std::rt::lang_start::ha0952dc06a311b9d
Dec 02 03:51:45.216 INFO [stderr]                                at libstd/rt.rs:74
Dec 02 03:51:45.216 INFO [stderr]   12:     0x55ce3d576a09 - main
Dec 02 03:51:45.216 INFO [stderr]   13:     0x7fb385fab82f - __libc_start_main
Dec 02 03:51:45.216 INFO [stderr]   14:     0x55ce3d575448 - _start
Dec 02 03:51:45.216 INFO [stderr]   15:                0x0 - <unknown>
Dec 02 03:51:45.216 INFO [stderr] 
Dec 02 03:51:45.216 INFO [stderr] warning: build failed, waiting for other jobs to finish...
Dec 02 03:51:45.226 INFO [stderr] error: failed to run custom build command for `rocket v0.3.17`
Dec 02 03:51:45.226 INFO [stderr] process didn't exit successfully: `/target/debug/build/rocket-c4e66faee2f2b7c9/build-script-build` (exit code: 101)
Dec 02 03:51:45.226 INFO [stderr] --- stderr
Dec 02 03:51:45.226 INFO [stderr] [1;31mError:[0m [37mRocket requires a nightly or dev version of Rust.[0m
Dec 02 03:51:45.226 INFO [stderr] [37mInstalled version is:[0m [33m1.30.1 (2018-11-07)[0m. [37mMinimum required:[0m [33m1.27.0-nightly (2018-04-26)[0m.
Dec 02 03:51:45.226 INFO [stderr] [34mSee the getting started guide ([0m[37mhttps://rocket.rs/guide/getting-started/[0m[34m) for more information.[0m
Dec 02 03:51:45.226 INFO [stderr] thread 'main' panicked at 'Aborting compilation due to incompatible compiler.', /cargo-home/registry/src/github.com-1ecc6299db9ec823/rocket-0.3.17/build.rs:38:13
Dec 02 03:51:45.226 INFO [stderr] stack backtrace:
Dec 02 03:51:45.226 INFO [stderr]    0:     0x5637f3a3576e - std::sys::unix::backtrace::tracing::imp::unwind_backtrace::h15749a98198ba25f
Dec 02 03:51:45.226 INFO [stderr]                                at libstd/sys/unix/backtrace/tracing/gcc_s.rs:49
Dec 02 03:51:45.226 INFO [stderr]    1:     0x5637f3a26cf6 - std::sys_common::backtrace::print::h0ba65c811294dbf0
Dec 02 03:51:45.226 INFO [stderr]                                at libstd/sys_common/backtrace.rs:71
Dec 02 03:51:45.226 INFO [stderr]                                at libstd/sys_common/backtrace.rs:59
Dec 02 03:51:45.226 INFO [stderr]    2:     0x5637f3a2563d - std::panicking::default_hook::{{closure}}::h42bb31757f0fee64
Dec 02 03:51:45.226 INFO [stderr]                                at libstd/panicking.rs:211
Dec 02 03:51:45.226 INFO [stderr]    3:     0x5637f3a253b0 - std::panicking::default_hook::hebc8848d7aa7dbd9
Dec 02 03:51:45.226 INFO [stderr]                                at libstd/panicking.rs:227
Dec 02 03:51:45.226 INFO [stderr]    4:     0x5637f3a25c3c - std::panicking::rust_panic_with_hook::h86e619a638415243
Dec 02 03:51:45.226 INFO [stderr]                                at libstd/panicking.rs:477
Dec 02 03:51:45.226 INFO [stderr]    5:     0x5637f3a08c4f - std::panicking::begin_panic::h1f2b9e9d96bd8bd1
Dec 02 03:51:45.226 INFO [stderr]                                at libstd/panicking.rs:411
Dec 02 03:51:45.226 INFO [stderr]    6:     0x5637f3a06d93 - build_script_build::main::h911ac25bbcea8e76
Dec 02 03:51:45.226 INFO [stderr]                                at /cargo-home/registry/src/github.com-1ecc6299db9ec823/rocket-0.3.17/build.rs:38
Dec 02 03:51:45.226 INFO [stderr]    7:     0x5637f3a0953f - std::rt::lang_start::{{closure}}::h252ed0ee3474df69
Dec 02 03:51:45.226 INFO [stderr]                                at libstd/rt.rs:74
Dec 02 03:51:45.226 INFO [stderr]    8:     0x5637f3a256e2 - std::panicking::try::do_call::h47665672c57b11e4
Dec 02 03:51:45.226 INFO [stderr]                                at libstd/rt.rs:59
Dec 02 03:51:45.226 INFO [stderr]                                at libstd/panicking.rs:310
Dec 02 03:51:45.226 INFO [stderr]    9:     0x5637f3a46699 - __rust_maybe_catch_panic
Dec 02 03:51:45.226 INFO [stderr]                                at libpanic_unwind/lib.rs:103
Dec 02 03:51:45.226 INFO [stderr]   10:     0x5637f3a30765 - std::rt::lang_start_internal::had9505969b8e20a2
Dec 02 03:51:45.226 INFO [stderr]                                at libstd/panicking.rs:289
Dec 02 03:51:45.226 INFO [stderr]                                at libstd/panic.rs:392
Dec 02 03:51:45.226 INFO [stderr]                                at libstd/rt.rs:58
Dec 02 03:51:45.226 INFO [stderr]   11:     0x5637f3a09517 - std::rt::lang_start::h69706e9d9625c548
Dec 02 03:51:45.226 INFO [stderr]                                at libstd/rt.rs:74
Dec 02 03:51:45.226 INFO [stderr]   12:     0x5637f3a07c39 - main
Dec 02 03:51:45.226 INFO [stderr]   13:     0x7f7942bcc82f - __libc_start_main
Dec 02 03:51:45.226 INFO [stderr]   14:     0x5637f3a06448 - _start
Dec 02 03:51:45.226 INFO [stderr]   15:                0x0 - <unknown>
Dec 02 03:51:45.226 INFO [stderr] 
Dec 02 03:51:45.226 INFO [stderr] warning: build failed, waiting for other jobs to finish...
Dec 02 03:51:48.442 INFO [stderr] error: build failed
Dec 02 03:51:48.442 INFO [stderr] su: No module specific data is present
Dec 02 03:51:48.968 INFO running `"docker" "inspect" "523101726beee3e1ee8d1f4a6fa3a784c36453b07bf0ef6f6c4272f646ce7c8d"`
Dec 02 03:51:49.253 INFO running `"docker" "rm" "-f" "523101726beee3e1ee8d1f4a6fa3a784c36453b07bf0ef6f6c4272f646ce7c8d"`
Dec 02 03:51:49.670 INFO [stdout] 523101726beee3e1ee8d1f4a6fa3a784c36453b07bf0ef6f6c4272f646ce7c8d
