Dec 02 03:55:26.715 INFO testing RemiliaForever/koumakan against 1.30.1 for beta-1.31-5
Dec 02 03:55:26.715 INFO running `"docker" "create" "-v" "/mnt/big/crater/work/local/target-dirs/beta-1.31-5/worker-0/1.30.1:/target:rw,Z" "-v" "/mnt/big/crater/work/local/test-source/worker-0/beta-1.31-5/1.30.1:/source:ro,Z" "-v" "/mnt/big/crater/work/local/cargo-home:/cargo-home:ro,Z" "-v" "/mnt/big/crater/work/local/rustup-home:/rustup-home:ro,Z" "-e" "USER_ID=1000" "-e" "SOURCE_DIR=/source" "-e" "USER_ID=1000" "-e" "CMD=cargo +1.30.1 build --frozen" "-e" "CARGO_TARGET_DIR=/target" "-e" "CARGO_INCREMENTAL=0" "-e" "RUST_BACKTRACE=full" "-e" "RUSTFLAGS=--cap-lints=warn" "-e" "CARGO_HOME=/cargo-home" "-e" "RUSTUP_HOME=/rustup-home" "-m" "1536M" "--network" "none" "crater"`
Dec 02 03:55:26.961 INFO [stdout] 9ba32aa6b12267fcd707081365f14ac438fff1157077a9397f964ddf6c93dabd
Dec 02 03:55:26.963 INFO running `"docker" "start" "-a" "9ba32aa6b12267fcd707081365f14ac438fff1157077a9397f964ddf6c93dabd"`
Dec 02 03:55:27.728 INFO [stderr] usermod: no changes
Dec 02 03:55:28.158 INFO [stderr]    Compiling md5 v0.6.0
Dec 02 03:55:28.160 INFO [stderr]    Compiling email v0.0.20
Dec 02 03:55:28.162 INFO [stderr]    Compiling rocket_contrib_codegen v0.4.0-rc.1
Dec 02 03:55:28.167 INFO [stderr]    Compiling libsqlite3-sys v0.9.3
Dec 02 03:55:28.168 INFO [stderr]    Compiling lettre v0.8.3
Dec 02 03:55:28.195 INFO [stderr]    Compiling pear_codegen v0.1.0
Dec 02 03:55:28.195 INFO [stderr]    Compiling rocket_codegen v0.4.0-rc.1
Dec 02 03:55:28.195 INFO [stderr]    Compiling rocket v0.4.0-rc.1
Dec 02 03:55:28.863 INFO [stderr] error: failed to run custom build command for `rocket v0.4.0-rc.1`
Dec 02 03:55:28.863 INFO [stderr] process didn't exit successfully: `/target/debug/build/rocket-4ef3d0ea8ca3684e/build-script-build` (exit code: 101)
Dec 02 03:55:28.863 INFO [stderr] --- stderr
Dec 02 03:55:28.863 INFO [stderr] [1;31mError:[0m [37mRocket requires a nightly or dev version of Rust.[0m
Dec 02 03:55:28.863 INFO [stderr] [37mInstalled version is:[0m [33m1.30.1 (2018-11-07)[0m. [37mMinimum required:[0m [33m1.31.0-nightly (2018-10-05)[0m.
Dec 02 03:55:28.863 INFO [stderr] [34mSee the getting started guide ([0m[37mhttps://rocket.rs/v0.4/guide/getting-started/[0m[34m) for more information.[0m
Dec 02 03:55:28.863 INFO [stderr] thread 'main' panicked at 'Aborting compilation due to incompatible compiler.', /cargo-home/registry/src/github.com-1ecc6299db9ec823/rocket-0.4.0-rc.1/build.rs:38:13
Dec 02 03:55:28.863 INFO [stderr] stack backtrace:
Dec 02 03:55:28.863 INFO [stderr]    0:     0x55e6d651976e - std::sys::unix::backtrace::tracing::imp::unwind_backtrace::h15749a98198ba25f
Dec 02 03:55:28.863 INFO [stderr]                                at libstd/sys/unix/backtrace/tracing/gcc_s.rs:49
Dec 02 03:55:28.863 INFO [stderr]    1:     0x55e6d650acf6 - std::sys_common::backtrace::print::h0ba65c811294dbf0
Dec 02 03:55:28.863 INFO [stderr]                                at libstd/sys_common/backtrace.rs:71
Dec 02 03:55:28.863 INFO [stderr]                                at libstd/sys_common/backtrace.rs:59
Dec 02 03:55:28.863 INFO [stderr]    2:     0x55e6d650963d - std::panicking::default_hook::{{closure}}::h42bb31757f0fee64
Dec 02 03:55:28.863 INFO [stderr]                                at libstd/panicking.rs:211
Dec 02 03:55:28.863 INFO [stderr]    3:     0x55e6d65093b0 - std::panicking::default_hook::hebc8848d7aa7dbd9
Dec 02 03:55:28.863 INFO [stderr]                                at libstd/panicking.rs:227
Dec 02 03:55:28.863 INFO [stderr]    4:     0x55e6d6509c3c - std::panicking::rust_panic_with_hook::h86e619a638415243
Dec 02 03:55:28.863 INFO [stderr]                                at libstd/panicking.rs:477
Dec 02 03:55:28.863 INFO [stderr]    5:     0x55e6d64ecc4f - std::panicking::begin_panic::hbeb32d5c5466c97c
Dec 02 03:55:28.863 INFO [stderr]                                at libstd/panicking.rs:411
Dec 02 03:55:28.863 INFO [stderr]    6:     0x55e6d64ead93 - build_script_build::main::ha7f00ddb882383c5
Dec 02 03:55:28.863 INFO [stderr]                                at /cargo-home/registry/src/github.com-1ecc6299db9ec823/rocket-0.4.0-rc.1/build.rs:38
Dec 02 03:55:28.863 INFO [stderr]    7:     0x55e6d64ed53f - std::rt::lang_start::{{closure}}::hce7f43361c5ccc29
Dec 02 03:55:28.863 INFO [stderr]                                at libstd/rt.rs:74
Dec 02 03:55:28.863 INFO [stderr]    8:     0x55e6d65096e2 - std::panicking::try::do_call::h47665672c57b11e4
Dec 02 03:55:28.863 INFO [stderr]                                at libstd/rt.rs:59
Dec 02 03:55:28.863 INFO [stderr]                                at libstd/panicking.rs:310
Dec 02 03:55:28.863 INFO [stderr]    9:     0x55e6d652a699 - __rust_maybe_catch_panic
Dec 02 03:55:28.863 INFO [stderr]                                at libpanic_unwind/lib.rs:103
Dec 02 03:55:28.863 INFO [stderr]   10:     0x55e6d6514765 - std::rt::lang_start_internal::had9505969b8e20a2
Dec 02 03:55:28.863 INFO [stderr]                                at libstd/panicking.rs:289
Dec 02 03:55:28.863 INFO [stderr]                                at libstd/panic.rs:392
Dec 02 03:55:28.863 INFO [stderr]                                at libstd/rt.rs:58
Dec 02 03:55:28.863 INFO [stderr]   11:     0x55e6d64ed517 - std::rt::lang_start::h2628c6095f2c2016
Dec 02 03:55:28.863 INFO [stderr]                                at libstd/rt.rs:74
Dec 02 03:55:28.863 INFO [stderr]   12:     0x55e6d64ebc39 - main
Dec 02 03:55:28.863 INFO [stderr]   13:     0x7f6414fde82f - __libc_start_main
Dec 02 03:55:28.863 INFO [stderr]   14:     0x55e6d64ea448 - _start
Dec 02 03:55:28.863 INFO [stderr]   15:                0x0 - <unknown>
Dec 02 03:55:28.863 INFO [stderr] 
Dec 02 03:55:28.863 INFO [stderr] warning: build failed, waiting for other jobs to finish...
Dec 02 03:55:28.890 INFO [stderr] error: failed to run custom build command for `pear_codegen v0.1.0`
Dec 02 03:55:28.890 INFO [stderr] process didn't exit successfully: `/target/debug/build/pear_codegen-9fbfa5e004b4a932/build-script-build` (exit code: 101)
Dec 02 03:55:28.890 INFO [stderr] --- stderr
Dec 02 03:55:28.890 INFO [stderr] [1;31mError:[0m [37mPear requires a nightly or dev version of Rust.[0m
Dec 02 03:55:28.890 INFO [stderr] [37mInstalled version is:[0m [33m1.30.1 (2018-11-07)[0m. [37mMinimum required:[0m [33m1.31.0-nightly (2018-10-05)[0m.
Dec 02 03:55:28.890 INFO [stderr] thread 'main' panicked at 'Aborting compilation due to incompatible compiler.', /cargo-home/registry/src/github.com-1ecc6299db9ec823/pear_codegen-0.1.0/build.rs:31:13
Dec 02 03:55:28.890 INFO [stderr] stack backtrace:
Dec 02 03:55:28.890 INFO [stderr]    0:     0x55b3fb1db53e - std::sys::unix::backtrace::tracing::imp::unwind_backtrace::h15749a98198ba25f
Dec 02 03:55:28.890 INFO [stderr]                                at libstd/sys/unix/backtrace/tracing/gcc_s.rs:49
Dec 02 03:55:28.890 INFO [stderr]    1:     0x55b3fb1ccac6 - std::sys_common::backtrace::print::h0ba65c811294dbf0
Dec 02 03:55:28.890 INFO [stderr]                                at libstd/sys_common/backtrace.rs:71
Dec 02 03:55:28.891 INFO [stderr]                                at libstd/sys_common/backtrace.rs:59
Dec 02 03:55:28.891 INFO [stderr]    2:     0x55b3fb1cb40d - std::panicking::default_hook::{{closure}}::h42bb31757f0fee64
Dec 02 03:55:28.891 INFO [stderr]                                at libstd/panicking.rs:211
Dec 02 03:55:28.891 INFO [stderr]    3:     0x55b3fb1cb180 - std::panicking::default_hook::hebc8848d7aa7dbd9
Dec 02 03:55:28.891 INFO [stderr]                                at libstd/panicking.rs:227
Dec 02 03:55:28.891 INFO [stderr]    4:     0x55b3fb1cba0c - std::panicking::rust_panic_with_hook::h86e619a638415243
Dec 02 03:55:28.891 INFO [stderr]                                at libstd/panicking.rs:477
Dec 02 03:55:28.891 INFO [stderr]    5:     0x55b3fb1aea1f - std::panicking::begin_panic::he172dd14e8f08adb
Dec 02 03:55:28.891 INFO [stderr]                                at libstd/panicking.rs:411
Dec 02 03:55:28.891 INFO [stderr]    6:     0x55b3fb1acb5a - build_script_build::main::h27ae057aa73817a6
Dec 02 03:55:28.891 INFO [stderr]                                at /cargo-home/registry/src/github.com-1ecc6299db9ec823/pear_codegen-0.1.0/build.rs:31
Dec 02 03:55:28.891 INFO [stderr]    7:     0x55b3fb1af30f - std::rt::lang_start::{{closure}}::hc83a8c21fbc76a93
Dec 02 03:55:28.891 INFO [stderr]                                at libstd/rt.rs:74
Dec 02 03:55:28.891 INFO [stderr]    8:     0x55b3fb1cb4b2 - std::panicking::try::do_call::h47665672c57b11e4
Dec 02 03:55:28.891 INFO [stderr]                                at libstd/rt.rs:59
Dec 02 03:55:28.891 INFO [stderr]                                at libstd/panicking.rs:310
Dec 02 03:55:28.891 INFO [stderr]    9:     0x55b3fb1ec469 - __rust_maybe_catch_panic
Dec 02 03:55:28.891 INFO [stderr]                                at libpanic_unwind/lib.rs:103
Dec 02 03:55:28.891 INFO [stderr]   10:     0x55b3fb1d6535 - std::rt::lang_start_internal::had9505969b8e20a2
Dec 02 03:55:28.891 INFO [stderr]                                at libstd/panicking.rs:289
Dec 02 03:55:28.891 INFO [stderr]                                at libstd/panic.rs:392
Dec 02 03:55:28.891 INFO [stderr]                                at libstd/rt.rs:58
Dec 02 03:55:28.891 INFO [stderr]   11:     0x55b3fb1af2e7 - std::rt::lang_start::h2dc4fdab26609425
Dec 02 03:55:28.891 INFO [stderr]                                at libstd/rt.rs:74
Dec 02 03:55:28.891 INFO [stderr]   12:     0x55b3fb1ada09 - main
Dec 02 03:55:28.891 INFO [stderr]   13:     0x7f8c4259282f - __libc_start_main
Dec 02 03:55:28.891 INFO [stderr]   14:     0x55b3fb1ac448 - _start
Dec 02 03:55:28.891 INFO [stderr]   15:                0x0 - <unknown>
Dec 02 03:55:28.895 INFO [stderr] 
Dec 02 03:55:28.895 INFO [stderr] warning: build failed, waiting for other jobs to finish...
Dec 02 03:55:28.946 INFO [stderr] error: failed to run custom build command for `rocket_codegen v0.4.0-rc.1`
Dec 02 03:55:28.946 INFO [stderr] process didn't exit successfully: `/target/debug/build/rocket_codegen-b3766e60f856b7c7/build-script-build` (exit code: 101)
Dec 02 03:55:28.946 INFO [stderr] --- stderr
Dec 02 03:55:28.946 INFO [stderr] [1;31mError:[0m [37mRocket requires a nightly or dev version of Rust.[0m
Dec 02 03:55:28.946 INFO [stderr] [37mInstalled version is:[0m [33m1.30.1 (2018-11-07)[0m. [37mMinimum required:[0m [33m1.31.0-nightly (2018-10-05)[0m.
Dec 02 03:55:28.946 INFO [stderr] [34mSee the getting started guide ([0m[37mhttps://rocket.rs/v0.4/guide/getting-started/[0m[34m) for more information.[0m
Dec 02 03:55:28.946 INFO [stderr] thread 'main' panicked at 'Aborting compilation due to incompatible compiler.', /cargo-home/registry/src/github.com-1ecc6299db9ec823/rocket_codegen-0.4.0-rc.1/build.rs:38:13
Dec 02 03:55:28.946 INFO [stderr] stack backtrace:
Dec 02 03:55:28.946 INFO [stderr]    0:     0x55c70a57676e - std::sys::unix::backtrace::tracing::imp::unwind_backtrace::h15749a98198ba25f
Dec 02 03:55:28.946 INFO [stderr]                                at libstd/sys/unix/backtrace/tracing/gcc_s.rs:49
Dec 02 03:55:28.946 INFO [stderr]    1:     0x55c70a567cf6 - std::sys_common::backtrace::print::h0ba65c811294dbf0
Dec 02 03:55:28.946 INFO [stderr]                                at libstd/sys_common/backtrace.rs:71
Dec 02 03:55:28.946 INFO [stderr]                                at libstd/sys_common/backtrace.rs:59
Dec 02 03:55:28.946 INFO [stderr]    2:     0x55c70a56663d - std::panicking::default_hook::{{closure}}::h42bb31757f0fee64
Dec 02 03:55:28.946 INFO [stderr]                                at libstd/panicking.rs:211
Dec 02 03:55:28.946 INFO [stderr]    3:     0x55c70a5663b0 - std::panicking::default_hook::hebc8848d7aa7dbd9
Dec 02 03:55:28.946 INFO [stderr]                                at libstd/panicking.rs:227
Dec 02 03:55:28.946 INFO [stderr]    4:     0x55c70a566c3c - std::panicking::rust_panic_with_hook::h86e619a638415243
Dec 02 03:55:28.946 INFO [stderr]                                at libstd/panicking.rs:477
Dec 02 03:55:28.946 INFO [stderr]    5:     0x55c70a549c4f - std::panicking::begin_panic::h5300d5881ad10219
Dec 02 03:55:28.946 INFO [stderr]                                at libstd/panicking.rs:411
Dec 02 03:55:28.946 INFO [stderr]    6:     0x55c70a547d93 - build_script_build::main::h7b18d54a3663a52a
Dec 02 03:55:28.946 INFO [stderr]                                at /cargo-home/registry/src/github.com-1ecc6299db9ec823/rocket_codegen-0.4.0-rc.1/build.rs:38
Dec 02 03:55:28.946 INFO [stderr]    7:     0x55c70a54a53f - std::rt::lang_start::{{closure}}::h62d15034588ddff6
Dec 02 03:55:28.946 INFO [stderr]                                at libstd/rt.rs:74
Dec 02 03:55:28.946 INFO [stderr]    8:     0x55c70a5666e2 - std::panicking::try::do_call::h47665672c57b11e4
Dec 02 03:55:28.947 INFO [stderr]                                at libstd/rt.rs:59
Dec 02 03:55:28.947 INFO [stderr]                                at libstd/panicking.rs:310
Dec 02 03:55:28.947 INFO [stderr]    9:     0x55c70a587699 - __rust_maybe_catch_panic
Dec 02 03:55:28.947 INFO [stderr]                                at libpanic_unwind/lib.rs:103
Dec 02 03:55:28.947 INFO [stderr]   10:     0x55c70a571765 - std::rt::lang_start_internal::had9505969b8e20a2
Dec 02 03:55:28.947 INFO [stderr]                                at libstd/panicking.rs:289
Dec 02 03:55:28.947 INFO [stderr]                                at libstd/panic.rs:392
Dec 02 03:55:28.947 INFO [stderr]                                at libstd/rt.rs:58
Dec 02 03:55:28.947 INFO [stderr]   11:     0x55c70a54a517 - std::rt::lang_start::h3dd6b8226db6164a
Dec 02 03:55:28.947 INFO [stderr]                                at libstd/rt.rs:74
Dec 02 03:55:28.947 INFO [stderr]   12:     0x55c70a548c39 - main
Dec 02 03:55:28.947 INFO [stderr]   13:     0x7faf7937a82f - __libc_start_main
Dec 02 03:55:28.947 INFO [stderr]   14:     0x55c70a547448 - _start
Dec 02 03:55:28.947 INFO [stderr]   15:                0x0 - <unknown>
Dec 02 03:55:28.947 INFO [stderr] 
Dec 02 03:55:28.947 INFO [stderr] warning: build failed, waiting for other jobs to finish...
Dec 02 03:55:31.406 INFO [stderr] error: build failed
Dec 02 03:55:31.408 INFO [stderr] su: No module specific data is present
Dec 02 03:55:31.749 INFO running `"docker" "inspect" "9ba32aa6b12267fcd707081365f14ac438fff1157077a9397f964ddf6c93dabd"`
Dec 02 03:55:31.915 INFO running `"docker" "rm" "-f" "9ba32aa6b12267fcd707081365f14ac438fff1157077a9397f964ddf6c93dabd"`
Dec 02 03:55:32.054 INFO [stdout] 9ba32aa6b12267fcd707081365f14ac438fff1157077a9397f964ddf6c93dabd
