Dec 02 04:22:17.862 INFO testing Phlosioneer/neat-learning against 1.30.1 for beta-1.31-5
Dec 02 04:22:17.862 INFO running `"docker" "create" "-v" "/mnt/big/crater/work/local/target-dirs/beta-1.31-5/worker-1/1.30.1:/target:rw,Z" "-v" "/mnt/big/crater/work/local/test-source/worker-1/beta-1.31-5/1.30.1:/source:ro,Z" "-v" "/mnt/big/crater/work/local/cargo-home:/cargo-home:ro,Z" "-v" "/mnt/big/crater/work/local/rustup-home:/rustup-home:ro,Z" "-e" "USER_ID=1000" "-e" "SOURCE_DIR=/source" "-e" "USER_ID=1000" "-e" "CMD=cargo +1.30.1 build --frozen" "-e" "CARGO_TARGET_DIR=/target" "-e" "CARGO_INCREMENTAL=0" "-e" "RUST_BACKTRACE=full" "-e" "RUSTFLAGS=--cap-lints=warn" "-e" "CARGO_HOME=/cargo-home" "-e" "RUSTUP_HOME=/rustup-home" "-m" "1536M" "--network" "none" "crater"`
Dec 02 04:22:18.051 INFO [stdout] d454d8e06d66aa7e98ecc795153f195aad32a897f917f0414db67a1c1cd0efd2
Dec 02 04:22:18.055 INFO running `"docker" "start" "-a" "d454d8e06d66aa7e98ecc795153f195aad32a897f917f0414db67a1c1cd0efd2"`
Dec 02 04:22:18.593 INFO [stderr] usermod: no changes
Dec 02 04:22:18.646 INFO [stderr]    Compiling petgraph v0.4.12
Dec 02 04:22:20.305 INFO [stderr] error[E0034]: multiple applicable items in scope
Dec 02 04:22:20.305 INFO [stderr]     --> /cargo-home/registry/src/github.com-1ecc6299db9ec823/petgraph-0.4.12/src/graph_impl/stable_graph/mod.rs:1171:19
Dec 02 04:22:20.305 INFO [stderr]      |
Dec 02 04:22:20.305 INFO [stderr] 1171 |         self.iter.find_map(|(i, node)| {
Dec 02 04:22:20.305 INFO [stderr]      |                   ^^^^^^^^ multiple `find_map` found
Dec 02 04:22:20.305 INFO [stderr]      |
Dec 02 04:22:20.305 INFO [stderr] note: candidate #1 is defined in an impl of the trait `iter_utils::IterUtilsExt` for the type `_`
Dec 02 04:22:20.305 INFO [stderr]     --> /cargo-home/registry/src/github.com-1ecc6299db9ec823/petgraph-0.4.12/src/iter_utils.rs:5:5
Dec 02 04:22:20.305 INFO [stderr]      |
Dec 02 04:22:20.305 INFO [stderr] 5    | /     fn find_map<F, R>(&mut self, mut f: F) -> Option<R>
Dec 02 04:22:20.305 INFO [stderr] 6    | |         where F: FnMut(Self::Item) -> Option<R>
Dec 02 04:22:20.305 INFO [stderr] 7    | |     {
Dec 02 04:22:20.305 INFO [stderr] 8    | |         while let Some(elt) = self.next() {
Dec 02 04:22:20.305 INFO [stderr] ...    |
Dec 02 04:22:20.305 INFO [stderr] 13   | |         None
Dec 02 04:22:20.305 INFO [stderr] 14   | |     }
Dec 02 04:22:20.305 INFO [stderr]      | |_____^
Dec 02 04:22:20.305 INFO [stderr]      = note: candidate #2 is defined in an impl of the trait `std::iter::Iterator` for the type `std::iter::Enumerate<_>`
Dec 02 04:22:20.305 INFO [stderr] 
Dec 02 04:22:20.318 INFO [stderr] error[E0034]: multiple applicable items in scope
Dec 02 04:22:20.318 INFO [stderr]     --> /cargo-home/registry/src/github.com-1ecc6299db9ec823/petgraph-0.4.12/src/graph_impl/stable_graph/mod.rs:1363:19
Dec 02 04:22:20.318 INFO [stderr]      |
Dec 02 04:22:20.318 INFO [stderr] 1363 |         self.iter.find_map(|(i, edge)|
Dec 02 04:22:20.318 INFO [stderr]      |                   ^^^^^^^^ multiple `find_map` found
Dec 02 04:22:20.318 INFO [stderr]      |
Dec 02 04:22:20.318 INFO [stderr] note: candidate #1 is defined in an impl of the trait `iter_utils::IterUtilsExt` for the type `_`
Dec 02 04:22:20.318 INFO [stderr]     --> /cargo-home/registry/src/github.com-1ecc6299db9ec823/petgraph-0.4.12/src/iter_utils.rs:5:5
Dec 02 04:22:20.318 INFO [stderr]      |
Dec 02 04:22:20.318 INFO [stderr] 5    | /     fn find_map<F, R>(&mut self, mut f: F) -> Option<R>
Dec 02 04:22:20.318 INFO [stderr] 6    | |         where F: FnMut(Self::Item) -> Option<R>
Dec 02 04:22:20.318 INFO [stderr] 7    | |     {
Dec 02 04:22:20.318 INFO [stderr] 8    | |         while let Some(elt) = self.next() {
Dec 02 04:22:20.318 INFO [stderr] ...    |
Dec 02 04:22:20.318 INFO [stderr] 13   | |         None
Dec 02 04:22:20.318 INFO [stderr] 14   | |     }
Dec 02 04:22:20.318 INFO [stderr]      | |_____^
Dec 02 04:22:20.318 INFO [stderr]      = note: candidate #2 is defined in an impl of the trait `std::iter::Iterator` for the type `std::iter::Enumerate<_>`
Dec 02 04:22:20.318 INFO [stderr] 
Dec 02 04:22:20.325 INFO [stderr] error[E0034]: multiple applicable items in scope
Dec 02 04:22:20.325 INFO [stderr]     --> /cargo-home/registry/src/github.com-1ecc6299db9ec823/petgraph-0.4.12/src/graph_impl/stable_graph/mod.rs:1527:19
Dec 02 04:22:20.325 INFO [stderr]      |
Dec 02 04:22:20.325 INFO [stderr] 1527 |         self.iter.find_map(|(i, node)| {
Dec 02 04:22:20.325 INFO [stderr]      |                   ^^^^^^^^ multiple `find_map` found
Dec 02 04:22:20.325 INFO [stderr]      |
Dec 02 04:22:20.325 INFO [stderr] note: candidate #1 is defined in an impl of the trait `iter_utils::IterUtilsExt` for the type `_`
Dec 02 04:22:20.325 INFO [stderr]     --> /cargo-home/registry/src/github.com-1ecc6299db9ec823/petgraph-0.4.12/src/iter_utils.rs:5:5
Dec 02 04:22:20.325 INFO [stderr]      |
Dec 02 04:22:20.325 INFO [stderr] 5    | /     fn find_map<F, R>(&mut self, mut f: F) -> Option<R>
Dec 02 04:22:20.325 INFO [stderr] 6    | |         where F: FnMut(Self::Item) -> Option<R>
Dec 02 04:22:20.325 INFO [stderr] 7    | |     {
Dec 02 04:22:20.325 INFO [stderr] 8    | |         while let Some(elt) = self.next() {
Dec 02 04:22:20.325 INFO [stderr] ...    |
Dec 02 04:22:20.325 INFO [stderr] 13   | |         None
Dec 02 04:22:20.325 INFO [stderr] 14   | |     }
Dec 02 04:22:20.325 INFO [stderr]      | |_____^
Dec 02 04:22:20.325 INFO [stderr]      = note: candidate #2 is defined in an impl of the trait `std::iter::Iterator` for the type `std::iter::Enumerate<_>`
Dec 02 04:22:20.325 INFO [stderr] 
Dec 02 04:22:20.327 INFO [stderr] error[E0034]: multiple applicable items in scope
Dec 02 04:22:20.328 INFO [stderr]     --> /cargo-home/registry/src/github.com-1ecc6299db9ec823/petgraph-0.4.12/src/graph_impl/stable_graph/mod.rs:1573:19
Dec 02 04:22:20.328 INFO [stderr]      |
Dec 02 04:22:20.328 INFO [stderr] 1573 |         self.iter.find_map(|(i, node)| {
Dec 02 04:22:20.328 INFO [stderr]      |                   ^^^^^^^^ multiple `find_map` found
Dec 02 04:22:20.328 INFO [stderr]      |
Dec 02 04:22:20.328 INFO [stderr] note: candidate #1 is defined in an impl of the trait `iter_utils::IterUtilsExt` for the type `_`
Dec 02 04:22:20.328 INFO [stderr]     --> /cargo-home/registry/src/github.com-1ecc6299db9ec823/petgraph-0.4.12/src/iter_utils.rs:5:5
Dec 02 04:22:20.328 INFO [stderr]      |
Dec 02 04:22:20.328 INFO [stderr] 5    | /     fn find_map<F, R>(&mut self, mut f: F) -> Option<R>
Dec 02 04:22:20.328 INFO [stderr] 6    | |         where F: FnMut(Self::Item) -> Option<R>
Dec 02 04:22:20.328 INFO [stderr] 7    | |     {
Dec 02 04:22:20.328 INFO [stderr] 8    | |         while let Some(elt) = self.next() {
Dec 02 04:22:20.328 INFO [stderr] ...    |
Dec 02 04:22:20.328 INFO [stderr] 13   | |         None
Dec 02 04:22:20.328 INFO [stderr] 14   | |     }
Dec 02 04:22:20.328 INFO [stderr]      | |_____^
Dec 02 04:22:20.328 INFO [stderr]      = note: candidate #2 is defined in an impl of the trait `std::iter::Iterator` for the type `std::iter::Enumerate<_>`
Dec 02 04:22:20.328 INFO [stderr] 
Dec 02 04:22:20.567 INFO [stderr] error: aborting due to 4 previous errors
Dec 02 04:22:20.567 INFO [stderr] 
Dec 02 04:22:20.567 INFO [stderr] For more information about this error, try `rustc --explain E0034`.
Dec 02 04:22:20.572 INFO [stderr] error: Could not compile `petgraph`.
Dec 02 04:22:20.572 INFO [stderr] 
Dec 02 04:22:20.572 INFO [stderr] To learn more, run the command again with --verbose.
Dec 02 04:22:20.573 INFO [stderr] su: No module specific data is present
Dec 02 04:22:20.834 INFO running `"docker" "inspect" "d454d8e06d66aa7e98ecc795153f195aad32a897f917f0414db67a1c1cd0efd2"`
Dec 02 04:22:20.939 INFO running `"docker" "rm" "-f" "d454d8e06d66aa7e98ecc795153f195aad32a897f917f0414db67a1c1cd0efd2"`
Dec 02 04:22:21.023 INFO [stdout] d454d8e06d66aa7e98ecc795153f195aad32a897f917f0414db67a1c1cd0efd2
