Dec 02 04:31:59.400 INFO testing Otomakan/rocket-playground against 1.30.1 for beta-1.31-5
Dec 02 04:31:59.400 INFO running `"docker" "create" "-v" "/mnt/big/crater/work/local/target-dirs/beta-1.31-5/worker-0/1.30.1:/target:rw,Z" "-v" "/mnt/big/crater/work/local/test-source/worker-0/beta-1.31-5/1.30.1:/source:ro,Z" "-v" "/mnt/big/crater/work/local/cargo-home:/cargo-home:ro,Z" "-v" "/mnt/big/crater/work/local/rustup-home:/rustup-home:ro,Z" "-e" "USER_ID=1000" "-e" "SOURCE_DIR=/source" "-e" "USER_ID=1000" "-e" "CMD=cargo +1.30.1 build --frozen" "-e" "CARGO_TARGET_DIR=/target" "-e" "CARGO_INCREMENTAL=0" "-e" "RUST_BACKTRACE=full" "-e" "RUSTFLAGS=--cap-lints=warn" "-e" "CARGO_HOME=/cargo-home" "-e" "RUSTUP_HOME=/rustup-home" "-m" "1536M" "--network" "none" "crater"`
Dec 02 04:31:59.741 INFO [stdout] 6559ed636c9dcdc234f972166f231aa9ac63a4dc241fae2033dd56afd3c30050
Dec 02 04:31:59.743 INFO running `"docker" "start" "-a" "6559ed636c9dcdc234f972166f231aa9ac63a4dc241fae2033dd56afd3c30050"`
Dec 02 04:32:00.690 INFO [stderr] usermod: no changes
Dec 02 04:32:00.982 INFO [stderr]    Compiling pear_codegen v0.1.0
Dec 02 04:32:00.982 INFO [stderr]    Compiling rocket_codegen v0.4.0-rc.1
Dec 02 04:32:00.987 INFO [stderr]    Compiling rocket v0.4.0-rc.1
Dec 02 04:32:00.996 INFO [stderr]    Compiling quote v0.6.10
Dec 02 04:32:01.009 INFO [stderr]    Compiling ring v0.13.3
Dec 02 04:32:01.009 INFO [stderr]    Compiling url v1.7.2
Dec 02 04:32:01.009 INFO [stderr]    Compiling tokio-io v0.1.10
Dec 02 04:32:01.016 INFO [stderr]    Compiling mio-extras v2.0.5
Dec 02 04:32:01.374 INFO [stderr] error: failed to run custom build command for `pear_codegen v0.1.0`
Dec 02 04:32:01.374 INFO [stderr] process didn't exit successfully: `/target/debug/build/pear_codegen-9fbfa5e004b4a932/build-script-build` (exit code: 101)
Dec 02 04:32:01.374 INFO [stderr] --- stderr
Dec 02 04:32:01.374 INFO [stderr] [1;31mError:[0m [37mPear requires a nightly or dev version of Rust.[0m
Dec 02 04:32:01.374 INFO [stderr] [37mInstalled version is:[0m [33m1.30.1 (2018-11-07)[0m. [37mMinimum required:[0m [33m1.31.0-nightly (2018-10-05)[0m.
Dec 02 04:32:01.374 INFO [stderr] thread 'main' panicked at 'Aborting compilation due to incompatible compiler.', /cargo-home/registry/src/github.com-1ecc6299db9ec823/pear_codegen-0.1.0/build.rs:31:13
Dec 02 04:32:01.374 INFO [stderr] stack backtrace:
Dec 02 04:32:01.374 INFO [stderr]    0:     0x5576e3dbd53e - std::sys::unix::backtrace::tracing::imp::unwind_backtrace::h15749a98198ba25f
Dec 02 04:32:01.374 INFO [stderr]                                at libstd/sys/unix/backtrace/tracing/gcc_s.rs:49
Dec 02 04:32:01.374 INFO [stderr]    1:     0x5576e3daeac6 - std::sys_common::backtrace::print::h0ba65c811294dbf0
Dec 02 04:32:01.374 INFO [stderr]                                at libstd/sys_common/backtrace.rs:71
Dec 02 04:32:01.374 INFO [stderr]                                at libstd/sys_common/backtrace.rs:59
Dec 02 04:32:01.374 INFO [stderr]    2:     0x5576e3dad40d - std::panicking::default_hook::{{closure}}::h42bb31757f0fee64
Dec 02 04:32:01.374 INFO [stderr]                                at libstd/panicking.rs:211
Dec 02 04:32:01.374 INFO [stderr]    3:     0x5576e3dad180 - std::panicking::default_hook::hebc8848d7aa7dbd9
Dec 02 04:32:01.374 INFO [stderr]                                at libstd/panicking.rs:227
Dec 02 04:32:01.374 INFO [stderr]    4:     0x5576e3dada0c - std::panicking::rust_panic_with_hook::h86e619a638415243
Dec 02 04:32:01.374 INFO [stderr]                                at libstd/panicking.rs:477
Dec 02 04:32:01.374 INFO [stderr]    5:     0x5576e3d90a1f - std::panicking::begin_panic::he172dd14e8f08adb
Dec 02 04:32:01.374 INFO [stderr]                                at libstd/panicking.rs:411
Dec 02 04:32:01.374 INFO [stderr]    6:     0x5576e3d8eb5a - build_script_build::main::h27ae057aa73817a6
Dec 02 04:32:01.374 INFO [stderr]                                at /cargo-home/registry/src/github.com-1ecc6299db9ec823/pear_codegen-0.1.0/build.rs:31
Dec 02 04:32:01.374 INFO [stderr]    7:     0x5576e3d9130f - std::rt::lang_start::{{closure}}::hc83a8c21fbc76a93
Dec 02 04:32:01.374 INFO [stderr]                                at libstd/rt.rs:74
Dec 02 04:32:01.374 INFO [stderr]    8:     0x5576e3dad4b2 - std::panicking::try::do_call::h47665672c57b11e4
Dec 02 04:32:01.374 INFO [stderr]                                at libstd/rt.rs:59
Dec 02 04:32:01.374 INFO [stderr]                                at libstd/panicking.rs:310
Dec 02 04:32:01.374 INFO [stderr]    9:     0x5576e3dce469 - __rust_maybe_catch_panic
Dec 02 04:32:01.374 INFO [stderr]                                at libpanic_unwind/lib.rs:103
Dec 02 04:32:01.374 INFO [stderr]   10:     0x5576e3db8535 - std::rt::lang_start_internal::had9505969b8e20a2
Dec 02 04:32:01.374 INFO [stderr]                                at libstd/panicking.rs:289
Dec 02 04:32:01.374 INFO [stderr]                                at libstd/panic.rs:392
Dec 02 04:32:01.374 INFO [stderr]                                at libstd/rt.rs:58
Dec 02 04:32:01.374 INFO [stderr]   11:     0x5576e3d912e7 - std::rt::lang_start::h2dc4fdab26609425
Dec 02 04:32:01.374 INFO [stderr]                                at libstd/rt.rs:74
Dec 02 04:32:01.374 INFO [stderr]   12:     0x5576e3d8fa09 - main
Dec 02 04:32:01.374 INFO [stderr]   13:     0x7f4f5ab0c82f - __libc_start_main
Dec 02 04:32:01.374 INFO [stderr]   14:     0x5576e3d8e448 - _start
Dec 02 04:32:01.374 INFO [stderr]   15:                0x0 - <unknown>
Dec 02 04:32:01.374 INFO [stderr] 
Dec 02 04:32:01.374 INFO [stderr] warning: build failed, waiting for other jobs to finish...
Dec 02 04:32:01.498 INFO [stderr] error: failed to run custom build command for `rocket v0.4.0-rc.1`
Dec 02 04:32:01.499 INFO [stderr] process didn't exit successfully: `/target/debug/build/rocket-4ef3d0ea8ca3684e/build-script-build` (exit code: 101)
Dec 02 04:32:01.499 INFO [stderr] --- stderr
Dec 02 04:32:01.499 INFO [stderr] [1;31mError:[0m [37mRocket requires a nightly or dev version of Rust.[0m
Dec 02 04:32:01.499 INFO [stderr] [37mInstalled version is:[0m [33m1.30.1 (2018-11-07)[0m. [37mMinimum required:[0m [33m1.31.0-nightly (2018-10-05)[0m.
Dec 02 04:32:01.499 INFO [stderr] [34mSee the getting started guide ([0m[37mhttps://rocket.rs/v0.4/guide/getting-started/[0m[34m) for more information.[0m
Dec 02 04:32:01.499 INFO [stderr] thread 'main' panicked at 'Aborting compilation due to incompatible compiler.', /cargo-home/registry/src/github.com-1ecc6299db9ec823/rocket-0.4.0-rc.1/build.rs:38:13
Dec 02 04:32:01.499 INFO [stderr] stack backtrace:
Dec 02 04:32:01.499 INFO [stderr]    0:     0x56392187e76e - std::sys::unix::backtrace::tracing::imp::unwind_backtrace::h15749a98198ba25f
Dec 02 04:32:01.499 INFO [stderr]                                at libstd/sys/unix/backtrace/tracing/gcc_s.rs:49
Dec 02 04:32:01.499 INFO [stderr]    1:     0x56392186fcf6 - std::sys_common::backtrace::print::h0ba65c811294dbf0
Dec 02 04:32:01.499 INFO [stderr]                                at libstd/sys_common/backtrace.rs:71
Dec 02 04:32:01.499 INFO [stderr]                                at libstd/sys_common/backtrace.rs:59
Dec 02 04:32:01.499 INFO [stderr]    2:     0x56392186e63d - std::panicking::default_hook::{{closure}}::h42bb31757f0fee64
Dec 02 04:32:01.499 INFO [stderr]                                at libstd/panicking.rs:211
Dec 02 04:32:01.499 INFO [stderr]    3:     0x56392186e3b0 - std::panicking::default_hook::hebc8848d7aa7dbd9
Dec 02 04:32:01.499 INFO [stderr]                                at libstd/panicking.rs:227
Dec 02 04:32:01.499 INFO [stderr]    4:     0x56392186ec3c - std::panicking::rust_panic_with_hook::h86e619a638415243
Dec 02 04:32:01.499 INFO [stderr]                                at libstd/panicking.rs:477
Dec 02 04:32:01.499 INFO [stderr]    5:     0x563921851c4f - std::panicking::begin_panic::hbeb32d5c5466c97c
Dec 02 04:32:01.499 INFO [stderr]                                at libstd/panicking.rs:411
Dec 02 04:32:01.499 INFO [stderr]    6:     0x56392184fd93 - build_script_build::main::ha7f00ddb882383c5
Dec 02 04:32:01.499 INFO [stderr]                                at /cargo-home/registry/src/github.com-1ecc6299db9ec823/rocket-0.4.0-rc.1/build.rs:38
Dec 02 04:32:01.499 INFO [stderr]    7:     0x56392185253f - std::rt::lang_start::{{closure}}::hce7f43361c5ccc29
Dec 02 04:32:01.499 INFO [stderr]                                at libstd/rt.rs:74
Dec 02 04:32:01.499 INFO [stderr]    8:     0x56392186e6e2 - std::panicking::try::do_call::h47665672c57b11e4
Dec 02 04:32:01.499 INFO [stderr]                                at libstd/rt.rs:59
Dec 02 04:32:01.499 INFO [stderr]                                at libstd/panicking.rs:310
Dec 02 04:32:01.499 INFO [stderr]    9:     0x56392188f699 - __rust_maybe_catch_panic
Dec 02 04:32:01.499 INFO [stderr]                                at libpanic_unwind/lib.rs:103
Dec 02 04:32:01.499 INFO [stderr]   10:     0x563921879765 - std::rt::lang_start_internal::had9505969b8e20a2
Dec 02 04:32:01.499 INFO [stderr]                                at libstd/panicking.rs:289
Dec 02 04:32:01.499 INFO [stderr]                                at libstd/panic.rs:392
Dec 02 04:32:01.499 INFO [stderr]                                at libstd/rt.rs:58
Dec 02 04:32:01.499 INFO [stderr]   11:     0x563921852517 - std::rt::lang_start::h2628c6095f2c2016
Dec 02 04:32:01.499 INFO [stderr]                                at libstd/rt.rs:74
Dec 02 04:32:01.499 INFO [stderr]   12:     0x563921850c39 - main
Dec 02 04:32:01.499 INFO [stderr]   13:     0x7ff28478982f - __libc_start_main
Dec 02 04:32:01.499 INFO [stderr]   14:     0x56392184f448 - _start
Dec 02 04:32:01.499 INFO [stderr]   15:                0x0 - <unknown>
Dec 02 04:32:01.499 INFO [stderr] 
Dec 02 04:32:01.499 INFO [stderr] warning: build failed, waiting for other jobs to finish...
Dec 02 04:32:01.505 INFO [stderr] error: failed to run custom build command for `rocket_codegen v0.4.0-rc.1`
Dec 02 04:32:01.505 INFO [stderr] process didn't exit successfully: `/target/debug/build/rocket_codegen-b3766e60f856b7c7/build-script-build` (exit code: 101)
Dec 02 04:32:01.505 INFO [stderr] --- stderr
Dec 02 04:32:01.505 INFO [stderr] [1;31mError:[0m [37mRocket requires a nightly or dev version of Rust.[0m
Dec 02 04:32:01.505 INFO [stderr] [37mInstalled version is:[0m [33m1.30.1 (2018-11-07)[0m. [37mMinimum required:[0m [33m1.31.0-nightly (2018-10-05)[0m.
Dec 02 04:32:01.505 INFO [stderr] [34mSee the getting started guide ([0m[37mhttps://rocket.rs/v0.4/guide/getting-started/[0m[34m) for more information.[0m
Dec 02 04:32:01.505 INFO [stderr] thread 'main' panicked at 'Aborting compilation due to incompatible compiler.', /cargo-home/registry/src/github.com-1ecc6299db9ec823/rocket_codegen-0.4.0-rc.1/build.rs:38:13
Dec 02 04:32:01.505 INFO [stderr] stack backtrace:
Dec 02 04:32:01.505 INFO [stderr]    0:     0x561d3dbbc76e - std::sys::unix::backtrace::tracing::imp::unwind_backtrace::h15749a98198ba25f
Dec 02 04:32:01.505 INFO [stderr]                                at libstd/sys/unix/backtrace/tracing/gcc_s.rs:49
Dec 02 04:32:01.505 INFO [stderr]    1:     0x561d3dbadcf6 - std::sys_common::backtrace::print::h0ba65c811294dbf0
Dec 02 04:32:01.505 INFO [stderr]                                at libstd/sys_common/backtrace.rs:71
Dec 02 04:32:01.505 INFO [stderr]                                at libstd/sys_common/backtrace.rs:59
Dec 02 04:32:01.505 INFO [stderr]    2:     0x561d3dbac63d - std::panicking::default_hook::{{closure}}::h42bb31757f0fee64
Dec 02 04:32:01.505 INFO [stderr]                                at libstd/panicking.rs:211
Dec 02 04:32:01.505 INFO [stderr]    3:     0x561d3dbac3b0 - std::panicking::default_hook::hebc8848d7aa7dbd9
Dec 02 04:32:01.505 INFO [stderr]                                at libstd/panicking.rs:227
Dec 02 04:32:01.505 INFO [stderr]    4:     0x561d3dbacc3c - std::panicking::rust_panic_with_hook::h86e619a638415243
Dec 02 04:32:01.505 INFO [stderr]                                at libstd/panicking.rs:477
Dec 02 04:32:01.505 INFO [stderr]    5:     0x561d3db8fc4f - std::panicking::begin_panic::h5300d5881ad10219
Dec 02 04:32:01.505 INFO [stderr]                                at libstd/panicking.rs:411
Dec 02 04:32:01.505 INFO [stderr]    6:     0x561d3db8dd93 - build_script_build::main::h7b18d54a3663a52a
Dec 02 04:32:01.505 INFO [stderr]                                at /cargo-home/registry/src/github.com-1ecc6299db9ec823/rocket_codegen-0.4.0-rc.1/build.rs:38
Dec 02 04:32:01.505 INFO [stderr]    7:     0x561d3db9053f - std::rt::lang_start::{{closure}}::h62d15034588ddff6
Dec 02 04:32:01.505 INFO [stderr]                                at libstd/rt.rs:74
Dec 02 04:32:01.505 INFO [stderr]    8:     0x561d3dbac6e2 - std::panicking::try::do_call::h47665672c57b11e4
Dec 02 04:32:01.505 INFO [stderr]                                at libstd/rt.rs:59
Dec 02 04:32:01.505 INFO [stderr]                                at libstd/panicking.rs:310
Dec 02 04:32:01.505 INFO [stderr]    9:     0x561d3dbcd699 - __rust_maybe_catch_panic
Dec 02 04:32:01.505 INFO [stderr]                                at libpanic_unwind/lib.rs:103
Dec 02 04:32:01.505 INFO [stderr]   10:     0x561d3dbb7765 - std::rt::lang_start_internal::had9505969b8e20a2
Dec 02 04:32:01.505 INFO [stderr]                                at libstd/panicking.rs:289
Dec 02 04:32:01.505 INFO [stderr]                                at libstd/panic.rs:392
Dec 02 04:32:01.505 INFO [stderr]                                at libstd/rt.rs:58
Dec 02 04:32:01.505 INFO [stderr]   11:     0x561d3db90517 - std::rt::lang_start::h3dd6b8226db6164a
Dec 02 04:32:01.505 INFO [stderr]                                at libstd/rt.rs:74
Dec 02 04:32:01.505 INFO [stderr]   12:     0x561d3db8ec39 - main
Dec 02 04:32:01.505 INFO [stderr]   13:     0x7f5322a9882f - __libc_start_main
Dec 02 04:32:01.505 INFO [stderr]   14:     0x561d3db8d448 - _start
Dec 02 04:32:01.505 INFO [stderr]   15:                0x0 - <unknown>
Dec 02 04:32:01.505 INFO [stderr] 
Dec 02 04:32:01.505 INFO [stderr] warning: build failed, waiting for other jobs to finish...
Dec 02 04:32:09.423 INFO [stderr] error: build failed
Dec 02 04:32:09.423 INFO [stderr] su: No module specific data is present
Dec 02 04:32:10.057 INFO running `"docker" "inspect" "6559ed636c9dcdc234f972166f231aa9ac63a4dc241fae2033dd56afd3c30050"`
Dec 02 04:32:10.281 INFO running `"docker" "rm" "-f" "6559ed636c9dcdc234f972166f231aa9ac63a4dc241fae2033dd56afd3c30050"`
Dec 02 04:32:10.507 INFO [stdout] 6559ed636c9dcdc234f972166f231aa9ac63a4dc241fae2033dd56afd3c30050
