Dec 02 04:46:39.447 INFO testing Nuwanda/despesas_casa_backend against 1.30.1 for beta-1.31-5
Dec 02 04:46:39.447 INFO running `"docker" "create" "-v" "/mnt/big/crater/work/local/target-dirs/beta-1.31-5/worker-1/1.30.1:/target:rw,Z" "-v" "/mnt/big/crater/work/local/test-source/worker-1/beta-1.31-5/1.30.1:/source:ro,Z" "-v" "/mnt/big/crater/work/local/cargo-home:/cargo-home:ro,Z" "-v" "/mnt/big/crater/work/local/rustup-home:/rustup-home:ro,Z" "-e" "USER_ID=1000" "-e" "SOURCE_DIR=/source" "-e" "USER_ID=1000" "-e" "CMD=cargo +1.30.1 build --frozen" "-e" "CARGO_TARGET_DIR=/target" "-e" "CARGO_INCREMENTAL=0" "-e" "RUST_BACKTRACE=full" "-e" "RUSTFLAGS=--cap-lints=warn" "-e" "CARGO_HOME=/cargo-home" "-e" "RUSTUP_HOME=/rustup-home" "-m" "1536M" "--network" "none" "crater"`
Dec 02 04:46:40.024 INFO [stdout] 5d8cca812cc37a887157160cb4f091b351b4399d17dfb8990bbc6dcee6b15508
Dec 02 04:46:40.027 INFO running `"docker" "start" "-a" "5d8cca812cc37a887157160cb4f091b351b4399d17dfb8990bbc6dcee6b15508"`
Dec 02 04:46:41.833 INFO [stderr] usermod: no changes
Dec 02 04:46:42.145 INFO [stderr]    Compiling pear_codegen v0.1.2
Dec 02 04:46:42.151 INFO [stderr]    Compiling rocket_codegen v0.4.0-rc.1
Dec 02 04:46:42.151 INFO [stderr]    Compiling rocket v0.4.0-rc.1
Dec 02 04:46:42.156 INFO [stderr]    Compiling smallvec v0.6.6
Dec 02 04:46:42.171 INFO [stderr]    Compiling time v0.1.40
Dec 02 04:46:42.171 INFO [stderr]    Compiling num_cpus v1.8.0
Dec 02 04:46:42.173 INFO [stderr]    Compiling inotify-sys v0.1.3
Dec 02 04:46:42.173 INFO [stderr]    Compiling filetime v0.2.4
Dec 02 04:46:42.743 INFO [stderr] error: failed to run custom build command for `rocket v0.4.0-rc.1`
Dec 02 04:46:42.743 INFO [stderr] process didn't exit successfully: `/target/debug/build/rocket-4ef3d0ea8ca3684e/build-script-build` (exit code: 101)
Dec 02 04:46:42.743 INFO [stderr] --- stderr
Dec 02 04:46:42.743 INFO [stderr] [1;31mError:[0m [37mRocket requires a nightly or dev version of Rust.[0m
Dec 02 04:46:42.743 INFO [stderr] [37mInstalled version is:[0m [33m1.30.1 (2018-11-07)[0m. [37mMinimum required:[0m [33m1.31.0-nightly (2018-10-05)[0m.
Dec 02 04:46:42.743 INFO [stderr] [34mSee the getting started guide ([0m[37mhttps://rocket.rs/v0.4/guide/getting-started/[0m[34m) for more information.[0m
Dec 02 04:46:42.743 INFO [stderr] thread 'main' panicked at 'Aborting compilation due to incompatible compiler.', /cargo-home/registry/src/github.com-1ecc6299db9ec823/rocket-0.4.0-rc.1/build.rs:38:13
Dec 02 04:46:42.743 INFO [stderr] stack backtrace:
Dec 02 04:46:42.743 INFO [stderr]    0:     0x559ebf64676e - std::sys::unix::backtrace::tracing::imp::unwind_backtrace::h15749a98198ba25f
Dec 02 04:46:42.743 INFO [stderr]                                at libstd/sys/unix/backtrace/tracing/gcc_s.rs:49
Dec 02 04:46:42.743 INFO [stderr]    1:     0x559ebf637cf6 - std::sys_common::backtrace::print::h0ba65c811294dbf0
Dec 02 04:46:42.743 INFO [stderr]                                at libstd/sys_common/backtrace.rs:71
Dec 02 04:46:42.743 INFO [stderr]                                at libstd/sys_common/backtrace.rs:59
Dec 02 04:46:42.743 INFO [stderr]    2:     0x559ebf63663d - std::panicking::default_hook::{{closure}}::h42bb31757f0fee64
Dec 02 04:46:42.743 INFO [stderr]                                at libstd/panicking.rs:211
Dec 02 04:46:42.743 INFO [stderr]    3:     0x559ebf6363b0 - std::panicking::default_hook::hebc8848d7aa7dbd9
Dec 02 04:46:42.743 INFO [stderr]                                at libstd/panicking.rs:227
Dec 02 04:46:42.743 INFO [stderr]    4:     0x559ebf636c3c - std::panicking::rust_panic_with_hook::h86e619a638415243
Dec 02 04:46:42.743 INFO [stderr]                                at libstd/panicking.rs:477
Dec 02 04:46:42.743 INFO [stderr]    5:     0x559ebf619c4f - std::panicking::begin_panic::hbeb32d5c5466c97c
Dec 02 04:46:42.743 INFO [stderr]                                at libstd/panicking.rs:411
Dec 02 04:46:42.743 INFO [stderr]    6:     0x559ebf617d93 - build_script_build::main::ha7f00ddb882383c5
Dec 02 04:46:42.743 INFO [stderr]                                at /cargo-home/registry/src/github.com-1ecc6299db9ec823/rocket-0.4.0-rc.1/build.rs:38
Dec 02 04:46:42.743 INFO [stderr]    7:     0x559ebf61a53f - std::rt::lang_start::{{closure}}::hce7f43361c5ccc29
Dec 02 04:46:42.743 INFO [stderr]                                at libstd/rt.rs:74
Dec 02 04:46:42.743 INFO [stderr]    8:     0x559ebf6366e2 - std::panicking::try::do_call::h47665672c57b11e4
Dec 02 04:46:42.743 INFO [stderr]                                at libstd/rt.rs:59
Dec 02 04:46:42.743 INFO [stderr]                                at libstd/panicking.rs:310
Dec 02 04:46:42.743 INFO [stderr]    9:     0x559ebf657699 - __rust_maybe_catch_panic
Dec 02 04:46:42.743 INFO [stderr]                                at libpanic_unwind/lib.rs:103
Dec 02 04:46:42.743 INFO [stderr]   10:     0x559ebf641765 - std::rt::lang_start_internal::had9505969b8e20a2
Dec 02 04:46:42.743 INFO [stderr]                                at libstd/panicking.rs:289
Dec 02 04:46:42.743 INFO [stderr]                                at libstd/panic.rs:392
Dec 02 04:46:42.743 INFO [stderr]                                at libstd/rt.rs:58
Dec 02 04:46:42.743 INFO [stderr]   11:     0x559ebf61a517 - std::rt::lang_start::h2628c6095f2c2016
Dec 02 04:46:42.743 INFO [stderr]                                at libstd/rt.rs:74
Dec 02 04:46:42.743 INFO [stderr]   12:     0x559ebf618c39 - main
Dec 02 04:46:42.743 INFO [stderr]   13:     0x7f0dae46582f - __libc_start_main
Dec 02 04:46:42.744 INFO [stderr]   14:     0x559ebf617448 - _start
Dec 02 04:46:42.744 INFO [stderr]   15:                0x0 - <unknown>
Dec 02 04:46:42.744 INFO [stderr] 
Dec 02 04:46:42.744 INFO [stderr] warning: build failed, waiting for other jobs to finish...
Dec 02 04:46:42.744 INFO [stderr] error: failed to run custom build command for `pear_codegen v0.1.2`
Dec 02 04:46:42.744 INFO [stderr] process didn't exit successfully: `/target/debug/build/pear_codegen-65db5949cca3d502/build-script-build` (exit code: 101)
Dec 02 04:46:42.744 INFO [stderr] --- stderr
Dec 02 04:46:42.744 INFO [stderr] [1;31mError:[0m [37mPear requires a nightly or dev version of Rust.[0m
Dec 02 04:46:42.744 INFO [stderr] [37mInstalled version is:[0m [33m1.30.1 (2018-11-07)[0m. [37mMinimum required:[0m [33m1.31.0-nightly (2018-10-05)[0m.
Dec 02 04:46:42.744 INFO [stderr] thread 'main' panicked at 'Aborting compilation due to incompatible compiler.', /cargo-home/registry/src/github.com-1ecc6299db9ec823/pear_codegen-0.1.2/build.rs:31:13
Dec 02 04:46:42.744 INFO [stderr] stack backtrace:
Dec 02 04:46:42.744 INFO [stderr]    0:     0x55abbbdc753e - std::sys::unix::backtrace::tracing::imp::unwind_backtrace::h15749a98198ba25f
Dec 02 04:46:42.744 INFO [stderr]                                at libstd/sys/unix/backtrace/tracing/gcc_s.rs:49
Dec 02 04:46:42.744 INFO [stderr]    1:     0x55abbbdb8ac6 - std::sys_common::backtrace::print::h0ba65c811294dbf0
Dec 02 04:46:42.744 INFO [stderr]                                at libstd/sys_common/backtrace.rs:71
Dec 02 04:46:42.744 INFO [stderr]                                at libstd/sys_common/backtrace.rs:59
Dec 02 04:46:42.744 INFO [stderr]    2:     0x55abbbdb740d - std::panicking::default_hook::{{closure}}::h42bb31757f0fee64
Dec 02 04:46:42.744 INFO [stderr]                                at libstd/panicking.rs:211
Dec 02 04:46:42.744 INFO [stderr]    3:     0x55abbbdb7180 - std::panicking::default_hook::hebc8848d7aa7dbd9
Dec 02 04:46:42.744 INFO [stderr]                                at libstd/panicking.rs:227
Dec 02 04:46:42.744 INFO [stderr]    4:     0x55abbbdb7a0c - std::panicking::rust_panic_with_hook::h86e619a638415243
Dec 02 04:46:42.744 INFO [stderr]                                at libstd/panicking.rs:477
Dec 02 04:46:42.744 INFO [stderr]    5:     0x55abbbd9aa1f - std::panicking::begin_panic::hf8a4acab33e8e4f7
Dec 02 04:46:42.744 INFO [stderr]                                at libstd/panicking.rs:411
Dec 02 04:46:42.744 INFO [stderr]    6:     0x55abbbd98b5a - build_script_build::main::h69ed3a24337c58da
Dec 02 04:46:42.744 INFO [stderr]                                at /cargo-home/registry/src/github.com-1ecc6299db9ec823/pear_codegen-0.1.2/build.rs:31
Dec 02 04:46:42.744 INFO [stderr]    7:     0x55abbbd9b30f - std::rt::lang_start::{{closure}}::ha187f2fab08a9688
Dec 02 04:46:42.744 INFO [stderr]                                at libstd/rt.rs:74
Dec 02 04:46:42.744 INFO [stderr]    8:     0x55abbbdb74b2 - std::panicking::try::do_call::h47665672c57b11e4
Dec 02 04:46:42.744 INFO [stderr]                                at libstd/rt.rs:59
Dec 02 04:46:42.744 INFO [stderr]                                at libstd/panicking.rs:310
Dec 02 04:46:42.744 INFO [stderr]    9:     0x55abbbdd8469 - __rust_maybe_catch_panic
Dec 02 04:46:42.744 INFO [stderr]                                at libpanic_unwind/lib.rs:103
Dec 02 04:46:42.744 INFO [stderr]   10:     0x55abbbdc2535 - std::rt::lang_start_internal::had9505969b8e20a2
Dec 02 04:46:42.744 INFO [stderr]                                at libstd/panicking.rs:289
Dec 02 04:46:42.744 INFO [stderr]                                at libstd/panic.rs:392
Dec 02 04:46:42.744 INFO [stderr]                                at libstd/rt.rs:58
Dec 02 04:46:42.744 INFO [stderr]   11:     0x55abbbd9b2e7 - std::rt::lang_start::h2ae0c80efca7e9b6
Dec 02 04:46:42.744 INFO [stderr]                                at libstd/rt.rs:74
Dec 02 04:46:42.744 INFO [stderr]   12:     0x55abbbd99a09 - main
Dec 02 04:46:42.744 INFO [stderr]   13:     0x7f60e944f82f - __libc_start_main
Dec 02 04:46:42.744 INFO [stderr]   14:     0x55abbbd98448 - _start
Dec 02 04:46:42.744 INFO [stderr]   15:                0x0 - <unknown>
Dec 02 04:46:42.744 INFO [stderr] 
Dec 02 04:46:42.744 INFO [stderr] warning: build failed, waiting for other jobs to finish...
Dec 02 04:46:42.763 INFO [stderr] error: failed to run custom build command for `rocket_codegen v0.4.0-rc.1`
Dec 02 04:46:42.763 INFO [stderr] process didn't exit successfully: `/target/debug/build/rocket_codegen-b3766e60f856b7c7/build-script-build` (exit code: 101)
Dec 02 04:46:42.763 INFO [stderr] --- stderr
Dec 02 04:46:42.763 INFO [stderr] [1;31mError:[0m [37mRocket requires a nightly or dev version of Rust.[0m
Dec 02 04:46:42.763 INFO [stderr] [37mInstalled version is:[0m [33m1.30.1 (2018-11-07)[0m. [37mMinimum required:[0m [33m1.31.0-nightly (2018-10-05)[0m.
Dec 02 04:46:42.763 INFO [stderr] [34mSee the getting started guide ([0m[37mhttps://rocket.rs/v0.4/guide/getting-started/[0m[34m) for more information.[0m
Dec 02 04:46:42.763 INFO [stderr] thread 'main' panicked at 'Aborting compilation due to incompatible compiler.', /cargo-home/registry/src/github.com-1ecc6299db9ec823/rocket_codegen-0.4.0-rc.1/build.rs:38:13
Dec 02 04:46:42.763 INFO [stderr] stack backtrace:
Dec 02 04:46:42.763 INFO [stderr]    0:     0x55a9b9d1f76e - std::sys::unix::backtrace::tracing::imp::unwind_backtrace::h15749a98198ba25f
Dec 02 04:46:42.763 INFO [stderr]                                at libstd/sys/unix/backtrace/tracing/gcc_s.rs:49
Dec 02 04:46:42.763 INFO [stderr]    1:     0x55a9b9d10cf6 - std::sys_common::backtrace::print::h0ba65c811294dbf0
Dec 02 04:46:42.763 INFO [stderr]                                at libstd/sys_common/backtrace.rs:71
Dec 02 04:46:42.763 INFO [stderr]                                at libstd/sys_common/backtrace.rs:59
Dec 02 04:46:42.763 INFO [stderr]    2:     0x55a9b9d0f63d - std::panicking::default_hook::{{closure}}::h42bb31757f0fee64
Dec 02 04:46:42.763 INFO [stderr]                                at libstd/panicking.rs:211
Dec 02 04:46:42.763 INFO [stderr]    3:     0x55a9b9d0f3b0 - std::panicking::default_hook::hebc8848d7aa7dbd9
Dec 02 04:46:42.763 INFO [stderr]                                at libstd/panicking.rs:227
Dec 02 04:46:42.763 INFO [stderr]    4:     0x55a9b9d0fc3c - std::panicking::rust_panic_with_hook::h86e619a638415243
Dec 02 04:46:42.763 INFO [stderr]                                at libstd/panicking.rs:477
Dec 02 04:46:42.763 INFO [stderr]    5:     0x55a9b9cf2c4f - std::panicking::begin_panic::h5300d5881ad10219
Dec 02 04:46:42.763 INFO [stderr]                                at libstd/panicking.rs:411
Dec 02 04:46:42.763 INFO [stderr]    6:     0x55a9b9cf0d93 - build_script_build::main::h7b18d54a3663a52a
Dec 02 04:46:42.763 INFO [stderr]                                at /cargo-home/registry/src/github.com-1ecc6299db9ec823/rocket_codegen-0.4.0-rc.1/build.rs:38
Dec 02 04:46:42.763 INFO [stderr]    7:     0x55a9b9cf353f - std::rt::lang_start::{{closure}}::h62d15034588ddff6
Dec 02 04:46:42.763 INFO [stderr]                                at libstd/rt.rs:74
Dec 02 04:46:42.763 INFO [stderr]    8:     0x55a9b9d0f6e2 - std::panicking::try::do_call::h47665672c57b11e4
Dec 02 04:46:42.763 INFO [stderr]                                at libstd/rt.rs:59
Dec 02 04:46:42.763 INFO [stderr]                                at libstd/panicking.rs:310
Dec 02 04:46:42.763 INFO [stderr]    9:     0x55a9b9d30699 - __rust_maybe_catch_panic
Dec 02 04:46:42.763 INFO [stderr]                                at libpanic_unwind/lib.rs:103
Dec 02 04:46:42.763 INFO [stderr]   10:     0x55a9b9d1a765 - std::rt::lang_start_internal::had9505969b8e20a2
Dec 02 04:46:42.763 INFO [stderr]                                at libstd/panicking.rs:289
Dec 02 04:46:42.763 INFO [stderr]                                at libstd/panic.rs:392
Dec 02 04:46:42.763 INFO [stderr]                                at libstd/rt.rs:58
Dec 02 04:46:42.763 INFO [stderr]   11:     0x55a9b9cf3517 - std::rt::lang_start::h3dd6b8226db6164a
Dec 02 04:46:42.763 INFO [stderr]                                at libstd/rt.rs:74
Dec 02 04:46:42.763 INFO [stderr]   12:     0x55a9b9cf1c39 - main
Dec 02 04:46:42.763 INFO [stderr]   13:     0x7f049be8e82f - __libc_start_main
Dec 02 04:46:42.763 INFO [stderr]   14:     0x55a9b9cf0448 - _start
Dec 02 04:46:42.763 INFO [stderr]   15:                0x0 - <unknown>
Dec 02 04:46:42.763 INFO [stderr] 
Dec 02 04:46:42.763 INFO [stderr] warning: build failed, waiting for other jobs to finish...
Dec 02 04:46:46.118 INFO [stderr] error: build failed
Dec 02 04:46:46.120 INFO [stderr] su: No module specific data is present
Dec 02 04:46:46.709 INFO running `"docker" "inspect" "5d8cca812cc37a887157160cb4f091b351b4399d17dfb8990bbc6dcee6b15508"`
Dec 02 04:46:46.911 INFO running `"docker" "rm" "-f" "5d8cca812cc37a887157160cb4f091b351b4399d17dfb8990bbc6dcee6b15508"`
Dec 02 04:46:47.158 INFO [stdout] 5d8cca812cc37a887157160cb4f091b351b4399d17dfb8990bbc6dcee6b15508
