Dec 02 05:29:54.651 INFO testing MattRyder/corporation against 1.30.1 for beta-1.31-5
Dec 02 05:29:54.651 INFO running `"docker" "create" "-v" "/mnt/big/crater/work/local/target-dirs/beta-1.31-5/worker-1/1.30.1:/target:rw,Z" "-v" "/mnt/big/crater/work/local/test-source/worker-1/beta-1.31-5/1.30.1:/source:ro,Z" "-v" "/mnt/big/crater/work/local/cargo-home:/cargo-home:ro,Z" "-v" "/mnt/big/crater/work/local/rustup-home:/rustup-home:ro,Z" "-e" "USER_ID=1000" "-e" "SOURCE_DIR=/source" "-e" "USER_ID=1000" "-e" "CMD=cargo +1.30.1 build --frozen" "-e" "CARGO_TARGET_DIR=/target" "-e" "CARGO_INCREMENTAL=0" "-e" "RUST_BACKTRACE=full" "-e" "RUSTFLAGS=--cap-lints=warn" "-e" "CARGO_HOME=/cargo-home" "-e" "RUSTUP_HOME=/rustup-home" "-m" "1536M" "--network" "none" "crater"`
Dec 02 05:29:54.854 INFO [stdout] 3467c2e1cd6c001a88db2613d4fb5d3d7c584b1e271f2c08998bf744e55f40d4
Dec 02 05:29:54.855 INFO running `"docker" "start" "-a" "3467c2e1cd6c001a88db2613d4fb5d3d7c584b1e271f2c08998bf744e55f40d4"`
Dec 02 05:29:55.319 INFO [stderr] usermod: no changes
Dec 02 05:29:55.631 INFO [stderr]    Compiling assimp-sys v0.3.1
Dec 02 05:29:55.632 INFO [stderr]    Compiling gl_generator v0.9.0
Dec 02 05:29:55.639 INFO [stderr]    Compiling backtrace v0.3.9
Dec 02 05:29:55.639 INFO [stderr]    Compiling crossbeam-epoch v0.3.1
Dec 02 05:29:55.668 INFO [stderr]    Compiling syn v0.15.13
Dec 02 05:29:55.676 INFO [stderr]    Compiling cgmath v0.16.1
Dec 02 05:29:55.677 INFO [stderr]    Compiling winit v0.17.2
Dec 02 05:30:01.199 INFO [stderr]    Compiling crossbeam-deque v0.2.0
Dec 02 05:30:02.855 INFO [stderr]    Compiling error-chain v0.12.0
Dec 02 05:30:04.931 INFO [stderr]    Compiling rayon-core v1.4.1
Dec 02 05:30:09.503 INFO [stderr]    Compiling gfx_gl v0.5.0
Dec 02 05:30:09.503 INFO [stderr]    Compiling glutin v0.18.0
Dec 02 05:30:15.959 INFO [stderr]    Compiling rayon v1.0.3
Dec 02 05:31:23.719 INFO [stderr]    Compiling jpeg-decoder v0.1.15
Dec 02 05:32:15.963 INFO [stderr]    Compiling derivative v1.0.1
Dec 02 05:32:18.471 INFO [stderr]    Compiling num-derive v0.2.3
Dec 02 05:32:24.296 INFO [stderr] error: failed to run custom build command for `assimp-sys v0.3.1`
Dec 02 05:32:24.296 INFO [stderr] process didn't exit successfully: `/target/debug/build/assimp-sys-361eec060c7fad77/build-script-build` (exit code: 101)
Dec 02 05:32:24.296 INFO [stderr] --- stdout
Dec 02 05:32:24.296 INFO [stderr] running: "cmake" "/cargo-home/registry/src/github.com-1ecc6299db9ec823/assimp-sys-0.3.1/assimp" "-DASSIMP_BUILD_ASSIMP_TOOLS=OFF" "-DASSIMP_BUILD_TESTS=OFF" "-DASSIMP_INSTALL_PDB=OFF" "-DBUILD_SHARED_LIBS=OFF" "-DCMAKE_SUPPRESS_DEVELOPER_WARNINGS=ON" "-DLIBRARY_SUFFIX=" "-DCMAKE_INSTALL_PREFIX=/target/debug/build/assimp-sys-9f0c8469079f91c7/out" "-DCMAKE_C_FLAGS= -ffunction-sections -fdata-sections -fPIC -m64" "-DCMAKE_C_COMPILER=/usr/bin/cc" "-DCMAKE_CXX_FLAGS= -ffunction-sections -fdata-sections -fPIC -m64" "-DCMAKE_CXX_COMPILER=/usr/bin/c++" "-DCMAKE_BUILD_TYPE=Debug"
Dec 02 05:32:24.296 INFO [stderr] -- The C compiler identification is GNU 5.4.0
Dec 02 05:32:24.296 INFO [stderr] -- The CXX compiler identification is GNU 5.4.0
Dec 02 05:32:24.296 INFO [stderr] -- Check for working C compiler: /usr/bin/cc
Dec 02 05:32:24.296 INFO [stderr] -- Check for working C compiler: /usr/bin/cc -- works
Dec 02 05:32:24.296 INFO [stderr] -- Detecting C compiler ABI info
Dec 02 05:32:24.296 INFO [stderr] -- Detecting C compiler ABI info - done
Dec 02 05:32:24.296 INFO [stderr] -- Detecting C compile features
Dec 02 05:32:24.296 INFO [stderr] -- Detecting C compile features - done
Dec 02 05:32:24.296 INFO [stderr] -- Check for working CXX compiler: /usr/bin/c++
Dec 02 05:32:24.296 INFO [stderr] -- Check for working CXX compiler: /usr/bin/c++ -- works
Dec 02 05:32:24.296 INFO [stderr] -- Detecting CXX compiler ABI info
Dec 02 05:32:24.296 INFO [stderr] -- Detecting CXX compiler ABI info - done
Dec 02 05:32:24.296 INFO [stderr] -- Detecting CXX compile features
Dec 02 05:32:24.296 INFO [stderr] -- Detecting CXX compile features - done
Dec 02 05:32:24.296 INFO [stderr] -- Try OpenMP C flag = [-fopenmp]
Dec 02 05:32:24.296 INFO [stderr] -- Performing Test OpenMP_FLAG_DETECTED
Dec 02 05:32:24.296 INFO [stderr] -- Performing Test OpenMP_FLAG_DETECTED - Success
Dec 02 05:32:24.296 INFO [stderr] -- Try OpenMP CXX flag = [-fopenmp]
Dec 02 05:32:24.296 INFO [stderr] -- Performing Test OpenMP_FLAG_DETECTED
Dec 02 05:32:24.296 INFO [stderr] -- Performing Test OpenMP_FLAG_DETECTED - Success
Dec 02 05:32:24.296 INFO [stderr] -- Found OpenMP: -fopenmp  
Dec 02 05:32:24.296 INFO [stderr] -- Looking for ZLIB...
Dec 02 05:32:24.296 INFO [stderr] -- Found PkgConfig: /usr/bin/pkg-config (found version "0.29.1") 
Dec 02 05:32:24.296 INFO [stderr] -- Checking for module 'zzip-zlib-config'
Dec 02 05:32:24.296 INFO [stderr] --   No package 'zzip-zlib-config' found
Dec 02 05:32:24.296 INFO [stderr] -- Found ZLIB: optimized;/usr/lib/x86_64-linux-gnu/libz.so;debug;/usr/lib/x86_64-linux-gnu/libz.so
Dec 02 05:32:24.296 INFO [stderr] -- Checking for module 'minizip'
Dec 02 05:32:24.296 INFO [stderr] --   No package 'minizip' found
Dec 02 05:32:24.296 INFO [stderr] -- Found rt: /usr/lib/x86_64-linux-gnu/librt.so  
Dec 02 05:32:24.296 INFO [stderr] -- Enabled formats: AMF 3DS AC ASE ASSBIN ASSXML B3D BVH COLLADA DXF CSM HMP IRRMESH IRR LWO LWS MD2 MD3 MD5 MDC MDL NFF NDO OFF OBJ OGRE OPENGEX PLY MS3D COB BLEND IFC XGL FBX Q3D Q3BSP RAW SIB SMD STL TERRAGEN 3D X X3D GLTF 3MF MMD
Dec 02 05:32:24.296 INFO [stderr] -- Disabled formats:
Dec 02 05:32:24.296 INFO [stderr] -- Configuring done
Dec 02 05:32:24.296 INFO [stderr] -- Generating done
Dec 02 05:32:24.296 INFO [stderr] -- Build files have been written to: /target/debug/build/assimp-sys-9f0c8469079f91c7/out/build
Dec 02 05:32:24.296 INFO [stderr] running: "cmake" "--build" "." "--target" "install" "--config" "Debug" "--"
Dec 02 05:32:24.296 INFO [stderr] Scanning dependencies of target IrrXML
Dec 02 05:32:24.296 INFO [stderr] [  0%] Building CXX object contrib/irrXML/CMakeFiles/IrrXML.dir/irrXML.cpp.o
Dec 02 05:32:24.296 INFO [stderr] [  1%] Linking CXX static library libIrrXMLd.a
Dec 02 05:32:24.296 INFO [stderr] [  1%] Built target IrrXML
Dec 02 05:32:24.296 INFO [stderr] Scanning dependencies of target assimp
Dec 02 05:32:24.296 INFO [stderr] [  1%] Building CXX object code/CMakeFiles/assimp.dir/Assimp.cpp.o
Dec 02 05:32:24.296 INFO [stderr] [  2%] Building CXX object code/CMakeFiles/assimp.dir/BaseImporter.cpp.o
Dec 02 05:32:24.296 INFO [stderr] [  2%] Building CXX object code/CMakeFiles/assimp.dir/BaseProcess.cpp.o
Dec 02 05:32:24.296 INFO [stderr] [  3%] Building CXX object code/CMakeFiles/assimp.dir/PostStepRegistry.cpp.o
Dec 02 05:32:24.296 INFO [stderr] [  3%] Building CXX object code/CMakeFiles/assimp.dir/ImporterRegistry.cpp.o
Dec 02 05:32:24.296 INFO [stderr] [  4%] Building CXX object code/CMakeFiles/assimp.dir/DefaultIOStream.cpp.o
Dec 02 05:32:24.296 INFO [stderr] [  4%] Building CXX object code/CMakeFiles/assimp.dir/DefaultIOSystem.cpp.o
Dec 02 05:32:24.296 INFO [stderr] [  5%] Building CXX object code/CMakeFiles/assimp.dir/CInterfaceIOWrapper.cpp.o
Dec 02 05:32:24.296 INFO [stderr] [  5%] Building CXX object code/CMakeFiles/assimp.dir/Importer.cpp.o
Dec 02 05:32:24.296 INFO [stderr] [  6%] Building CXX object code/CMakeFiles/assimp.dir/SGSpatialSort.cpp.o
Dec 02 05:32:24.296 INFO [stderr] [  6%] Building CXX object code/CMakeFiles/assimp.dir/VertexTriangleAdjacency.cpp.o
Dec 02 05:32:24.296 INFO [stderr] [  7%] Building CXX object code/CMakeFiles/assimp.dir/SpatialSort.cpp.o
Dec 02 05:32:24.296 INFO [stderr] [  7%] Building CXX object code/CMakeFiles/assimp.dir/SceneCombiner.cpp.o
Dec 02 05:32:24.296 INFO [stderr] [  8%] Building CXX object code/CMakeFiles/assimp.dir/ScenePreprocessor.cpp.o
Dec 02 05:32:24.296 INFO [stderr] [  8%] Building CXX object code/CMakeFiles/assimp.dir/SkeletonMeshBuilder.cpp.o
Dec 02 05:32:24.296 INFO [stderr] [  9%] Building CXX object code/CMakeFiles/assimp.dir/SplitByBoneCountProcess.cpp.o
Dec 02 05:32:24.296 INFO [stderr] [  9%] Building CXX object code/CMakeFiles/assimp.dir/StandardShapes.cpp.o
Dec 02 05:32:24.296 INFO [stderr] [ 10%] Building CXX object code/CMakeFiles/assimp.dir/TargetAnimation.cpp.o
Dec 02 05:32:24.296 INFO [stderr] [ 10%] Building CXX object code/CMakeFiles/assimp.dir/RemoveComments.cpp.o
Dec 02 05:32:24.296 INFO [stderr] [ 11%] Building CXX object code/CMakeFiles/assimp.dir/Subdivision.cpp.o
Dec 02 05:32:24.296 INFO [stderr] [ 11%] Building CXX object code/CMakeFiles/assimp.dir/scene.cpp.o
Dec 02 05:32:24.296 INFO [stderr] [ 12%] Building CXX object code/CMakeFiles/assimp.dir/Bitmap.cpp.o
Dec 02 05:32:24.296 INFO [stderr] [ 12%] Building CXX object code/CMakeFiles/assimp.dir/Version.cpp.o
Dec 02 05:32:24.296 INFO [stderr] [ 13%] Building CXX object code/CMakeFiles/assimp.dir/CreateAnimMesh.cpp.o
Dec 02 05:32:24.296 INFO [stderr] [ 13%] Building CXX object code/CMakeFiles/assimp.dir/DefaultLogger.cpp.o
Dec 02 05:32:24.296 INFO [stderr] [ 14%] Building CXX object code/CMakeFiles/assimp.dir/Exporter.cpp.o
Dec 02 05:32:24.296 INFO [stderr] [ 14%] Building CXX object code/CMakeFiles/assimp.dir/AssimpCExport.cpp.o
Dec 02 05:32:24.296 INFO [stderr] [ 15%] Building CXX object code/CMakeFiles/assimp.dir/CalcTangentsProcess.cpp.o
Dec 02 05:32:24.296 INFO [stderr] [ 15%] Building CXX object code/CMakeFiles/assimp.dir/ComputeUVMappingProcess.cpp.o
Dec 02 05:32:24.296 INFO [stderr] [ 16%] Building CXX object code/CMakeFiles/assimp.dir/ConvertToLHProcess.cpp.o
Dec 02 05:32:24.296 INFO [stderr] [ 16%] Building CXX object code/CMakeFiles/assimp.dir/FindDegenerates.cpp.o
Dec 02 05:32:24.296 INFO [stderr] [ 17%] Building CXX object code/CMakeFiles/assimp.dir/FindInstancesProcess.cpp.o
Dec 02 05:32:24.296 INFO [stderr] [ 17%] Building CXX object code/CMakeFiles/assimp.dir/FindInvalidDataProcess.cpp.o
Dec 02 05:32:24.296 INFO [stderr] [ 18%] Building CXX object code/CMakeFiles/assimp.dir/FixNormalsStep.cpp.o
Dec 02 05:32:24.296 INFO [stderr] [ 18%] Building CXX object code/CMakeFiles/assimp.dir/GenFaceNormalsProcess.cpp.o
Dec 02 05:32:24.296 INFO [stderr] [ 19%] Building CXX object code/CMakeFiles/assimp.dir/GenVertexNormalsProcess.cpp.o
Dec 02 05:32:24.297 INFO [stderr] [ 19%] Building CXX object code/CMakeFiles/assimp.dir/PretransformVertices.cpp.o
Dec 02 05:32:24.297 INFO [stderr] [ 20%] Building CXX object code/CMakeFiles/assimp.dir/ImproveCacheLocality.cpp.o
Dec 02 05:32:24.297 INFO [stderr] [ 20%] Building CXX object code/CMakeFiles/assimp.dir/JoinVerticesProcess.cpp.o
Dec 02 05:32:24.297 INFO [stderr] [ 21%] Building CXX object code/CMakeFiles/assimp.dir/LimitBoneWeightsProcess.cpp.o
Dec 02 05:32:24.297 INFO [stderr] [ 21%] Building CXX object code/CMakeFiles/assimp.dir/RemoveRedundantMaterials.cpp.o
Dec 02 05:32:24.297 INFO [stderr] [ 22%] Building CXX object code/CMakeFiles/assimp.dir/RemoveVCProcess.cpp.o
Dec 02 05:32:24.297 INFO [stderr] [ 22%] Building CXX object code/CMakeFiles/assimp.dir/SortByPTypeProcess.cpp.o
Dec 02 05:32:24.297 INFO [stderr] [ 23%] Building CXX object code/CMakeFiles/assimp.dir/SplitLargeMeshes.cpp.o
Dec 02 05:32:24.297 INFO [stderr] [ 23%] Building CXX object code/CMakeFiles/assimp.dir/TextureTransform.cpp.o
Dec 02 05:32:24.297 INFO [stderr] [ 24%] Building CXX object code/CMakeFiles/assimp.dir/TriangulateProcess.cpp.o
Dec 02 05:32:24.297 INFO [stderr] [ 24%] Building CXX object code/CMakeFiles/assimp.dir/ValidateDataStructure.cpp.o
Dec 02 05:32:24.297 INFO [stderr] [ 25%] Building CXX object code/CMakeFiles/assimp.dir/OptimizeGraph.cpp.o
Dec 02 05:32:24.297 INFO [stderr] [ 25%] Building CXX object code/CMakeFiles/assimp.dir/OptimizeMeshes.cpp.o
Dec 02 05:32:24.297 INFO [stderr] [ 26%] Building CXX object code/CMakeFiles/assimp.dir/DeboneProcess.cpp.o
Dec 02 05:32:24.297 INFO [stderr] [ 26%] Building CXX object code/CMakeFiles/assimp.dir/ProcessHelper.cpp.o
Dec 02 05:32:24.297 INFO [stderr] [ 27%] Building CXX object code/CMakeFiles/assimp.dir/MakeVerboseFormat.cpp.o
Dec 02 05:32:24.297 INFO [stderr] [ 27%] Building CXX object code/CMakeFiles/assimp.dir/MaterialSystem.cpp.o
Dec 02 05:32:24.297 INFO [stderr] [ 28%] Building CXX object code/CMakeFiles/assimp.dir/StepExporter.cpp.o
Dec 02 05:32:24.297 INFO [stderr] [ 28%] Building CXX object code/CMakeFiles/assimp.dir/AMFImporter.cpp.o
Dec 02 05:32:24.297 INFO [stderr] [ 29%] Building CXX object code/CMakeFiles/assimp.dir/AMFImporter_Geometry.cpp.o
Dec 02 05:32:24.297 INFO [stderr] [ 29%] Building CXX object code/CMakeFiles/assimp.dir/AMFImporter_Material.cpp.o
Dec 02 05:32:24.297 INFO [stderr] [ 30%] Building CXX object code/CMakeFiles/assimp.dir/AMFImporter_Postprocess.cpp.o
Dec 02 05:32:24.297 INFO [stderr] [ 30%] Building CXX object code/CMakeFiles/assimp.dir/3DSConverter.cpp.o
Dec 02 05:32:24.297 INFO [stderr] [ 31%] Building CXX object code/CMakeFiles/assimp.dir/3DSLoader.cpp.o
Dec 02 05:32:24.297 INFO [stderr] [ 31%] Building CXX object code/CMakeFiles/assimp.dir/3DSExporter.cpp.o
Dec 02 05:32:24.297 INFO [stderr] [ 32%] Building CXX object code/CMakeFiles/assimp.dir/ACLoader.cpp.o
Dec 02 05:32:24.297 INFO [stderr] [ 32%] Building CXX object code/CMakeFiles/assimp.dir/ASELoader.cpp.o
Dec 02 05:32:24.297 INFO [stderr] [ 33%] Building CXX object code/CMakeFiles/assimp.dir/ASEParser.cpp.o
Dec 02 05:32:24.297 INFO [stderr] [ 33%] Building CXX object code/CMakeFiles/assimp.dir/AssbinExporter.cpp.o
Dec 02 05:32:24.297 INFO [stderr] [ 34%] Building CXX object code/CMakeFiles/assimp.dir/AssbinLoader.cpp.o
Dec 02 05:32:24.297 INFO [stderr] [ 34%] Building CXX object code/CMakeFiles/assimp.dir/AssxmlExporter.cpp.o
Dec 02 05:32:24.297 INFO [stderr] [ 34%] Building CXX object code/CMakeFiles/assimp.dir/BVHLoader.cpp.o
Dec 02 05:32:24.297 INFO [stderr] [ 35%] Building CXX object code/CMakeFiles/assimp.dir/B3DImporter.cpp.o
Dec 02 05:32:24.297 INFO [stderr] [ 36%] Building CXX object code/CMakeFiles/assimp.dir/ColladaLoader.cpp.o
Dec 02 05:32:24.297 INFO [stderr] [ 36%] Building CXX object code/CMakeFiles/assimp.dir/ColladaParser.cpp.o
Dec 02 05:32:24.297 INFO [stderr] [ 37%] Building CXX object code/CMakeFiles/assimp.dir/ColladaExporter.cpp.o
Dec 02 05:32:24.297 INFO [stderr] [ 37%] Building CXX object code/CMakeFiles/assimp.dir/DXFLoader.cpp.o
Dec 02 05:32:24.297 INFO [stderr] [ 38%] Building CXX object code/CMakeFiles/assimp.dir/CSMLoader.cpp.o
Dec 02 05:32:24.297 INFO [stderr] [ 38%] Building CXX object code/CMakeFiles/assimp.dir/HMPLoader.cpp.o
Dec 02 05:32:24.297 INFO [stderr] [ 39%] Building CXX object code/CMakeFiles/assimp.dir/IRRMeshLoader.cpp.o
Dec 02 05:32:24.297 INFO [stderr] [ 39%] Building CXX object code/CMakeFiles/assimp.dir/IRRShared.cpp.o
Dec 02 05:32:24.297 INFO [stderr] [ 40%] Building CXX object code/CMakeFiles/assimp.dir/IRRLoader.cpp.o
Dec 02 05:32:24.297 INFO [stderr] [ 40%] Building CXX object code/CMakeFiles/assimp.dir/LWOAnimation.cpp.o
Dec 02 05:32:24.297 INFO [stderr] [ 41%] Building CXX object code/CMakeFiles/assimp.dir/LWOBLoader.cpp.o
Dec 02 05:32:24.297 INFO [stderr] [ 41%] Building CXX object code/CMakeFiles/assimp.dir/LWOLoader.cpp.o
Dec 02 05:32:24.297 INFO [stderr] [ 42%] Building CXX object code/CMakeFiles/assimp.dir/LWOMaterial.cpp.o
Dec 02 05:32:24.297 INFO [stderr] [ 42%] Building CXX object code/CMakeFiles/assimp.dir/LWSLoader.cpp.o
Dec 02 05:32:24.297 INFO [stderr] [ 43%] Building CXX object code/CMakeFiles/assimp.dir/MD2Loader.cpp.o
Dec 02 05:32:24.297 INFO [stderr] [ 43%] Building CXX object code/CMakeFiles/assimp.dir/MD3Loader.cpp.o
Dec 02 05:32:24.297 INFO [stderr] [ 44%] Building CXX object code/CMakeFiles/assimp.dir/MD5Loader.cpp.o
Dec 02 05:32:24.297 INFO [stderr] [ 44%] Building CXX object code/CMakeFiles/assimp.dir/MD5Parser.cpp.o
Dec 02 05:32:24.297 INFO [stderr] [ 45%] Building CXX object code/CMakeFiles/assimp.dir/MDCLoader.cpp.o
Dec 02 05:32:24.297 INFO [stderr] [ 45%] Building CXX object code/CMakeFiles/assimp.dir/MDLLoader.cpp.o
Dec 02 05:32:24.297 INFO [stderr] code/CMakeFiles/assimp.dir/build.make:1742: recipe for target 'code/CMakeFiles/assimp.dir/ColladaParser.cpp.o' failed
Dec 02 05:32:24.297 INFO [stderr] CMakeFiles/Makefile2:190: recipe for target 'code/CMakeFiles/assimp.dir/all' failed
Dec 02 05:32:24.297 INFO [stderr] Makefile:127: recipe for target 'all' failed
Dec 02 05:32:24.297 INFO [stderr] 
Dec 02 05:32:24.297 INFO [stderr] --- stderr
Dec 02 05:32:24.297 INFO [stderr] c++: internal compiler error: Killed (program cc1plus)
Dec 02 05:32:24.297 INFO [stderr] Please submit a full bug report,
Dec 02 05:32:24.297 INFO [stderr] with preprocessed source if appropriate.
Dec 02 05:32:24.297 INFO [stderr] See <file:///usr/share/doc/gcc-5/README.Bugs> for instructions.
Dec 02 05:32:24.297 INFO [stderr] make[2]: *** [code/CMakeFiles/assimp.dir/ColladaParser.cpp.o] Error 4
Dec 02 05:32:24.297 INFO [stderr] make[2]: *** Waiting for unfinished jobs....
Dec 02 05:32:24.297 INFO [stderr] make[1]: *** [code/CMakeFiles/assimp.dir/all] Error 2
Dec 02 05:32:24.297 INFO [stderr] make: *** [all] Error 2
Dec 02 05:32:24.297 INFO [stderr] thread 'main' panicked at '
Dec 02 05:32:24.297 INFO [stderr] command did not execute successfully, got: exit code: 2
Dec 02 05:32:24.297 INFO [stderr] 
Dec 02 05:32:24.297 INFO [stderr] build script failed, must exit now', /cargo-home/registry/src/github.com-1ecc6299db9ec823/cmake-0.1.35/src/lib.rs:778:5
Dec 02 05:32:24.297 INFO [stderr] stack backtrace:
Dec 02 05:32:24.297 INFO [stderr]    0:     0x55b8c09a622e - std::sys::unix::backtrace::tracing::imp::unwind_backtrace::h15749a98198ba25f
Dec 02 05:32:24.297 INFO [stderr]                                at libstd/sys/unix/backtrace/tracing/gcc_s.rs:49
Dec 02 05:32:24.297 INFO [stderr]    1:     0x55b8c0995f16 - std::sys_common::backtrace::print::h0ba65c811294dbf0
Dec 02 05:32:24.297 INFO [stderr]                                at libstd/sys_common/backtrace.rs:71
Dec 02 05:32:24.297 INFO [stderr]                                at libstd/sys_common/backtrace.rs:59
Dec 02 05:32:24.297 INFO [stderr]    2:     0x55b8c099480d - std::panicking::default_hook::{{closure}}::h42bb31757f0fee64
Dec 02 05:32:24.297 INFO [stderr]                                at libstd/panicking.rs:211
Dec 02 05:32:24.297 INFO [stderr]    3:     0x55b8c0994580 - std::panicking::default_hook::hebc8848d7aa7dbd9
Dec 02 05:32:24.297 INFO [stderr]                                at libstd/panicking.rs:227
Dec 02 05:32:24.297 INFO [stderr]    4:     0x55b8c0994e5c - std::panicking::rust_panic_with_hook::h86e619a638415243
Dec 02 05:32:24.297 INFO [stderr]                                at libstd/panicking.rs:477
Dec 02 05:32:24.297 INFO [stderr]    5:     0x55b8c0994a19 - std::panicking::continue_panic_fmt::h2d2d2bfb065a70b2
Dec 02 05:32:24.297 INFO [stderr]                                at libstd/panicking.rs:391
Dec 02 05:32:24.298 INFO [stderr]    6:     0x55b8c099497d - std::panicking::begin_panic_fmt::ha5097e2056ef3d5a
Dec 02 05:32:24.298 INFO [stderr]                                at libstd/panicking.rs:346
Dec 02 05:32:24.298 INFO [stderr]    7:     0x55b8c092b191 - cmake::fail::ha8a1da12aa656dac
Dec 02 05:32:24.298 INFO [stderr]                                at /cargo-home/registry/src/github.com-1ecc6299db9ec823/cmake-0.1.35/src/lib.rs:778
Dec 02 05:32:24.298 INFO [stderr]    8:     0x55b8c092aaca - cmake::run::h2e8ea594e059c960
Dec 02 05:32:24.298 INFO [stderr]                                at /cargo-home/registry/src/github.com-1ecc6299db9ec823/cmake-0.1.35/src/lib.rs:759
Dec 02 05:32:24.298 INFO [stderr]    9:     0x55b8c0927273 - cmake::Config::build::h302cfee2dcef33b0
Dec 02 05:32:24.298 INFO [stderr]                                at /cargo-home/registry/src/github.com-1ecc6299db9ec823/cmake-0.1.35/src/lib.rs:671
Dec 02 05:32:24.298 INFO [stderr]   10:     0x55b8c08e7e4a - build_script_build::main::h3ee7618c82e8b63a
Dec 02 05:32:24.298 INFO [stderr]                                at /cargo-home/registry/src/github.com-1ecc6299db9ec823/assimp-sys-0.3.1/build.rs:15
Dec 02 05:32:24.298 INFO [stderr]   11:     0x55b8c08e7bff - std::rt::lang_start::{{closure}}::haddc4675ab0990e0
Dec 02 05:32:24.298 INFO [stderr]                                at libstd/rt.rs:74
Dec 02 05:32:24.298 INFO [stderr]   12:     0x55b8c09948b2 - std::panicking::try::do_call::h47665672c57b11e4
Dec 02 05:32:24.298 INFO [stderr]                                at libstd/rt.rs:59
Dec 02 05:32:24.298 INFO [stderr]                                at libstd/panicking.rs:310
Dec 02 05:32:24.298 INFO [stderr]   13:     0x55b8c09b8e69 - __rust_maybe_catch_panic
Dec 02 05:32:24.298 INFO [stderr]                                at libpanic_unwind/lib.rs:103
Dec 02 05:32:24.298 INFO [stderr]   14:     0x55b8c09a0f95 - std::rt::lang_start_internal::had9505969b8e20a2
Dec 02 05:32:24.298 INFO [stderr]                                at libstd/panicking.rs:289
Dec 02 05:32:24.298 INFO [stderr]                                at libstd/panic.rs:392
Dec 02 05:32:24.298 INFO [stderr]                                at libstd/rt.rs:58
Dec 02 05:32:24.298 INFO [stderr]   15:     0x55b8c08e7bd7 - std::rt::lang_start::h6eabd2ae3a5df2f4
Dec 02 05:32:24.298 INFO [stderr]                                at libstd/rt.rs:74
Dec 02 05:32:24.298 INFO [stderr]   16:     0x55b8c08e8549 - main
Dec 02 05:32:24.298 INFO [stderr]   17:     0x7fc54a8b682f - __libc_start_main
Dec 02 05:32:24.298 INFO [stderr]   18:     0x55b8c08e6458 - _start
Dec 02 05:32:24.298 INFO [stderr]   19:                0x0 - <unknown>
Dec 02 05:32:24.298 INFO [stderr] 
Dec 02 05:32:24.298 INFO [stderr] warning: build failed, waiting for other jobs to finish...
Dec 02 05:32:43.411 INFO [stderr] error: build failed
Dec 02 05:32:43.411 INFO [stderr] su: No module specific data is present
Dec 02 05:32:44.337 INFO running `"docker" "inspect" "3467c2e1cd6c001a88db2613d4fb5d3d7c584b1e271f2c08998bf744e55f40d4"`
Dec 02 05:32:44.645 INFO running `"docker" "rm" "-f" "3467c2e1cd6c001a88db2613d4fb5d3d7c584b1e271f2c08998bf744e55f40d4"`
Dec 02 05:32:44.974 INFO [stdout] 3467c2e1cd6c001a88db2613d4fb5d3d7c584b1e271f2c08998bf744e55f40d4
