Dec 02 06:09:41.967 INFO testing Kranando/cube_game against 1.30.1 for beta-1.31-5
Dec 02 06:09:41.967 INFO running `"docker" "create" "-v" "/mnt/big/crater/work/local/target-dirs/beta-1.31-5/worker-3/1.30.1:/target:rw,Z" "-v" "/mnt/big/crater/work/local/test-source/worker-3/beta-1.31-5/1.30.1:/source:ro,Z" "-v" "/mnt/big/crater/work/local/cargo-home:/cargo-home:ro,Z" "-v" "/mnt/big/crater/work/local/rustup-home:/rustup-home:ro,Z" "-e" "USER_ID=1000" "-e" "SOURCE_DIR=/source" "-e" "USER_ID=1000" "-e" "CMD=cargo +1.30.1 build --frozen" "-e" "CARGO_TARGET_DIR=/target" "-e" "CARGO_INCREMENTAL=0" "-e" "RUST_BACKTRACE=full" "-e" "RUSTFLAGS=--cap-lints=warn" "-e" "CARGO_HOME=/cargo-home" "-e" "RUSTUP_HOME=/rustup-home" "-m" "1536M" "--network" "none" "crater"`
Dec 02 06:09:42.551 INFO [stdout] 90c98d1f433b023835ded61826fb3ad23e5dbb52a55dec7255b5f37c2a304a0a
Dec 02 06:09:42.553 INFO running `"docker" "start" "-a" "90c98d1f433b023835ded61826fb3ad23e5dbb52a55dec7255b5f37c2a304a0a"`
Dec 02 06:09:43.886 INFO [stderr] usermod: no changes
Dec 02 06:09:44.299 INFO [stderr]    Compiling glutin v0.8.1
Dec 02 06:09:44.304 INFO [stderr]    Compiling png v0.8.0
Dec 02 06:09:44.308 INFO [stderr]    Compiling target_build_utils v0.3.1
Dec 02 06:09:49.167 INFO [stderr]    Compiling libloading v0.3.4
Dec 02 06:09:49.911 INFO [stderr]    Compiling image v0.14.0
Dec 02 06:09:58.431 INFO [stderr]    Compiling dlib v0.3.1
Dec 02 06:09:59.999 INFO [stderr]    Compiling wayland-sys v0.8.7
Dec 02 06:10:03.587 INFO [stderr]    Compiling wayland-client v0.8.7
Dec 02 06:10:08.348 INFO [stderr]    Compiling wayland-window v0.5.0
Dec 02 06:10:08.350 INFO [stderr]    Compiling wayland-kbd v0.8.0
Dec 02 06:10:19.315 INFO [stderr]    Compiling winit v0.6.4
Dec 02 06:10:22.512 INFO [stderr]    Compiling piston-gfx_texture v0.25.0
Dec 02 06:10:31.131 INFO [stderr]    Compiling piston2d-gfx_graphics v0.41.0
Dec 02 06:10:36.935 INFO [stderr]    Compiling pistoncore-glutin_window v0.37.0
Dec 02 06:10:43.768 INFO [stderr]    Compiling piston_window v0.67.0
Dec 02 06:10:48.855 INFO [stderr]    Compiling cube_game v0.1.0 (/source)
Dec 02 06:10:53.501 INFO [stderr] error[E0063]: missing field `radius` in initializer of `Game`
Dec 02 06:10:53.501 INFO [stderr]   --> src/main.rs:15:9
Dec 02 06:10:53.501 INFO [stderr]    |
Dec 02 06:10:53.501 INFO [stderr] 15 |         Game { rotation : 0.0, x : 0.0, y : 0.0, up_d: false, down_d: false, left_d: false, right_d: false }
Dec 02 06:10:53.501 INFO [stderr]    |         ^^^^ missing `radius`
Dec 02 06:10:53.501 INFO [stderr] 
Dec 02 06:10:53.655 INFO [stderr] error[E0599]: no method named `radius` found for type `[[f64; 3]; 2]` in the current scope
Dec 02 06:10:53.655 INFO [stderr]   --> src/main.rs:27:90
Dec 02 06:10:53.655 INFO [stderr]    |
Dec 02 06:10:53.655 INFO [stderr] 27 |             rectangle(WHITE, square, center.trans(self.x, self.y).rot_rad(self.rotation).radius(self.size).trans(-50.0, -50.0), g);
Dec 02 06:10:53.655 INFO [stderr]    |                                                                                          ^^^^^^
Dec 02 06:10:53.655 INFO [stderr] 
Dec 02 06:10:53.655 INFO [stderr] error[E0609]: no field `size` on type `&mut Game`
Dec 02 06:10:53.655 INFO [stderr]   --> src/main.rs:27:102
Dec 02 06:10:53.655 INFO [stderr]    |
Dec 02 06:10:53.655 INFO [stderr] 27 |             rectangle(WHITE, square, center.trans(self.x, self.y).rot_rad(self.rotation).radius(self.size).trans(-50.0, -50.0), g);
Dec 02 06:10:53.655 INFO [stderr]    |                                                                                                      ^^^^
Dec 02 06:10:53.655 INFO [stderr] 
Dec 02 06:10:53.677 INFO [stderr] error[E0609]: no field `size` on type `&mut Game`
Dec 02 06:10:53.677 INFO [stderr]   --> src/main.rs:36:27
Dec 02 06:10:53.677 INFO [stderr]    |
Dec 02 06:10:53.677 INFO [stderr] 36 |         if self.y <= self.size {
Dec 02 06:10:53.677 INFO [stderr]    |                           ^^^^
Dec 02 06:10:53.677 INFO [stderr] 
Dec 02 06:10:53.716 INFO [stderr] error: aborting due to 4 previous errors
Dec 02 06:10:53.716 INFO [stderr] 
Dec 02 06:10:53.716 INFO [stderr] Some errors occurred: E0063, E0599, E0609.
Dec 02 06:10:53.716 INFO [stderr] For more information about an error, try `rustc --explain E0063`.
Dec 02 06:10:53.751 INFO [stderr] error: Could not compile `cube_game`.
Dec 02 06:10:53.751 INFO [stderr] 
Dec 02 06:10:53.751 INFO [stderr] To learn more, run the command again with --verbose.
Dec 02 06:10:53.753 INFO [stderr] su: No module specific data is present
Dec 02 06:10:54.467 INFO running `"docker" "inspect" "90c98d1f433b023835ded61826fb3ad23e5dbb52a55dec7255b5f37c2a304a0a"`
Dec 02 06:10:54.681 INFO running `"docker" "rm" "-f" "90c98d1f433b023835ded61826fb3ad23e5dbb52a55dec7255b5f37c2a304a0a"`
Dec 02 06:10:55.167 INFO [stdout] 90c98d1f433b023835ded61826fb3ad23e5dbb52a55dec7255b5f37c2a304a0a
