Dec 02 06:11:36.089 INFO testing Kode-Cultur/rusty-gopher against 1.30.1 for beta-1.31-5
Dec 02 06:11:36.089 INFO running `"docker" "create" "-v" "/mnt/big/crater/work/local/target-dirs/beta-1.31-5/worker-7/1.30.1:/target:rw,Z" "-v" "/mnt/big/crater/work/local/test-source/worker-7/beta-1.31-5/1.30.1:/source:ro,Z" "-v" "/mnt/big/crater/work/local/cargo-home:/cargo-home:ro,Z" "-v" "/mnt/big/crater/work/local/rustup-home:/rustup-home:ro,Z" "-e" "USER_ID=1000" "-e" "SOURCE_DIR=/source" "-e" "USER_ID=1000" "-e" "CMD=cargo +1.30.1 build --frozen" "-e" "CARGO_TARGET_DIR=/target" "-e" "CARGO_INCREMENTAL=0" "-e" "RUST_BACKTRACE=full" "-e" "RUSTFLAGS=--cap-lints=warn" "-e" "CARGO_HOME=/cargo-home" "-e" "RUSTUP_HOME=/rustup-home" "-m" "1536M" "--network" "none" "crater"`
Dec 02 06:11:36.892 INFO [stdout] e08630f87ca9fdc264cbf367cfc608d18d5bad06672c80c5fb5f047e607472ee
Dec 02 06:11:36.895 INFO running `"docker" "start" "-a" "e08630f87ca9fdc264cbf367cfc608d18d5bad06672c80c5fb5f047e607472ee"`
Dec 02 06:11:37.967 INFO [stderr] usermod: no changes
Dec 02 06:11:38.275 INFO [stderr]    Compiling isatty v0.1.7
Dec 02 06:11:38.287 INFO [stderr]    Compiling hostname v0.1.4
Dec 02 06:11:38.292 INFO [stderr]    Compiling users v0.6.1
Dec 02 06:11:38.310 INFO [stderr]    Compiling tokio-io v0.1.6
Dec 02 06:11:38.311 INFO [stderr]    Compiling serde_derive_internals v0.23.1
Dec 02 06:11:40.331 INFO [stderr]    Compiling slog-term v2.4.0
Dec 02 06:11:43.738 INFO [stderr]    Compiling tokio-reactor v0.1.1
Dec 02 06:11:43.738 INFO [stderr]    Compiling tokio-fs v0.1.0
Dec 02 06:11:49.015 INFO [stderr]    Compiling tokio-udp v0.1.0
Dec 02 06:11:49.016 INFO [stderr]    Compiling tokio-tcp v0.1.0
Dec 02 06:11:55.176 INFO [stderr]    Compiling tokio v0.1.6
Dec 02 06:11:55.575 INFO [stderr]    Compiling serde_derive v1.0.45
Dec 02 06:12:06.803 INFO [stderr]    Compiling docopt v0.8.3
Dec 02 06:12:11.192 INFO [stderr]    Compiling rusty-gopher v0.1.0 (/source)
Dec 02 06:12:15.156 INFO [stderr] error[E0554]: #![feature] may not be used on the stable release channel
Dec 02 06:12:15.156 INFO [stderr]   --> src/main.rs:21:1
Dec 02 06:12:15.156 INFO [stderr]    |
Dec 02 06:12:15.156 INFO [stderr] 21 | #![feature(termination_trait_lib)]
Dec 02 06:12:15.156 INFO [stderr]    | ^^^^^^^^^^^^^^^^^^^^^^^^^^^^^^^^^^
Dec 02 06:12:15.156 INFO [stderr] 
Dec 02 06:12:15.156 INFO [stderr] error[E0554]: #![feature] may not be used on the stable release channel
Dec 02 06:12:15.156 INFO [stderr]   --> src/main.rs:22:1
Dec 02 06:12:15.156 INFO [stderr]    |
Dec 02 06:12:15.156 INFO [stderr] 22 | #![feature(process_exitcode_placeholder)]
Dec 02 06:12:15.156 INFO [stderr]    | ^^^^^^^^^^^^^^^^^^^^^^^^^^^^^^^^^^^^^^^^^
Dec 02 06:12:15.156 INFO [stderr] 
Dec 02 06:12:15.156 INFO [stderr] error[E0554]: #![feature] may not be used on the stable release channel
Dec 02 06:12:15.156 INFO [stderr]   --> src/main.rs:24:1
Dec 02 06:12:15.156 INFO [stderr]    |
Dec 02 06:12:15.156 INFO [stderr] 24 | #![feature(test)]
Dec 02 06:12:15.156 INFO [stderr]    | ^^^^^^^^^^^^^^^^^
Dec 02 06:12:15.156 INFO [stderr] 
Dec 02 06:12:15.159 INFO [stderr] error: aborting due to 3 previous errors
Dec 02 06:12:15.159 INFO [stderr] 
Dec 02 06:12:15.159 INFO [stderr] For more information about this error, try `rustc --explain E0554`.
Dec 02 06:12:15.179 INFO [stderr] error: Could not compile `rusty-gopher`.
Dec 02 06:12:15.179 INFO [stderr] 
Dec 02 06:12:15.179 INFO [stderr] To learn more, run the command again with --verbose.
Dec 02 06:12:15.180 INFO [stderr] su: No module specific data is present
Dec 02 06:12:15.512 INFO running `"docker" "inspect" "e08630f87ca9fdc264cbf367cfc608d18d5bad06672c80c5fb5f047e607472ee"`
Dec 02 06:12:15.623 INFO running `"docker" "rm" "-f" "e08630f87ca9fdc264cbf367cfc608d18d5bad06672c80c5fb5f047e607472ee"`
Dec 02 06:12:15.755 INFO [stdout] e08630f87ca9fdc264cbf367cfc608d18d5bad06672c80c5fb5f047e607472ee
