Dec 02 07:01:44.651 INFO testing Hoggit/dcs_events against 1.30.1 for beta-1.31-5
Dec 02 07:01:44.651 INFO running `"docker" "create" "-v" "/mnt/big/crater/work/local/target-dirs/beta-1.31-5/worker-2/1.30.1:/target:rw,Z" "-v" "/mnt/big/crater/work/local/test-source/worker-2/beta-1.31-5/1.30.1:/source:ro,Z" "-v" "/mnt/big/crater/work/local/cargo-home:/cargo-home:ro,Z" "-v" "/mnt/big/crater/work/local/rustup-home:/rustup-home:ro,Z" "-e" "USER_ID=1000" "-e" "SOURCE_DIR=/source" "-e" "USER_ID=1000" "-e" "CMD=cargo +1.30.1 build --frozen" "-e" "CARGO_TARGET_DIR=/target" "-e" "CARGO_INCREMENTAL=0" "-e" "RUST_BACKTRACE=full" "-e" "RUSTFLAGS=--cap-lints=warn" "-e" "CARGO_HOME=/cargo-home" "-e" "RUSTUP_HOME=/rustup-home" "-m" "1536M" "--network" "none" "crater"`
Dec 02 07:01:44.863 INFO [stdout] 1a84a6241f7f5343149164b8003d7b5052137267a4b687684809dd409f1e1cfb
Dec 02 07:01:44.865 INFO running `"docker" "start" "-a" "1a84a6241f7f5343149164b8003d7b5052137267a4b687684809dd409f1e1cfb"`
Dec 02 07:01:45.221 INFO [stderr] usermod: no changes
Dec 02 07:01:45.504 INFO [stderr]    Compiling proc-macro2 v0.4.21
Dec 02 07:01:45.507 INFO [stderr]    Compiling base64 v0.6.0
Dec 02 07:01:45.509 INFO [stderr]    Compiling ring v0.13.3
Dec 02 07:01:45.512 INFO [stderr]    Compiling pear_codegen v0.1.0
Dec 02 07:01:45.512 INFO [stderr]    Compiling rocket_codegen v0.4.0-rc.1
Dec 02 07:01:45.512 INFO [stderr]    Compiling rocket v0.4.0-rc.1
Dec 02 07:01:45.512 INFO [stderr]    Compiling rocket_contrib_codegen v0.4.0-rc.1
Dec 02 07:01:45.513 INFO [stderr]    Compiling mime v0.2.6
Dec 02 07:01:45.799 INFO [stderr] error: failed to run custom build command for `rocket v0.4.0-rc.1`
Dec 02 07:01:45.799 INFO [stderr] process didn't exit successfully: `/target/debug/build/rocket-4ef3d0ea8ca3684e/build-script-build` (exit code: 101)
Dec 02 07:01:45.799 INFO [stderr] --- stderr
Dec 02 07:01:45.799 INFO [stderr] [1;31mError:[0m [37mRocket requires a nightly or dev version of Rust.[0m
Dec 02 07:01:45.799 INFO [stderr] [37mInstalled version is:[0m [33m1.30.1 (2018-11-07)[0m. [37mMinimum required:[0m [33m1.31.0-nightly (2018-10-05)[0m.
Dec 02 07:01:45.799 INFO [stderr] [34mSee the getting started guide ([0m[37mhttps://rocket.rs/v0.4/guide/getting-started/[0m[34m) for more information.[0m
Dec 02 07:01:45.799 INFO [stderr] thread 'main' panicked at 'Aborting compilation due to incompatible compiler.', /cargo-home/registry/src/github.com-1ecc6299db9ec823/rocket-0.4.0-rc.1/build.rs:38:13
Dec 02 07:01:45.799 INFO [stderr] stack backtrace:
Dec 02 07:01:45.799 INFO [stderr]    0:     0x564ad15ee76e - std::sys::unix::backtrace::tracing::imp::unwind_backtrace::h15749a98198ba25f
Dec 02 07:01:45.799 INFO [stderr]                                at libstd/sys/unix/backtrace/tracing/gcc_s.rs:49
Dec 02 07:01:45.799 INFO [stderr]    1:     0x564ad15dfcf6 - std::sys_common::backtrace::print::h0ba65c811294dbf0
Dec 02 07:01:45.799 INFO [stderr]                                at libstd/sys_common/backtrace.rs:71
Dec 02 07:01:45.799 INFO [stderr]                                at libstd/sys_common/backtrace.rs:59
Dec 02 07:01:45.799 INFO [stderr]    2:     0x564ad15de63d - std::panicking::default_hook::{{closure}}::h42bb31757f0fee64
Dec 02 07:01:45.799 INFO [stderr]                                at libstd/panicking.rs:211
Dec 02 07:01:45.799 INFO [stderr]    3:     0x564ad15de3b0 - std::panicking::default_hook::hebc8848d7aa7dbd9
Dec 02 07:01:45.799 INFO [stderr]                                at libstd/panicking.rs:227
Dec 02 07:01:45.799 INFO [stderr]    4:     0x564ad15dec3c - std::panicking::rust_panic_with_hook::h86e619a638415243
Dec 02 07:01:45.799 INFO [stderr]                                at libstd/panicking.rs:477
Dec 02 07:01:45.799 INFO [stderr]    5:     0x564ad15c1c4f - std::panicking::begin_panic::hbeb32d5c5466c97c
Dec 02 07:01:45.799 INFO [stderr]                                at libstd/panicking.rs:411
Dec 02 07:01:45.799 INFO [stderr]    6:     0x564ad15bfd93 - build_script_build::main::ha7f00ddb882383c5
Dec 02 07:01:45.799 INFO [stderr]                                at /cargo-home/registry/src/github.com-1ecc6299db9ec823/rocket-0.4.0-rc.1/build.rs:38
Dec 02 07:01:45.799 INFO [stderr]    7:     0x564ad15c253f - std::rt::lang_start::{{closure}}::hce7f43361c5ccc29
Dec 02 07:01:45.799 INFO [stderr]                                at libstd/rt.rs:74
Dec 02 07:01:45.799 INFO [stderr]    8:     0x564ad15de6e2 - std::panicking::try::do_call::h47665672c57b11e4
Dec 02 07:01:45.799 INFO [stderr]                                at libstd/rt.rs:59
Dec 02 07:01:45.799 INFO [stderr]                                at libstd/panicking.rs:310
Dec 02 07:01:45.799 INFO [stderr]    9:     0x564ad15ff699 - __rust_maybe_catch_panic
Dec 02 07:01:45.799 INFO [stderr]                                at libpanic_unwind/lib.rs:103
Dec 02 07:01:45.799 INFO [stderr]   10:     0x564ad15e9765 - std::rt::lang_start_internal::had9505969b8e20a2
Dec 02 07:01:45.799 INFO [stderr]                                at libstd/panicking.rs:289
Dec 02 07:01:45.799 INFO [stderr]                                at libstd/panic.rs:392
Dec 02 07:01:45.799 INFO [stderr]                                at libstd/rt.rs:58
Dec 02 07:01:45.799 INFO [stderr]   11:     0x564ad15c2517 - std::rt::lang_start::h2628c6095f2c2016
Dec 02 07:01:45.799 INFO [stderr]                                at libstd/rt.rs:74
Dec 02 07:01:45.799 INFO [stderr]   12:     0x564ad15c0c39 - main
Dec 02 07:01:45.799 INFO [stderr]   13:     0x7f617b29182f - __libc_start_main
Dec 02 07:01:45.799 INFO [stderr]   14:     0x564ad15bf448 - _start
Dec 02 07:01:45.799 INFO [stderr]   15:                0x0 - <unknown>
Dec 02 07:01:45.799 INFO [stderr] 
Dec 02 07:01:45.799 INFO [stderr] warning: build failed, waiting for other jobs to finish...
Dec 02 07:01:45.835 INFO [stderr] error: failed to run custom build command for `rocket_codegen v0.4.0-rc.1`
Dec 02 07:01:45.835 INFO [stderr] process didn't exit successfully: `/target/debug/build/rocket_codegen-b3766e60f856b7c7/build-script-build` (exit code: 101)
Dec 02 07:01:45.835 INFO [stderr] --- stderr
Dec 02 07:01:45.835 INFO [stderr] [1;31mError:[0m [37mRocket requires a nightly or dev version of Rust.[0m
Dec 02 07:01:45.835 INFO [stderr] [37mInstalled version is:[0m [33m1.30.1 (2018-11-07)[0m. [37mMinimum required:[0m [33m1.31.0-nightly (2018-10-05)[0m.
Dec 02 07:01:45.835 INFO [stderr] [34mSee the getting started guide ([0m[37mhttps://rocket.rs/v0.4/guide/getting-started/[0m[34m) for more information.[0m
Dec 02 07:01:45.835 INFO [stderr] thread 'main' panicked at 'Aborting compilation due to incompatible compiler.', /cargo-home/registry/src/github.com-1ecc6299db9ec823/rocket_codegen-0.4.0-rc.1/build.rs:38:13
Dec 02 07:01:45.835 INFO [stderr] stack backtrace:
Dec 02 07:01:45.835 INFO [stderr]    0:     0x56355344d76e - std::sys::unix::backtrace::tracing::imp::unwind_backtrace::h15749a98198ba25f
Dec 02 07:01:45.835 INFO [stderr]                                at libstd/sys/unix/backtrace/tracing/gcc_s.rs:49
Dec 02 07:01:45.835 INFO [stderr]    1:     0x56355343ecf6 - std::sys_common::backtrace::print::h0ba65c811294dbf0
Dec 02 07:01:45.835 INFO [stderr]                                at libstd/sys_common/backtrace.rs:71
Dec 02 07:01:45.835 INFO [stderr]                                at libstd/sys_common/backtrace.rs:59
Dec 02 07:01:45.835 INFO [stderr]    2:     0x56355343d63d - std::panicking::default_hook::{{closure}}::h42bb31757f0fee64
Dec 02 07:01:45.835 INFO [stderr]                                at libstd/panicking.rs:211
Dec 02 07:01:45.835 INFO [stderr]    3:     0x56355343d3b0 - std::panicking::default_hook::hebc8848d7aa7dbd9
Dec 02 07:01:45.835 INFO [stderr]                                at libstd/panicking.rs:227
Dec 02 07:01:45.835 INFO [stderr]    4:     0x56355343dc3c - std::panicking::rust_panic_with_hook::h86e619a638415243
Dec 02 07:01:45.835 INFO [stderr]                                at libstd/panicking.rs:477
Dec 02 07:01:45.835 INFO [stderr]    5:     0x563553420c4f - std::panicking::begin_panic::h5300d5881ad10219
Dec 02 07:01:45.835 INFO [stderr]                                at libstd/panicking.rs:411
Dec 02 07:01:45.835 INFO [stderr]    6:     0x56355341ed93 - build_script_build::main::h7b18d54a3663a52a
Dec 02 07:01:45.835 INFO [stderr]                                at /cargo-home/registry/src/github.com-1ecc6299db9ec823/rocket_codegen-0.4.0-rc.1/build.rs:38
Dec 02 07:01:45.835 INFO [stderr]    7:     0x56355342153f - std::rt::lang_start::{{closure}}::h62d15034588ddff6
Dec 02 07:01:45.835 INFO [stderr]                                at libstd/rt.rs:74
Dec 02 07:01:45.835 INFO [stderr]    8:     0x56355343d6e2 - std::panicking::try::do_call::h47665672c57b11e4
Dec 02 07:01:45.835 INFO [stderr]                                at libstd/rt.rs:59
Dec 02 07:01:45.835 INFO [stderr]                                at libstd/panicking.rs:310
Dec 02 07:01:45.835 INFO [stderr]    9:     0x56355345e699 - __rust_maybe_catch_panic
Dec 02 07:01:45.835 INFO [stderr]                                at libpanic_unwind/lib.rs:103
Dec 02 07:01:45.835 INFO [stderr]   10:     0x563553448765 - std::rt::lang_start_internal::had9505969b8e20a2
Dec 02 07:01:45.835 INFO [stderr]                                at libstd/panicking.rs:289
Dec 02 07:01:45.835 INFO [stderr]                                at libstd/panic.rs:392
Dec 02 07:01:45.835 INFO [stderr]                                at libstd/rt.rs:58
Dec 02 07:01:45.835 INFO [stderr]   11:     0x563553421517 - std::rt::lang_start::h3dd6b8226db6164a
Dec 02 07:01:45.835 INFO [stderr]                                at libstd/rt.rs:74
Dec 02 07:01:45.835 INFO [stderr]   12:     0x56355341fc39 - main
Dec 02 07:01:45.835 INFO [stderr]   13:     0x7fe9ce1d282f - __libc_start_main
Dec 02 07:01:45.835 INFO [stderr]   14:     0x56355341e448 - _start
Dec 02 07:01:45.835 INFO [stderr]   15:                0x0 - <unknown>
Dec 02 07:01:45.835 INFO [stderr] 
Dec 02 07:01:45.835 INFO [stderr] warning: build failed, waiting for other jobs to finish...
Dec 02 07:01:45.967 INFO [stderr] error: failed to run custom build command for `rocket_contrib_codegen v0.4.0-rc.1`
Dec 02 07:01:45.967 INFO [stderr] process didn't exit successfully: `/target/debug/build/rocket_contrib_codegen-0ac2975765450dbb/build-script-build` (exit code: 101)
Dec 02 07:01:45.967 INFO [stderr] --- stderr
Dec 02 07:01:45.967 INFO [stderr] [1;31mError:[0m [37mRocket requires a nightly or dev version of Rust.[0m
Dec 02 07:01:45.967 INFO [stderr] [37mInstalled version is:[0m [33m1.30.1 (2018-11-07)[0m. [37mMinimum required:[0m [33m1.31.0-nightly (2018-10-05)[0m.
Dec 02 07:01:45.967 INFO [stderr] [34mSee the getting started guide ([0m[37mhttps://rocket.rs/v0.4/guide/getting-started/[0m[34m) for more information.[0m
Dec 02 07:01:45.967 INFO [stderr] thread 'main' panicked at 'Aborting compilation due to incompatible compiler.', /cargo-home/registry/src/github.com-1ecc6299db9ec823/rocket_contrib_codegen-0.4.0-rc.1/build.rs:38:13
Dec 02 07:01:45.967 INFO [stderr] stack backtrace:
Dec 02 07:01:45.967 INFO [stderr]    0:     0x5634bf6fd76e - std::sys::unix::backtrace::tracing::imp::unwind_backtrace::h15749a98198ba25f
Dec 02 07:01:45.967 INFO [stderr]                                at libstd/sys/unix/backtrace/tracing/gcc_s.rs:49
Dec 02 07:01:45.967 INFO [stderr]    1:     0x5634bf6eecf6 - std::sys_common::backtrace::print::h0ba65c811294dbf0
Dec 02 07:01:45.967 INFO [stderr]                                at libstd/sys_common/backtrace.rs:71
Dec 02 07:01:45.967 INFO [stderr]                                at libstd/sys_common/backtrace.rs:59
Dec 02 07:01:45.967 INFO [stderr]    2:     0x5634bf6ed63d - std::panicking::default_hook::{{closure}}::h42bb31757f0fee64
Dec 02 07:01:45.967 INFO [stderr]                                at libstd/panicking.rs:211
Dec 02 07:01:45.967 INFO [stderr]    3:     0x5634bf6ed3b0 - std::panicking::default_hook::hebc8848d7aa7dbd9
Dec 02 07:01:45.967 INFO [stderr]                                at libstd/panicking.rs:227
Dec 02 07:01:45.967 INFO [stderr]    4:     0x5634bf6edc3c - std::panicking::rust_panic_with_hook::h86e619a638415243
Dec 02 07:01:45.967 INFO [stderr]                                at libstd/panicking.rs:477
Dec 02 07:01:45.967 INFO [stderr]    5:     0x5634bf6d0c4f - std::panicking::begin_panic::h78d6916076bd965c
Dec 02 07:01:45.967 INFO [stderr]                                at libstd/panicking.rs:411
Dec 02 07:01:45.967 INFO [stderr]    6:     0x5634bf6ced93 - build_script_build::main::h19ef49de0212f5bd
Dec 02 07:01:45.967 INFO [stderr]                                at /cargo-home/registry/src/github.com-1ecc6299db9ec823/rocket_contrib_codegen-0.4.0-rc.1/build.rs:38
Dec 02 07:01:45.967 INFO [stderr]    7:     0x5634bf6d153f - std::rt::lang_start::{{closure}}::h62ae2f79b787ac4d
Dec 02 07:01:45.967 INFO [stderr]                                at libstd/rt.rs:74
Dec 02 07:01:45.967 INFO [stderr]    8:     0x5634bf6ed6e2 - std::panicking::try::do_call::h47665672c57b11e4
Dec 02 07:01:45.967 INFO [stderr]                                at libstd/rt.rs:59
Dec 02 07:01:45.967 INFO [stderr]                                at libstd/panicking.rs:310
Dec 02 07:01:45.967 INFO [stderr]    9:     0x5634bf70e699 - __rust_maybe_catch_panic
Dec 02 07:01:45.967 INFO [stderr]                                at libpanic_unwind/lib.rs:103
Dec 02 07:01:45.967 INFO [stderr]   10:     0x5634bf6f8765 - std::rt::lang_start_internal::had9505969b8e20a2
Dec 02 07:01:45.967 INFO [stderr]                                at libstd/panicking.rs:289
Dec 02 07:01:45.967 INFO [stderr]                                at libstd/panic.rs:392
Dec 02 07:01:45.967 INFO [stderr]                                at libstd/rt.rs:58
Dec 02 07:01:45.967 INFO [stderr]   11:     0x5634bf6d1517 - std::rt::lang_start::hf1696cdb5da1ce11
Dec 02 07:01:45.967 INFO [stderr]                                at libstd/rt.rs:74
Dec 02 07:01:45.968 INFO [stderr]   12:     0x5634bf6cfc39 - main
Dec 02 07:01:45.968 INFO [stderr]   13:     0x7fdba81b582f - __libc_start_main
Dec 02 07:01:45.968 INFO [stderr]   14:     0x5634bf6ce448 - _start
Dec 02 07:01:45.968 INFO [stderr]   15:                0x0 - <unknown>
Dec 02 07:01:45.968 INFO [stderr] 
Dec 02 07:01:45.968 INFO [stderr] warning: build failed, waiting for other jobs to finish...
Dec 02 07:01:45.968 INFO [stderr] error: failed to run custom build command for `pear_codegen v0.1.0`
Dec 02 07:01:45.968 INFO [stderr] process didn't exit successfully: `/target/debug/build/pear_codegen-9fbfa5e004b4a932/build-script-build` (exit code: 101)
Dec 02 07:01:45.968 INFO [stderr] --- stderr
Dec 02 07:01:45.968 INFO [stderr] [1;31mError:[0m [37mPear requires a nightly or dev version of Rust.[0m
Dec 02 07:01:45.968 INFO [stderr] [37mInstalled version is:[0m [33m1.30.1 (2018-11-07)[0m. [37mMinimum required:[0m [33m1.31.0-nightly (2018-10-05)[0m.
Dec 02 07:01:45.968 INFO [stderr] thread 'main' panicked at 'Aborting compilation due to incompatible compiler.', /cargo-home/registry/src/github.com-1ecc6299db9ec823/pear_codegen-0.1.0/build.rs:31:13
Dec 02 07:01:45.968 INFO [stderr] stack backtrace:
Dec 02 07:01:45.968 INFO [stderr]    0:     0x56192103d53e - std::sys::unix::backtrace::tracing::imp::unwind_backtrace::h15749a98198ba25f
Dec 02 07:01:45.968 INFO [stderr]                                at libstd/sys/unix/backtrace/tracing/gcc_s.rs:49
Dec 02 07:01:45.968 INFO [stderr]    1:     0x56192102eac6 - std::sys_common::backtrace::print::h0ba65c811294dbf0
Dec 02 07:01:45.968 INFO [stderr]                                at libstd/sys_common/backtrace.rs:71
Dec 02 07:01:45.968 INFO [stderr]                                at libstd/sys_common/backtrace.rs:59
Dec 02 07:01:45.968 INFO [stderr]    2:     0x56192102d40d - std::panicking::default_hook::{{closure}}::h42bb31757f0fee64
Dec 02 07:01:45.968 INFO [stderr]                                at libstd/panicking.rs:211
Dec 02 07:01:45.968 INFO [stderr]    3:     0x56192102d180 - std::panicking::default_hook::hebc8848d7aa7dbd9
Dec 02 07:01:45.968 INFO [stderr]                                at libstd/panicking.rs:227
Dec 02 07:01:45.968 INFO [stderr]    4:     0x56192102da0c - std::panicking::rust_panic_with_hook::h86e619a638415243
Dec 02 07:01:45.968 INFO [stderr]                                at libstd/panicking.rs:477
Dec 02 07:01:45.968 INFO [stderr]    5:     0x561921010a1f - std::panicking::begin_panic::he172dd14e8f08adb
Dec 02 07:01:45.968 INFO [stderr]                                at libstd/panicking.rs:411
Dec 02 07:01:45.968 INFO [stderr]    6:     0x56192100eb5a - build_script_build::main::h27ae057aa73817a6
Dec 02 07:01:45.968 INFO [stderr]                                at /cargo-home/registry/src/github.com-1ecc6299db9ec823/pear_codegen-0.1.0/build.rs:31
Dec 02 07:01:45.968 INFO [stderr]    7:     0x56192101130f - std::rt::lang_start::{{closure}}::hc83a8c21fbc76a93
Dec 02 07:01:45.968 INFO [stderr]                                at libstd/rt.rs:74
Dec 02 07:01:45.968 INFO [stderr]    8:     0x56192102d4b2 - std::panicking::try::do_call::h47665672c57b11e4
Dec 02 07:01:45.968 INFO [stderr]                                at libstd/rt.rs:59
Dec 02 07:01:45.968 INFO [stderr]                                at libstd/panicking.rs:310
Dec 02 07:01:45.968 INFO [stderr]    9:     0x56192104e469 - __rust_maybe_catch_panic
Dec 02 07:01:45.968 INFO [stderr]                                at libpanic_unwind/lib.rs:103
Dec 02 07:01:45.968 INFO [stderr]   10:     0x561921038535 - std::rt::lang_start_internal::had9505969b8e20a2
Dec 02 07:01:45.968 INFO [stderr]                                at libstd/panicking.rs:289
Dec 02 07:01:45.968 INFO [stderr]                                at libstd/panic.rs:392
Dec 02 07:01:45.968 INFO [stderr]                                at libstd/rt.rs:58
Dec 02 07:01:45.968 INFO [stderr]   11:     0x5619210112e7 - std::rt::lang_start::h2dc4fdab26609425
Dec 02 07:01:45.968 INFO [stderr]                                at libstd/rt.rs:74
Dec 02 07:01:45.968 INFO [stderr]   12:     0x56192100fa09 - main
Dec 02 07:01:45.968 INFO [stderr]   13:     0x7f203711082f - __libc_start_main
Dec 02 07:01:45.968 INFO [stderr]   14:     0x56192100e448 - _start
Dec 02 07:01:45.968 INFO [stderr]   15:                0x0 - <unknown>
Dec 02 07:01:45.968 INFO [stderr] 
Dec 02 07:01:45.968 INFO [stderr] warning: build failed, waiting for other jobs to finish...
Dec 02 07:01:49.120 INFO [stderr] error: build failed
Dec 02 07:01:49.131 INFO [stderr] su: No module specific data is present
Dec 02 07:01:50.004 INFO running `"docker" "inspect" "1a84a6241f7f5343149164b8003d7b5052137267a4b687684809dd409f1e1cfb"`
Dec 02 07:01:50.307 INFO running `"docker" "rm" "-f" "1a84a6241f7f5343149164b8003d7b5052137267a4b687684809dd409f1e1cfb"`
Dec 02 07:01:50.575 INFO [stdout] 1a84a6241f7f5343149164b8003d7b5052137267a4b687684809dd409f1e1cfb
