Dec 02 07:13:37.440 INFO testing HazardDev/rust-zoo-micro against 1.30.1 for beta-1.31-5
Dec 02 07:13:37.440 INFO running `"docker" "create" "-v" "/mnt/big/crater/work/local/target-dirs/beta-1.31-5/worker-4/1.30.1:/target:rw,Z" "-v" "/mnt/big/crater/work/local/test-source/worker-4/beta-1.31-5/1.30.1:/source:ro,Z" "-v" "/mnt/big/crater/work/local/cargo-home:/cargo-home:ro,Z" "-v" "/mnt/big/crater/work/local/rustup-home:/rustup-home:ro,Z" "-e" "USER_ID=1000" "-e" "SOURCE_DIR=/source" "-e" "USER_ID=1000" "-e" "CMD=cargo +1.30.1 build --frozen" "-e" "CARGO_TARGET_DIR=/target" "-e" "CARGO_INCREMENTAL=0" "-e" "RUST_BACKTRACE=full" "-e" "RUSTFLAGS=--cap-lints=warn" "-e" "CARGO_HOME=/cargo-home" "-e" "RUSTUP_HOME=/rustup-home" "-m" "1536M" "--network" "none" "crater"`
Dec 02 07:13:37.595 INFO [stdout] ab853495f6e7f2abce99249b5557a2e12a8d79a44c2549bbaf0f3bb7a58f64fa
Dec 02 07:13:37.600 INFO running `"docker" "start" "-a" "ab853495f6e7f2abce99249b5557a2e12a8d79a44c2549bbaf0f3bb7a58f64fa"`
Dec 02 07:13:38.439 INFO [stderr] usermod: no changes
Dec 02 07:13:38.732 INFO [stderr]    Compiling base64 v0.6.0
Dec 02 07:13:38.732 INFO [stderr]    Compiling base64 v0.9.2
Dec 02 07:13:38.741 INFO [stderr]    Compiling pear_codegen v0.0.20
Dec 02 07:13:38.741 INFO [stderr]    Compiling rocket v0.3.16
Dec 02 07:13:38.741 INFO [stderr]    Compiling rocket_codegen v0.3.16
Dec 02 07:13:38.748 INFO [stderr]    Compiling mime v0.2.6
Dec 02 07:13:38.784 INFO [stderr]    Compiling toml v0.4.6
Dec 02 07:13:38.784 INFO [stderr]    Compiling thread_local v0.3.6
Dec 02 07:13:39.155 INFO [stderr] error: failed to run custom build command for `rocket v0.3.16`
Dec 02 07:13:39.155 INFO [stderr] process didn't exit successfully: `/target/debug/build/rocket-a61187eead96cae3/build-script-build` (exit code: 101)
Dec 02 07:13:39.155 INFO [stderr] --- stderr
Dec 02 07:13:39.155 INFO [stderr] [1;31mError:[0m [37mRocket requires a nightly or dev version of Rust.[0m
Dec 02 07:13:39.155 INFO [stderr] [37mInstalled version is:[0m [33m1.30.1 (2018-11-07)[0m. [37mMinimum required:[0m [33m1.27.0-nightly (2018-04-26)[0m.
Dec 02 07:13:39.155 INFO [stderr] [34mSee the getting started guide ([0m[37mhttps://rocket.rs/guide/getting-started/[0m[34m) for more information.[0m
Dec 02 07:13:39.155 INFO [stderr] thread 'main' panicked at 'Aborting compilation due to incompatible compiler.', /cargo-home/registry/src/github.com-1ecc6299db9ec823/rocket-0.3.16/build.rs:38:13
Dec 02 07:13:39.155 INFO [stderr] stack backtrace:
Dec 02 07:13:39.155 INFO [stderr]    0:     0x55b532e35a0e - std::sys::unix::backtrace::tracing::imp::unwind_backtrace::h15749a98198ba25f
Dec 02 07:13:39.155 INFO [stderr]                                at libstd/sys/unix/backtrace/tracing/gcc_s.rs:49
Dec 02 07:13:39.155 INFO [stderr]    1:     0x55b532e26f96 - std::sys_common::backtrace::print::h0ba65c811294dbf0
Dec 02 07:13:39.155 INFO [stderr]                                at libstd/sys_common/backtrace.rs:71
Dec 02 07:13:39.155 INFO [stderr]                                at libstd/sys_common/backtrace.rs:59
Dec 02 07:13:39.155 INFO [stderr]    2:     0x55b532e258dd - std::panicking::default_hook::{{closure}}::h42bb31757f0fee64
Dec 02 07:13:39.155 INFO [stderr]                                at libstd/panicking.rs:211
Dec 02 07:13:39.155 INFO [stderr]    3:     0x55b532e25650 - std::panicking::default_hook::hebc8848d7aa7dbd9
Dec 02 07:13:39.155 INFO [stderr]                                at libstd/panicking.rs:227
Dec 02 07:13:39.155 INFO [stderr]    4:     0x55b532e25edc - std::panicking::rust_panic_with_hook::h86e619a638415243
Dec 02 07:13:39.155 INFO [stderr]                                at libstd/panicking.rs:477
Dec 02 07:13:39.155 INFO [stderr]    5:     0x55b532e09c2f - std::panicking::begin_panic::h1547f6b8df8ef062
Dec 02 07:13:39.155 INFO [stderr]                                at libstd/panicking.rs:411
Dec 02 07:13:39.155 INFO [stderr]    6:     0x55b532e07d73 - build_script_build::main::h7e1e0ce982337217
Dec 02 07:13:39.155 INFO [stderr]                                at /cargo-home/registry/src/github.com-1ecc6299db9ec823/rocket-0.3.16/build.rs:38
Dec 02 07:13:39.155 INFO [stderr]    7:     0x55b532e0a51f - std::rt::lang_start::{{closure}}::hdcba730274cd6e5e
Dec 02 07:13:39.155 INFO [stderr]                                at libstd/rt.rs:74
Dec 02 07:13:39.155 INFO [stderr]    8:     0x55b532e25982 - std::panicking::try::do_call::h47665672c57b11e4
Dec 02 07:13:39.155 INFO [stderr]                                at libstd/rt.rs:59
Dec 02 07:13:39.155 INFO [stderr]                                at libstd/panicking.rs:310
Dec 02 07:13:39.155 INFO [stderr]    9:     0x55b532e46939 - __rust_maybe_catch_panic
Dec 02 07:13:39.155 INFO [stderr]                                at libpanic_unwind/lib.rs:103
Dec 02 07:13:39.155 INFO [stderr]   10:     0x55b532e30a05 - std::rt::lang_start_internal::had9505969b8e20a2
Dec 02 07:13:39.155 INFO [stderr]                                at libstd/panicking.rs:289
Dec 02 07:13:39.155 INFO [stderr]                                at libstd/panic.rs:392
Dec 02 07:13:39.155 INFO [stderr]                                at libstd/rt.rs:58
Dec 02 07:13:39.155 INFO [stderr]   11:     0x55b532e0a4f7 - std::rt::lang_start::h5723be38f20d77cf
Dec 02 07:13:39.155 INFO [stderr]                                at libstd/rt.rs:74
Dec 02 07:13:39.155 INFO [stderr]   12:     0x55b532e08c19 - main
Dec 02 07:13:39.155 INFO [stderr]   13:     0x7ff3f855282f - __libc_start_main
Dec 02 07:13:39.155 INFO [stderr]   14:     0x55b532e07428 - _start
Dec 02 07:13:39.155 INFO [stderr]   15:                0x0 - <unknown>
Dec 02 07:13:39.155 INFO [stderr] 
Dec 02 07:13:39.155 INFO [stderr] warning: build failed, waiting for other jobs to finish...
Dec 02 07:13:39.223 INFO [stderr] error: failed to run custom build command for `pear_codegen v0.0.20`
Dec 02 07:13:39.223 INFO [stderr] process didn't exit successfully: `/target/debug/build/pear_codegen-183b5b0a0ae809b5/build-script-build` (exit code: 101)
Dec 02 07:13:39.223 INFO [stderr] --- stderr
Dec 02 07:13:39.223 INFO [stderr] [1;31mError:[0m [37mPear requires a nightly or dev version of Rust.[0m
Dec 02 07:13:39.223 INFO [stderr] [37mInstalled version is:[0m [33m1.30.1 (2018-11-07)[0m. [37mMinimum required:[0m [33m1.30.0-nightly (2018-08-23)[0m.
Dec 02 07:13:39.223 INFO [stderr] thread 'main' panicked at 'Aborting compilation due to incompatible compiler.', /cargo-home/registry/src/github.com-1ecc6299db9ec823/pear_codegen-0.0.20/build.rs:31:13
Dec 02 07:13:39.223 INFO [stderr] stack backtrace:
Dec 02 07:13:39.223 INFO [stderr]    0:     0x5646936457de - std::sys::unix::backtrace::tracing::imp::unwind_backtrace::h15749a98198ba25f
Dec 02 07:13:39.223 INFO [stderr]                                at libstd/sys/unix/backtrace/tracing/gcc_s.rs:49
Dec 02 07:13:39.223 INFO [stderr]    1:     0x564693636d66 - std::sys_common::backtrace::print::h0ba65c811294dbf0
Dec 02 07:13:39.223 INFO [stderr]                                at libstd/sys_common/backtrace.rs:71
Dec 02 07:13:39.223 INFO [stderr]                                at libstd/sys_common/backtrace.rs:59
Dec 02 07:13:39.223 INFO [stderr]    2:     0x5646936356ad - std::panicking::default_hook::{{closure}}::h42bb31757f0fee64
Dec 02 07:13:39.223 INFO [stderr]                                at libstd/panicking.rs:211
Dec 02 07:13:39.223 INFO [stderr]    3:     0x564693635420 - std::panicking::default_hook::hebc8848d7aa7dbd9
Dec 02 07:13:39.223 INFO [stderr]                                at libstd/panicking.rs:227
Dec 02 07:13:39.223 INFO [stderr]    4:     0x564693635cac - std::panicking::rust_panic_with_hook::h86e619a638415243
Dec 02 07:13:39.223 INFO [stderr]                                at libstd/panicking.rs:477
Dec 02 07:13:39.223 INFO [stderr]    5:     0x5646936199ff - std::panicking::begin_panic::h65ef3ad7de42f4ad
Dec 02 07:13:39.223 INFO [stderr]                                at libstd/panicking.rs:411
Dec 02 07:13:39.223 INFO [stderr]    6:     0x564693617b3a - build_script_build::main::h46f39c458748acff
Dec 02 07:13:39.223 INFO [stderr]                                at /cargo-home/registry/src/github.com-1ecc6299db9ec823/pear_codegen-0.0.20/build.rs:31
Dec 02 07:13:39.223 INFO [stderr]    7:     0x56469361a2ef - std::rt::lang_start::{{closure}}::h104f159df20e8d81
Dec 02 07:13:39.223 INFO [stderr]                                at libstd/rt.rs:74
Dec 02 07:13:39.223 INFO [stderr]    8:     0x564693635752 - std::panicking::try::do_call::h47665672c57b11e4
Dec 02 07:13:39.223 INFO [stderr]                                at libstd/rt.rs:59
Dec 02 07:13:39.223 INFO [stderr]                                at libstd/panicking.rs:310
Dec 02 07:13:39.223 INFO [stderr]    9:     0x564693656709 - __rust_maybe_catch_panic
Dec 02 07:13:39.223 INFO [stderr]                                at libpanic_unwind/lib.rs:103
Dec 02 07:13:39.224 INFO [stderr]   10:     0x5646936407d5 - std::rt::lang_start_internal::had9505969b8e20a2
Dec 02 07:13:39.224 INFO [stderr]                                at libstd/panicking.rs:289
Dec 02 07:13:39.224 INFO [stderr]                                at libstd/panic.rs:392
Dec 02 07:13:39.224 INFO [stderr]                                at libstd/rt.rs:58
Dec 02 07:13:39.224 INFO [stderr]   11:     0x56469361a2c7 - std::rt::lang_start::h6c12a89b5498f3bc
Dec 02 07:13:39.224 INFO [stderr]                                at libstd/rt.rs:74
Dec 02 07:13:39.224 INFO [stderr]   12:     0x5646936189e9 - main
Dec 02 07:13:39.224 INFO [stderr]   13:     0x7f144ef1282f - __libc_start_main
Dec 02 07:13:39.224 INFO [stderr]   14:     0x564693617428 - _start
Dec 02 07:13:39.224 INFO [stderr]   15:                0x0 - <unknown>
Dec 02 07:13:39.224 INFO [stderr] 
Dec 02 07:13:39.224 INFO [stderr] warning: build failed, waiting for other jobs to finish...
Dec 02 07:13:39.285 INFO [stderr] error: failed to run custom build command for `rocket_codegen v0.3.16`
Dec 02 07:13:39.285 INFO [stderr] process didn't exit successfully: `/target/debug/build/rocket_codegen-35313927dfebcaa1/build-script-build` (exit code: 101)
Dec 02 07:13:39.285 INFO [stderr] --- stderr
Dec 02 07:13:39.285 INFO [stderr] [1;31mError:[0m [37mRocket requires a nightly or dev version of Rust.[0m
Dec 02 07:13:39.285 INFO [stderr] [37mInstalled version is:[0m [33m1.30.1 (2018-11-07)[0m. [37mMinimum required:[0m [33m1.30.0-nightly (2018-08-23)[0m.
Dec 02 07:13:39.285 INFO [stderr] [34mSee the getting started guide ([0m[37mhttps://rocket.rs/guide/getting-started/[0m[34m) for more information.[0m
Dec 02 07:13:39.285 INFO [stderr] thread 'main' panicked at 'Aborting compilation due to incompatible compiler.', /cargo-home/registry/src/github.com-1ecc6299db9ec823/rocket_codegen-0.3.16/build.rs:38:17
Dec 02 07:13:39.285 INFO [stderr] stack backtrace:
Dec 02 07:13:39.285 INFO [stderr]    0:     0x5637ff3d79fe - std::sys::unix::backtrace::tracing::imp::unwind_backtrace::h15749a98198ba25f
Dec 02 07:13:39.285 INFO [stderr]                                at libstd/sys/unix/backtrace/tracing/gcc_s.rs:49
Dec 02 07:13:39.285 INFO [stderr]    1:     0x5637ff3c8f86 - std::sys_common::backtrace::print::h0ba65c811294dbf0
Dec 02 07:13:39.285 INFO [stderr]                                at libstd/sys_common/backtrace.rs:71
Dec 02 07:13:39.285 INFO [stderr]                                at libstd/sys_common/backtrace.rs:59
Dec 02 07:13:39.285 INFO [stderr]    2:     0x5637ff3c78cd - std::panicking::default_hook::{{closure}}::h42bb31757f0fee64
Dec 02 07:13:39.285 INFO [stderr]                                at libstd/panicking.rs:211
Dec 02 07:13:39.285 INFO [stderr]    3:     0x5637ff3c7640 - std::panicking::default_hook::hebc8848d7aa7dbd9
Dec 02 07:13:39.285 INFO [stderr]                                at libstd/panicking.rs:227
Dec 02 07:13:39.285 INFO [stderr]    4:     0x5637ff3c7ecc - std::panicking::rust_panic_with_hook::h86e619a638415243
Dec 02 07:13:39.285 INFO [stderr]                                at libstd/panicking.rs:477
Dec 02 07:13:39.285 INFO [stderr]    5:     0x5637ff3abc1f - std::panicking::begin_panic::h26807ac2abfc2210
Dec 02 07:13:39.285 INFO [stderr]                                at libstd/panicking.rs:411
Dec 02 07:13:39.285 INFO [stderr]    6:     0x5637ff3a9d72 - build_script_build::main::h5e3452ecf2935038
Dec 02 07:13:39.285 INFO [stderr]                                at /cargo-home/registry/src/github.com-1ecc6299db9ec823/rocket_codegen-0.3.16/build.rs:38
Dec 02 07:13:39.285 INFO [stderr]    7:     0x5637ff3ac50f - std::rt::lang_start::{{closure}}::hdd73b25a420f224f
Dec 02 07:13:39.285 INFO [stderr]                                at libstd/rt.rs:74
Dec 02 07:13:39.285 INFO [stderr]    8:     0x5637ff3c7972 - std::panicking::try::do_call::h47665672c57b11e4
Dec 02 07:13:39.285 INFO [stderr]                                at libstd/rt.rs:59
Dec 02 07:13:39.285 INFO [stderr]                                at libstd/panicking.rs:310
Dec 02 07:13:39.285 INFO [stderr]    9:     0x5637ff3e8929 - __rust_maybe_catch_panic
Dec 02 07:13:39.285 INFO [stderr]                                at libpanic_unwind/lib.rs:103
Dec 02 07:13:39.285 INFO [stderr]   10:     0x5637ff3d29f5 - std::rt::lang_start_internal::had9505969b8e20a2
Dec 02 07:13:39.285 INFO [stderr]                                at libstd/panicking.rs:289
Dec 02 07:13:39.285 INFO [stderr]                                at libstd/panic.rs:392
Dec 02 07:13:39.285 INFO [stderr]                                at libstd/rt.rs:58
Dec 02 07:13:39.285 INFO [stderr]   11:     0x5637ff3ac4e7 - std::rt::lang_start::hdbaf1dc3ae5430d3
Dec 02 07:13:39.285 INFO [stderr]                                at libstd/rt.rs:74
Dec 02 07:13:39.285 INFO [stderr]   12:     0x5637ff3aac09 - main
Dec 02 07:13:39.285 INFO [stderr]   13:     0x7f5c7a8ff82f - __libc_start_main
Dec 02 07:13:39.285 INFO [stderr]   14:     0x5637ff3a9428 - _start
Dec 02 07:13:39.285 INFO [stderr]   15:                0x0 - <unknown>
Dec 02 07:13:39.285 INFO [stderr] 
Dec 02 07:13:39.285 INFO [stderr] warning: build failed, waiting for other jobs to finish...
Dec 02 07:13:44.377 INFO [stderr] error: build failed
Dec 02 07:13:44.377 INFO [stderr] su: No module specific data is present
Dec 02 07:13:45.097 INFO running `"docker" "inspect" "ab853495f6e7f2abce99249b5557a2e12a8d79a44c2549bbaf0f3bb7a58f64fa"`
Dec 02 07:13:45.441 INFO running `"docker" "rm" "-f" "ab853495f6e7f2abce99249b5557a2e12a8d79a44c2549bbaf0f3bb7a58f64fa"`
Dec 02 07:13:45.759 INFO [stdout] ab853495f6e7f2abce99249b5557a2e12a8d79a44c2549bbaf0f3bb7a58f64fa
