Dec 02 07:16:23.056 INFO testing Haggus/actix-web-test-repo against 1.30.1 for beta-1.31-5
Dec 02 07:16:23.056 INFO running `"docker" "create" "-v" "/mnt/big/crater/work/local/target-dirs/beta-1.31-5/worker-5/1.30.1:/target:rw,Z" "-v" "/mnt/big/crater/work/local/test-source/worker-5/beta-1.31-5/1.30.1:/source:ro,Z" "-v" "/mnt/big/crater/work/local/cargo-home:/cargo-home:ro,Z" "-v" "/mnt/big/crater/work/local/rustup-home:/rustup-home:ro,Z" "-e" "USER_ID=1000" "-e" "SOURCE_DIR=/source" "-e" "USER_ID=1000" "-e" "CMD=cargo +1.30.1 build --frozen" "-e" "CARGO_TARGET_DIR=/target" "-e" "CARGO_INCREMENTAL=0" "-e" "RUST_BACKTRACE=full" "-e" "RUSTFLAGS=--cap-lints=warn" "-e" "CARGO_HOME=/cargo-home" "-e" "RUSTUP_HOME=/rustup-home" "-m" "1536M" "--network" "none" "crater"`
Dec 02 07:16:23.227 INFO [stdout] 0b9a2528a61f13a6db52619f7dc4a0792e999ca7151c8360d8532706bab3c153
Dec 02 07:16:23.229 INFO running `"docker" "start" "-a" "0b9a2528a61f13a6db52619f7dc4a0792e999ca7151c8360d8532706bab3c153"`
Dec 02 07:16:23.703 INFO [stderr] usermod: no changes
Dec 02 07:16:24.071 INFO [stderr]    Compiling quoted-string v0.2.2
Dec 02 07:16:25.081 INFO [stderr]    Compiling mime v0.3.10
Dec 02 07:16:26.483 INFO [stderr]    Compiling mime_guess v2.0.0-alpha.6
Dec 02 07:16:28.516 INFO [stderr]    Compiling actix-web v0.7.13
Dec 02 07:16:40.336 INFO [stderr] error[E0599]: no method named `as_str` found for type `mime::Value<'_>` in the current scope
Dec 02 07:16:40.336 INFO [stderr]   --> /cargo-home/registry/src/github.com-1ecc6299db9ec823/actix-web-0.7.13/src/httpmessage.rs:61:71
Dec 02 07:16:40.336 INFO [stderr]    |
Dec 02 07:16:40.336 INFO [stderr] 61 |                 if let Some(enc) = encoding_from_whatwg_label(charset.as_str()) {
Dec 02 07:16:40.336 INFO [stderr]    |                                                                       ^^^^^^
Dec 02 07:16:40.336 INFO [stderr] 
Dec 02 07:16:41.499 INFO [stderr] error[E0599]: no method named `as_str` found for type `mime::Value<'_>` in the current scope
Dec 02 07:16:41.499 INFO [stderr]   --> /cargo-home/registry/src/github.com-1ecc6299db9ec823/actix-web-0.7.13/src/multipart.rs:72:37
Dec 02 07:16:41.499 INFO [stderr]    |
Dec 02 07:16:41.499 INFO [stderr] 72 |                         Ok(boundary.as_str().to_owned())
Dec 02 07:16:41.499 INFO [stderr]    |                                     ^^^^^^
Dec 02 07:16:41.499 INFO [stderr] 
Dec 02 07:16:41.530 INFO [stderr] error[E0599]: no method named `as_str` found for type `mime::Value<'_>` in the current scope
Dec 02 07:16:41.530 INFO [stderr]    --> /cargo-home/registry/src/github.com-1ecc6299db9ec823/actix-web-0.7.13/src/multipart.rs:337:44
Dec 02 07:16:41.530 INFO [stderr]     |
Dec 02 07:16:41.530 INFO [stderr] 337 |                         boundary: boundary.as_str().to_owned(),
Dec 02 07:16:41.530 INFO [stderr]     |                                            ^^^^^^
Dec 02 07:16:41.530 INFO [stderr] 
Dec 02 07:16:42.565 INFO [stderr] error: aborting due to 3 previous errors
Dec 02 07:16:42.565 INFO [stderr] 
Dec 02 07:16:42.565 INFO [stderr] For more information about this error, try `rustc --explain E0599`.
Dec 02 07:16:42.587 INFO [stderr] error: Could not compile `actix-web`.
Dec 02 07:16:42.587 INFO [stderr] 
Dec 02 07:16:42.587 INFO [stderr] To learn more, run the command again with --verbose.
Dec 02 07:16:42.591 INFO [stderr] su: No module specific data is present
Dec 02 07:16:43.263 INFO running `"docker" "inspect" "0b9a2528a61f13a6db52619f7dc4a0792e999ca7151c8360d8532706bab3c153"`
Dec 02 07:16:43.537 INFO running `"docker" "rm" "-f" "0b9a2528a61f13a6db52619f7dc4a0792e999ca7151c8360d8532706bab3c153"`
Dec 02 07:16:43.867 INFO [stdout] 0b9a2528a61f13a6db52619f7dc4a0792e999ca7151c8360d8532706bab3c153
