Dec 02 08:04:35.512 INFO testing ElectricCoffee/Blackjack against 1.30.1 for beta-1.31-5
Dec 02 08:04:35.512 INFO running `"docker" "create" "-v" "/mnt/big/crater/work/local/target-dirs/beta-1.31-5/worker-6/1.30.1:/target:rw,Z" "-v" "/mnt/big/crater/work/local/test-source/worker-6/beta-1.31-5/1.30.1:/source:ro,Z" "-v" "/mnt/big/crater/work/local/cargo-home:/cargo-home:ro,Z" "-v" "/mnt/big/crater/work/local/rustup-home:/rustup-home:ro,Z" "-e" "USER_ID=1000" "-e" "SOURCE_DIR=/source" "-e" "USER_ID=1000" "-e" "CMD=cargo +1.30.1 build --frozen" "-e" "CARGO_TARGET_DIR=/target" "-e" "CARGO_INCREMENTAL=0" "-e" "RUST_BACKTRACE=full" "-e" "RUSTFLAGS=--cap-lints=warn" "-e" "CARGO_HOME=/cargo-home" "-e" "RUSTUP_HOME=/rustup-home" "-m" "1536M" "--network" "none" "crater"`
Dec 02 08:04:35.873 INFO [stdout] be53d243af572907a70d1f94c947a7ecee297e8ac6d380f7120ea4a78c238c1a
Dec 02 08:04:35.879 INFO running `"docker" "start" "-a" "be53d243af572907a70d1f94c947a7ecee297e8ac6d380f7120ea4a78c238c1a"`
Dec 02 08:04:37.009 INFO [stderr] usermod: no changes
Dec 02 08:04:37.083 INFO [stderr]    Compiling blackjack v0.1.0 (/source)
Dec 02 08:04:38.455 INFO [stderr] error[E0609]: no field `current_bid` on type `&mut game::state::State`
Dec 02 08:04:38.455 INFO [stderr]   --> src/game/mod.rs:35:51
Dec 02 08:04:38.455 INFO [stderr]    |
Dec 02 08:04:38.455 INFO [stderr] 35 |         if state.player_hands.is_empty() && state.current_bid > 0 {
Dec 02 08:04:38.455 INFO [stderr]    |                                                   ^^^^^^^^^^^
Dec 02 08:04:38.455 INFO [stderr] 
Dec 02 08:04:38.455 INFO [stderr] error[E0609]: no field `current_bid` on type `&mut game::state::State`
Dec 02 08:04:38.455 INFO [stderr]   --> src/game/mod.rs:41:50
Dec 02 08:04:38.455 INFO [stderr]    |
Dec 02 08:04:38.455 INFO [stderr] 41 |         if state.dealer_hand.is_empty() && state.current_bid > 0 {
Dec 02 08:04:38.455 INFO [stderr]    |                                                  ^^^^^^^^^^^
Dec 02 08:04:38.455 INFO [stderr] 
Dec 02 08:04:38.465 INFO [stderr] error[E0609]: no field `current_bid` on type `&game::state::State`
Dec 02 08:04:38.465 INFO [stderr]   --> src/game/mod.rs:77:31
Dec 02 08:04:38.465 INFO [stderr]    |
Dec 02 08:04:38.465 INFO [stderr] 77 |     println!("Pot: {}", state.current_bid);
Dec 02 08:04:38.465 INFO [stderr]    |                               ^^^^^^^^^^^
Dec 02 08:04:38.465 INFO [stderr] 
Dec 02 08:04:38.473 INFO [stderr] error[E0609]: no field `current_bid` on type `&mut game::state::State`
Dec 02 08:04:38.473 INFO [stderr]    --> src/game/mod.rs:122:15
Dec 02 08:04:38.473 INFO [stderr]     |
Dec 02 08:04:38.473 INFO [stderr] 122 |         state.current_bid += amount;
Dec 02 08:04:38.473 INFO [stderr]     |               ^^^^^^^^^^^
Dec 02 08:04:38.473 INFO [stderr] 
Dec 02 08:04:38.475 INFO [stderr] error[E0599]: no variant named `Loss` found for type `game::flow::Flow` in the current scope
Dec 02 08:04:38.475 INFO [stderr]    --> src/game/mod.rs:141:20
Dec 02 08:04:38.475 INFO [stderr]     |
Dec 02 08:04:38.475 INFO [stderr] 141 |             return Flow::Loss;
Dec 02 08:04:38.475 INFO [stderr]     |                    ^^^^^^^^^^ variant not found in `game::flow::Flow`
Dec 02 08:04:38.475 INFO [stderr]     | 
Dec 02 08:04:38.475 INFO [stderr]    ::: src/game/flow.rs:2:1
Dec 02 08:04:38.475 INFO [stderr]     |
Dec 02 08:04:38.475 INFO [stderr] 2   | pub enum Flow {
Dec 02 08:04:38.475 INFO [stderr]     | ------------- variant `Loss` not found here
Dec 02 08:04:38.475 INFO [stderr] 
Dec 02 08:04:38.475 INFO [stderr] warning: unreachable expression
Dec 02 08:04:38.475 INFO [stderr]    --> src/game/mod.rs:148:5
Dec 02 08:04:38.475 INFO [stderr]     |
Dec 02 08:04:38.475 INFO [stderr] 148 |     Flow::Continue
Dec 02 08:04:38.475 INFO [stderr]     |     ^^^^^^^^^^^^^^
Dec 02 08:04:38.475 INFO [stderr]     |
Dec 02 08:04:38.475 INFO [stderr]     = note: #[warn(unreachable_code)] on by default
Dec 02 08:04:38.475 INFO [stderr] 
Dec 02 08:04:38.480 INFO [stderr] error[E0599]: no variant named `Loss` found for type `game::flow::Flow` in the current scope
Dec 02 08:04:38.480 INFO [stderr]    --> src/game/mod.rs:176:13
Dec 02 08:04:38.480 INFO [stderr]     |
Dec 02 08:04:38.480 INFO [stderr] 176 |             Flow::Loss
Dec 02 08:04:38.480 INFO [stderr]     |             ^^^^^^^^^^ variant not found in `game::flow::Flow`
Dec 02 08:04:38.480 INFO [stderr]     | 
Dec 02 08:04:38.480 INFO [stderr]    ::: src/game/flow.rs:2:1
Dec 02 08:04:38.480 INFO [stderr]     |
Dec 02 08:04:38.480 INFO [stderr] 2   | pub enum Flow {
Dec 02 08:04:38.480 INFO [stderr]     | ------------- variant `Loss` not found here
Dec 02 08:04:38.480 INFO [stderr] 
Dec 02 08:04:38.481 INFO [stderr] error[E0609]: no field `current_bid` on type `&mut game::state::State`
Dec 02 08:04:38.481 INFO [stderr]    --> src/game/mod.rs:192:21
Dec 02 08:04:38.482 INFO [stderr]     |
Dec 02 08:04:38.482 INFO [stderr] 192 |     let pot = state.current_bid;
Dec 02 08:04:38.482 INFO [stderr]     |                     ^^^^^^^^^^^
Dec 02 08:04:38.482 INFO [stderr] 
Dec 02 08:04:38.484 INFO [stderr] error[E0599]: no variant named `Win` found for type `game::flow::Flow` in the current scope
Dec 02 08:04:38.484 INFO [stderr]    --> src/game/mod.rs:195:9
Dec 02 08:04:38.484 INFO [stderr]     |
Dec 02 08:04:38.484 INFO [stderr] 195 |         Flow::Win => {
Dec 02 08:04:38.484 INFO [stderr]     |         ^^^^^^^^^ variant not found in `game::flow::Flow`
Dec 02 08:04:38.484 INFO [stderr]     | 
Dec 02 08:04:38.484 INFO [stderr]    ::: src/game/flow.rs:2:1
Dec 02 08:04:38.484 INFO [stderr]     |
Dec 02 08:04:38.484 INFO [stderr] 2   | pub enum Flow {
Dec 02 08:04:38.484 INFO [stderr]     | ------------- variant `Win` not found here
Dec 02 08:04:38.484 INFO [stderr] 
Dec 02 08:04:38.487 INFO [stderr] error[E0599]: no variant named `Loss` found for type `game::flow::Flow` in the current scope
Dec 02 08:04:38.487 INFO [stderr]    --> src/game/mod.rs:202:9
Dec 02 08:04:38.487 INFO [stderr]     |
Dec 02 08:04:38.487 INFO [stderr] 202 |         Flow::Loss => {
Dec 02 08:04:38.487 INFO [stderr]     |         ^^^^^^^^^^ variant not found in `game::flow::Flow`
Dec 02 08:04:38.487 INFO [stderr]     | 
Dec 02 08:04:38.487 INFO [stderr]    ::: src/game/flow.rs:2:1
Dec 02 08:04:38.487 INFO [stderr]     |
Dec 02 08:04:38.487 INFO [stderr] 2   | pub enum Flow {
Dec 02 08:04:38.487 INFO [stderr]     | ------------- variant `Loss` not found here
Dec 02 08:04:38.487 INFO [stderr] 
Dec 02 08:04:38.487 INFO [stderr] error[E0609]: no field `current_bid` on type `&mut game::state::State`
Dec 02 08:04:38.487 INFO [stderr]    --> src/game/mod.rs:198:19
Dec 02 08:04:38.487 INFO [stderr]     |
Dec 02 08:04:38.487 INFO [stderr] 198 |             state.current_bid = 0;
Dec 02 08:04:38.487 INFO [stderr]     |                   ^^^^^^^^^^^
Dec 02 08:04:38.487 INFO [stderr] 
Dec 02 08:04:38.487 INFO [stderr] error[E0609]: no field `current_bid` on type `&mut game::state::State`
Dec 02 08:04:38.487 INFO [stderr]    --> src/game/mod.rs:205:19
Dec 02 08:04:38.487 INFO [stderr]     |
Dec 02 08:04:38.487 INFO [stderr] 205 |             state.current_bid = 0;
Dec 02 08:04:38.487 INFO [stderr]     |                   ^^^^^^^^^^^
Dec 02 08:04:38.487 INFO [stderr] 
Dec 02 08:04:38.507 INFO [stderr] error: aborting due to 11 previous errors
Dec 02 08:04:38.507 INFO [stderr] 
Dec 02 08:04:38.507 INFO [stderr] Some errors occurred: E0599, E0609.
Dec 02 08:04:38.507 INFO [stderr] For more information about an error, try `rustc --explain E0599`.
Dec 02 08:04:38.516 INFO [stderr] error: Could not compile `blackjack`.
Dec 02 08:04:38.516 INFO [stderr] 
Dec 02 08:04:38.516 INFO [stderr] To learn more, run the command again with --verbose.
Dec 02 08:04:38.516 INFO [stderr] su: No module specific data is present
Dec 02 08:04:38.764 INFO running `"docker" "inspect" "be53d243af572907a70d1f94c947a7ecee297e8ac6d380f7120ea4a78c238c1a"`
Dec 02 08:04:38.868 INFO running `"docker" "rm" "-f" "be53d243af572907a70d1f94c947a7ecee297e8ac6d380f7120ea4a78c238c1a"`
Dec 02 08:04:38.992 INFO [stdout] be53d243af572907a70d1f94c947a7ecee297e8ac6d380f7120ea4a78c238c1a
