Dec 02 09:06:24.819 INFO testing Bookshop-Interactive/mythical-creature-api-rust against 1.30.1 for beta-1.31-5
Dec 02 09:06:24.819 INFO running `"docker" "create" "-v" "/mnt/big/crater/work/local/target-dirs/beta-1.31-5/worker-3/1.30.1:/target:rw,Z" "-v" "/mnt/big/crater/work/local/test-source/worker-3/beta-1.31-5/1.30.1:/source:ro,Z" "-v" "/mnt/big/crater/work/local/cargo-home:/cargo-home:ro,Z" "-v" "/mnt/big/crater/work/local/rustup-home:/rustup-home:ro,Z" "-e" "USER_ID=1000" "-e" "SOURCE_DIR=/source" "-e" "USER_ID=1000" "-e" "CMD=cargo +1.30.1 build --frozen" "-e" "CARGO_TARGET_DIR=/target" "-e" "CARGO_INCREMENTAL=0" "-e" "RUST_BACKTRACE=full" "-e" "RUSTFLAGS=--cap-lints=warn" "-e" "CARGO_HOME=/cargo-home" "-e" "RUSTUP_HOME=/rustup-home" "-m" "1536M" "--network" "none" "crater"`
Dec 02 09:06:25.165 INFO [stdout] 5cc02e8d24cf44089ea04afdb496a7f3a62013f01ce0bc325d5465cc983d28c0
Dec 02 09:06:25.168 INFO running `"docker" "start" "-a" "5cc02e8d24cf44089ea04afdb496a7f3a62013f01ce0bc325d5465cc983d28c0"`
Dec 02 09:06:25.781 INFO [stderr] usermod: no changes
Dec 02 09:06:25.940 INFO [stderr]    Compiling pear_codegen v0.0.20
Dec 02 09:06:25.940 INFO [stderr]    Compiling rocket v0.3.16
Dec 02 09:06:25.940 INFO [stderr]    Compiling rocket_codegen v0.3.16
Dec 02 09:06:25.943 INFO [stderr]    Compiling ring v0.11.0
Dec 02 09:06:26.123 INFO [stderr] error: failed to run custom build command for `rocket v0.3.16`
Dec 02 09:06:26.123 INFO [stderr] process didn't exit successfully: `/target/debug/build/rocket-a61187eead96cae3/build-script-build` (exit code: 101)
Dec 02 09:06:26.123 INFO [stderr] --- stderr
Dec 02 09:06:26.123 INFO [stderr] [1;31mError:[0m [37mRocket requires a nightly or dev version of Rust.[0m
Dec 02 09:06:26.123 INFO [stderr] [37mInstalled version is:[0m [33m1.30.1 (2018-11-07)[0m. [37mMinimum required:[0m [33m1.27.0-nightly (2018-04-26)[0m.
Dec 02 09:06:26.123 INFO [stderr] [34mSee the getting started guide ([0m[37mhttps://rocket.rs/guide/getting-started/[0m[34m) for more information.[0m
Dec 02 09:06:26.123 INFO [stderr] thread 'main' panicked at 'Aborting compilation due to incompatible compiler.', /cargo-home/registry/src/github.com-1ecc6299db9ec823/rocket-0.3.16/build.rs:38:13
Dec 02 09:06:26.123 INFO [stderr] stack backtrace:
Dec 02 09:06:26.123 INFO [stderr]    0:     0x55998c0b7a0e - std::sys::unix::backtrace::tracing::imp::unwind_backtrace::h15749a98198ba25f
Dec 02 09:06:26.123 INFO [stderr]                                at libstd/sys/unix/backtrace/tracing/gcc_s.rs:49
Dec 02 09:06:26.123 INFO [stderr]    1:     0x55998c0a8f96 - std::sys_common::backtrace::print::h0ba65c811294dbf0
Dec 02 09:06:26.123 INFO [stderr]                                at libstd/sys_common/backtrace.rs:71
Dec 02 09:06:26.123 INFO [stderr]                                at libstd/sys_common/backtrace.rs:59
Dec 02 09:06:26.123 INFO [stderr]    2:     0x55998c0a78dd - std::panicking::default_hook::{{closure}}::h42bb31757f0fee64
Dec 02 09:06:26.123 INFO [stderr]                                at libstd/panicking.rs:211
Dec 02 09:06:26.123 INFO [stderr]    3:     0x55998c0a7650 - std::panicking::default_hook::hebc8848d7aa7dbd9
Dec 02 09:06:26.123 INFO [stderr]                                at libstd/panicking.rs:227
Dec 02 09:06:26.123 INFO [stderr]    4:     0x55998c0a7edc - std::panicking::rust_panic_with_hook::h86e619a638415243
Dec 02 09:06:26.123 INFO [stderr]                                at libstd/panicking.rs:477
Dec 02 09:06:26.123 INFO [stderr]    5:     0x55998c08bc2f - std::panicking::begin_panic::h1547f6b8df8ef062
Dec 02 09:06:26.123 INFO [stderr]                                at libstd/panicking.rs:411
Dec 02 09:06:26.123 INFO [stderr]    6:     0x55998c089d73 - build_script_build::main::h7e1e0ce982337217
Dec 02 09:06:26.123 INFO [stderr]                                at /cargo-home/registry/src/github.com-1ecc6299db9ec823/rocket-0.3.16/build.rs:38
Dec 02 09:06:26.123 INFO [stderr]    7:     0x55998c08c51f - std::rt::lang_start::{{closure}}::hdcba730274cd6e5e
Dec 02 09:06:26.123 INFO [stderr]                                at libstd/rt.rs:74
Dec 02 09:06:26.123 INFO [stderr]    8:     0x55998c0a7982 - std::panicking::try::do_call::h47665672c57b11e4
Dec 02 09:06:26.123 INFO [stderr]                                at libstd/rt.rs:59
Dec 02 09:06:26.123 INFO [stderr]                                at libstd/panicking.rs:310
Dec 02 09:06:26.123 INFO [stderr]    9:     0x55998c0c8939 - __rust_maybe_catch_panic
Dec 02 09:06:26.123 INFO [stderr]                                at libpanic_unwind/lib.rs:103
Dec 02 09:06:26.123 INFO [stderr]   10:     0x55998c0b2a05 - std::rt::lang_start_internal::had9505969b8e20a2
Dec 02 09:06:26.123 INFO [stderr]                                at libstd/panicking.rs:289
Dec 02 09:06:26.123 INFO [stderr]                                at libstd/panic.rs:392
Dec 02 09:06:26.123 INFO [stderr]                                at libstd/rt.rs:58
Dec 02 09:06:26.123 INFO [stderr]   11:     0x55998c08c4f7 - std::rt::lang_start::h5723be38f20d77cf
Dec 02 09:06:26.123 INFO [stderr]                                at libstd/rt.rs:74
Dec 02 09:06:26.123 INFO [stderr]   12:     0x55998c08ac19 - main
Dec 02 09:06:26.123 INFO [stderr]   13:     0x7fb3c32bc82f - __libc_start_main
Dec 02 09:06:26.123 INFO [stderr]   14:     0x55998c089428 - _start
Dec 02 09:06:26.123 INFO [stderr]   15:                0x0 - <unknown>
Dec 02 09:06:26.123 INFO [stderr] 
Dec 02 09:06:26.123 INFO [stderr] warning: build failed, waiting for other jobs to finish...
Dec 02 09:06:26.164 INFO [stderr] error: failed to run custom build command for `pear_codegen v0.0.20`
Dec 02 09:06:26.164 INFO [stderr] process didn't exit successfully: `/target/debug/build/pear_codegen-183b5b0a0ae809b5/build-script-build` (exit code: 101)
Dec 02 09:06:26.164 INFO [stderr] --- stderr
Dec 02 09:06:26.164 INFO [stderr] [1;31mError:[0m [37mPear requires a nightly or dev version of Rust.[0m
Dec 02 09:06:26.164 INFO [stderr] [37mInstalled version is:[0m [33m1.30.1 (2018-11-07)[0m. [37mMinimum required:[0m [33m1.30.0-nightly (2018-08-23)[0m.
Dec 02 09:06:26.164 INFO [stderr] thread 'main' panicked at 'Aborting compilation due to incompatible compiler.', /cargo-home/registry/src/github.com-1ecc6299db9ec823/pear_codegen-0.0.20/build.rs:31:13
Dec 02 09:06:26.164 INFO [stderr] stack backtrace:
Dec 02 09:06:26.164 INFO [stderr]    0:     0x561686b797de - std::sys::unix::backtrace::tracing::imp::unwind_backtrace::h15749a98198ba25f
Dec 02 09:06:26.164 INFO [stderr]                                at libstd/sys/unix/backtrace/tracing/gcc_s.rs:49
Dec 02 09:06:26.164 INFO [stderr]    1:     0x561686b6ad66 - std::sys_common::backtrace::print::h0ba65c811294dbf0
Dec 02 09:06:26.164 INFO [stderr]                                at libstd/sys_common/backtrace.rs:71
Dec 02 09:06:26.164 INFO [stderr]                                at libstd/sys_common/backtrace.rs:59
Dec 02 09:06:26.164 INFO [stderr]    2:     0x561686b696ad - std::panicking::default_hook::{{closure}}::h42bb31757f0fee64
Dec 02 09:06:26.164 INFO [stderr]                                at libstd/panicking.rs:211
Dec 02 09:06:26.164 INFO [stderr]    3:     0x561686b69420 - std::panicking::default_hook::hebc8848d7aa7dbd9
Dec 02 09:06:26.164 INFO [stderr]                                at libstd/panicking.rs:227
Dec 02 09:06:26.164 INFO [stderr]    4:     0x561686b69cac - std::panicking::rust_panic_with_hook::h86e619a638415243
Dec 02 09:06:26.164 INFO [stderr]                                at libstd/panicking.rs:477
Dec 02 09:06:26.164 INFO [stderr]    5:     0x561686b4d9ff - std::panicking::begin_panic::h65ef3ad7de42f4ad
Dec 02 09:06:26.164 INFO [stderr]                                at libstd/panicking.rs:411
Dec 02 09:06:26.164 INFO [stderr]    6:     0x561686b4bb3a - build_script_build::main::h46f39c458748acff
Dec 02 09:06:26.164 INFO [stderr]                                at /cargo-home/registry/src/github.com-1ecc6299db9ec823/pear_codegen-0.0.20/build.rs:31
Dec 02 09:06:26.164 INFO [stderr]    7:     0x561686b4e2ef - std::rt::lang_start::{{closure}}::h104f159df20e8d81
Dec 02 09:06:26.164 INFO [stderr]                                at libstd/rt.rs:74
Dec 02 09:06:26.164 INFO [stderr]    8:     0x561686b69752 - std::panicking::try::do_call::h47665672c57b11e4
Dec 02 09:06:26.164 INFO [stderr]                                at libstd/rt.rs:59
Dec 02 09:06:26.165 INFO [stderr]                                at libstd/panicking.rs:310
Dec 02 09:06:26.165 INFO [stderr]    9:     0x561686b8a709 - __rust_maybe_catch_panic
Dec 02 09:06:26.165 INFO [stderr]                                at libpanic_unwind/lib.rs:103
Dec 02 09:06:26.165 INFO [stderr]   10:     0x561686b747d5 - std::rt::lang_start_internal::had9505969b8e20a2
Dec 02 09:06:26.165 INFO [stderr]                                at libstd/panicking.rs:289
Dec 02 09:06:26.165 INFO [stderr]                                at libstd/panic.rs:392
Dec 02 09:06:26.165 INFO [stderr]                                at libstd/rt.rs:58
Dec 02 09:06:26.165 INFO [stderr]   11:     0x561686b4e2c7 - std::rt::lang_start::h6c12a89b5498f3bc
Dec 02 09:06:26.165 INFO [stderr]                                at libstd/rt.rs:74
Dec 02 09:06:26.165 INFO [stderr]   12:     0x561686b4c9e9 - main
Dec 02 09:06:26.165 INFO [stderr]   13:     0x7f3d62d0d82f - __libc_start_main
Dec 02 09:06:26.165 INFO [stderr]   14:     0x561686b4b428 - _start
Dec 02 09:06:26.165 INFO [stderr]   15:                0x0 - <unknown>
Dec 02 09:06:26.165 INFO [stderr] 
Dec 02 09:06:26.165 INFO [stderr] warning: build failed, waiting for other jobs to finish...
Dec 02 09:06:26.165 INFO [stderr] error: failed to run custom build command for `rocket_codegen v0.3.16`
Dec 02 09:06:26.165 INFO [stderr] process didn't exit successfully: `/target/debug/build/rocket_codegen-35313927dfebcaa1/build-script-build` (exit code: 101)
Dec 02 09:06:26.165 INFO [stderr] --- stderr
Dec 02 09:06:26.165 INFO [stderr] [1;31mError:[0m [37mRocket requires a nightly or dev version of Rust.[0m
Dec 02 09:06:26.165 INFO [stderr] [37mInstalled version is:[0m [33m1.30.1 (2018-11-07)[0m. [37mMinimum required:[0m [33m1.30.0-nightly (2018-08-23)[0m.
Dec 02 09:06:26.165 INFO [stderr] [34mSee the getting started guide ([0m[37mhttps://rocket.rs/guide/getting-started/[0m[34m) for more information.[0m
Dec 02 09:06:26.165 INFO [stderr] thread 'main' panicked at 'Aborting compilation due to incompatible compiler.', /cargo-home/registry/src/github.com-1ecc6299db9ec823/rocket_codegen-0.3.16/build.rs:38:17
Dec 02 09:06:26.165 INFO [stderr] stack backtrace:
Dec 02 09:06:26.165 INFO [stderr]    0:     0x55f2a56449fe - std::sys::unix::backtrace::tracing::imp::unwind_backtrace::h15749a98198ba25f
Dec 02 09:06:26.165 INFO [stderr]                                at libstd/sys/unix/backtrace/tracing/gcc_s.rs:49
Dec 02 09:06:26.165 INFO [stderr]    1:     0x55f2a5635f86 - std::sys_common::backtrace::print::h0ba65c811294dbf0
Dec 02 09:06:26.165 INFO [stderr]                                at libstd/sys_common/backtrace.rs:71
Dec 02 09:06:26.165 INFO [stderr]                                at libstd/sys_common/backtrace.rs:59
Dec 02 09:06:26.165 INFO [stderr]    2:     0x55f2a56348cd - std::panicking::default_hook::{{closure}}::h42bb31757f0fee64
Dec 02 09:06:26.165 INFO [stderr]                                at libstd/panicking.rs:211
Dec 02 09:06:26.165 INFO [stderr]    3:     0x55f2a5634640 - std::panicking::default_hook::hebc8848d7aa7dbd9
Dec 02 09:06:26.165 INFO [stderr]                                at libstd/panicking.rs:227
Dec 02 09:06:26.165 INFO [stderr]    4:     0x55f2a5634ecc - std::panicking::rust_panic_with_hook::h86e619a638415243
Dec 02 09:06:26.165 INFO [stderr]                                at libstd/panicking.rs:477
Dec 02 09:06:26.165 INFO [stderr]    5:     0x55f2a5618c1f - std::panicking::begin_panic::h26807ac2abfc2210
Dec 02 09:06:26.165 INFO [stderr]                                at libstd/panicking.rs:411
Dec 02 09:06:26.165 INFO [stderr]    6:     0x55f2a5616d72 - build_script_build::main::h5e3452ecf2935038
Dec 02 09:06:26.165 INFO [stderr]                                at /cargo-home/registry/src/github.com-1ecc6299db9ec823/rocket_codegen-0.3.16/build.rs:38
Dec 02 09:06:26.165 INFO [stderr]    7:     0x55f2a561950f - std::rt::lang_start::{{closure}}::hdd73b25a420f224f
Dec 02 09:06:26.165 INFO [stderr]                                at libstd/rt.rs:74
Dec 02 09:06:26.165 INFO [stderr]    8:     0x55f2a5634972 - std::panicking::try::do_call::h47665672c57b11e4
Dec 02 09:06:26.165 INFO [stderr]                                at libstd/rt.rs:59
Dec 02 09:06:26.165 INFO [stderr]                                at libstd/panicking.rs:310
Dec 02 09:06:26.165 INFO [stderr]    9:     0x55f2a5655929 - __rust_maybe_catch_panic
Dec 02 09:06:26.165 INFO [stderr]                                at libpanic_unwind/lib.rs:103
Dec 02 09:06:26.165 INFO [stderr]   10:     0x55f2a563f9f5 - std::rt::lang_start_internal::had9505969b8e20a2
Dec 02 09:06:26.165 INFO [stderr]                                at libstd/panicking.rs:289
Dec 02 09:06:26.165 INFO [stderr]                                at libstd/panic.rs:392
Dec 02 09:06:26.165 INFO [stderr]                                at libstd/rt.rs:58
Dec 02 09:06:26.165 INFO [stderr]   11:     0x55f2a56194e7 - std::rt::lang_start::hdbaf1dc3ae5430d3
Dec 02 09:06:26.165 INFO [stderr]                                at libstd/rt.rs:74
Dec 02 09:06:26.165 INFO [stderr]   12:     0x55f2a5617c09 - main
Dec 02 09:06:26.165 INFO [stderr]   13:     0x7f634423782f - __libc_start_main
Dec 02 09:06:26.165 INFO [stderr]   14:     0x55f2a5616428 - _start
Dec 02 09:06:26.165 INFO [stderr]   15:                0x0 - <unknown>
Dec 02 09:06:26.165 INFO [stderr] 
Dec 02 09:06:26.165 INFO [stderr] warning: build failed, waiting for other jobs to finish...
Dec 02 09:06:29.157 INFO [stderr] error: build failed
Dec 02 09:06:29.159 INFO [stderr] su: No module specific data is present
Dec 02 09:06:29.484 INFO running `"docker" "inspect" "5cc02e8d24cf44089ea04afdb496a7f3a62013f01ce0bc325d5465cc983d28c0"`
Dec 02 09:06:29.603 INFO running `"docker" "rm" "-f" "5cc02e8d24cf44089ea04afdb496a7f3a62013f01ce0bc325d5465cc983d28c0"`
Dec 02 09:06:29.721 INFO [stdout] 5cc02e8d24cf44089ea04afdb496a7f3a62013f01ce0bc325d5465cc983d28c0
