Dec 02 09:18:37.592 INFO testing AyeTbk/testing-stuff against 1.30.1 for beta-1.31-5
Dec 02 09:18:37.592 INFO running `"docker" "create" "-v" "/mnt/big/crater/work/local/target-dirs/beta-1.31-5/worker-0/1.30.1:/target:rw,Z" "-v" "/mnt/big/crater/work/local/test-source/worker-0/beta-1.31-5/1.30.1:/source:ro,Z" "-v" "/mnt/big/crater/work/local/cargo-home:/cargo-home:ro,Z" "-v" "/mnt/big/crater/work/local/rustup-home:/rustup-home:ro,Z" "-e" "USER_ID=1000" "-e" "SOURCE_DIR=/source" "-e" "USER_ID=1000" "-e" "CMD=cargo +1.30.1 build --frozen" "-e" "CARGO_TARGET_DIR=/target" "-e" "CARGO_INCREMENTAL=0" "-e" "RUST_BACKTRACE=full" "-e" "RUSTFLAGS=--cap-lints=warn" "-e" "CARGO_HOME=/cargo-home" "-e" "RUSTUP_HOME=/rustup-home" "-m" "1536M" "--network" "none" "crater"`
Dec 02 09:18:38.148 INFO [stdout] bf43c487302185783ba931661321b8e37b511b526009cd611bdd11b13785d24f
Dec 02 09:18:38.154 INFO running `"docker" "start" "-a" "bf43c487302185783ba931661321b8e37b511b526009cd611bdd11b13785d24f"`
Dec 02 09:18:39.472 INFO [stderr] usermod: no changes
Dec 02 09:18:39.723 INFO [stderr]    Compiling pear_codegen v0.0.20
Dec 02 09:18:39.723 INFO [stderr]    Compiling rocket v0.3.16
Dec 02 09:18:39.739 INFO [stderr]    Compiling rocket_codegen v0.3.16
Dec 02 09:18:39.744 INFO [stderr]    Compiling memchr v2.1.0
Dec 02 09:18:39.744 INFO [stderr]    Compiling ring v0.11.0
Dec 02 09:18:40.147 INFO [stderr] error: failed to run custom build command for `rocket_codegen v0.3.16`
Dec 02 09:18:40.147 INFO [stderr] process didn't exit successfully: `/target/debug/build/rocket_codegen-35313927dfebcaa1/build-script-build` (exit code: 101)
Dec 02 09:18:40.147 INFO [stderr] --- stderr
Dec 02 09:18:40.147 INFO [stderr] [1;31mError:[0m [37mRocket requires a nightly or dev version of Rust.[0m
Dec 02 09:18:40.147 INFO [stderr] [37mInstalled version is:[0m [33m1.30.1 (2018-11-07)[0m. [37mMinimum required:[0m [33m1.30.0-nightly (2018-08-23)[0m.
Dec 02 09:18:40.147 INFO [stderr] [34mSee the getting started guide ([0m[37mhttps://rocket.rs/guide/getting-started/[0m[34m) for more information.[0m
Dec 02 09:18:40.147 INFO [stderr] thread 'main' panicked at 'Aborting compilation due to incompatible compiler.', /cargo-home/registry/src/github.com-1ecc6299db9ec823/rocket_codegen-0.3.16/build.rs:38:17
Dec 02 09:18:40.147 INFO [stderr] stack backtrace:
Dec 02 09:18:40.147 INFO [stderr]    0:     0x559ef33f99fe - std::sys::unix::backtrace::tracing::imp::unwind_backtrace::h15749a98198ba25f
Dec 02 09:18:40.147 INFO [stderr]                                at libstd/sys/unix/backtrace/tracing/gcc_s.rs:49
Dec 02 09:18:40.147 INFO [stderr]    1:     0x559ef33eaf86 - std::sys_common::backtrace::print::h0ba65c811294dbf0
Dec 02 09:18:40.147 INFO [stderr]                                at libstd/sys_common/backtrace.rs:71
Dec 02 09:18:40.147 INFO [stderr]                                at libstd/sys_common/backtrace.rs:59
Dec 02 09:18:40.147 INFO [stderr]    2:     0x559ef33e98cd - std::panicking::default_hook::{{closure}}::h42bb31757f0fee64
Dec 02 09:18:40.147 INFO [stderr]                                at libstd/panicking.rs:211
Dec 02 09:18:40.147 INFO [stderr]    3:     0x559ef33e9640 - std::panicking::default_hook::hebc8848d7aa7dbd9
Dec 02 09:18:40.147 INFO [stderr]                                at libstd/panicking.rs:227
Dec 02 09:18:40.147 INFO [stderr]    4:     0x559ef33e9ecc - std::panicking::rust_panic_with_hook::h86e619a638415243
Dec 02 09:18:40.147 INFO [stderr]                                at libstd/panicking.rs:477
Dec 02 09:18:40.147 INFO [stderr]    5:     0x559ef33cdc1f - std::panicking::begin_panic::h26807ac2abfc2210
Dec 02 09:18:40.147 INFO [stderr]                                at libstd/panicking.rs:411
Dec 02 09:18:40.147 INFO [stderr]    6:     0x559ef33cbd72 - build_script_build::main::h5e3452ecf2935038
Dec 02 09:18:40.147 INFO [stderr]                                at /cargo-home/registry/src/github.com-1ecc6299db9ec823/rocket_codegen-0.3.16/build.rs:38
Dec 02 09:18:40.147 INFO [stderr]    7:     0x559ef33ce50f - std::rt::lang_start::{{closure}}::hdd73b25a420f224f
Dec 02 09:18:40.147 INFO [stderr]                                at libstd/rt.rs:74
Dec 02 09:18:40.147 INFO [stderr]    8:     0x559ef33e9972 - std::panicking::try::do_call::h47665672c57b11e4
Dec 02 09:18:40.147 INFO [stderr]                                at libstd/rt.rs:59
Dec 02 09:18:40.147 INFO [stderr]                                at libstd/panicking.rs:310
Dec 02 09:18:40.147 INFO [stderr]    9:     0x559ef340a929 - __rust_maybe_catch_panic
Dec 02 09:18:40.147 INFO [stderr]                                at libpanic_unwind/lib.rs:103
Dec 02 09:18:40.147 INFO [stderr]   10:     0x559ef33f49f5 - std::rt::lang_start_internal::had9505969b8e20a2
Dec 02 09:18:40.147 INFO [stderr]                                at libstd/panicking.rs:289
Dec 02 09:18:40.147 INFO [stderr]                                at libstd/panic.rs:392
Dec 02 09:18:40.147 INFO [stderr]                                at libstd/rt.rs:58
Dec 02 09:18:40.147 INFO [stderr]   11:     0x559ef33ce4e7 - std::rt::lang_start::hdbaf1dc3ae5430d3
Dec 02 09:18:40.147 INFO [stderr]                                at libstd/rt.rs:74
Dec 02 09:18:40.147 INFO [stderr]   12:     0x559ef33ccc09 - main
Dec 02 09:18:40.147 INFO [stderr]   13:     0x7fd9bccda82f - __libc_start_main
Dec 02 09:18:40.147 INFO [stderr]   14:     0x559ef33cb428 - _start
Dec 02 09:18:40.147 INFO [stderr]   15:                0x0 - <unknown>
Dec 02 09:18:40.147 INFO [stderr] 
Dec 02 09:18:40.147 INFO [stderr] warning: build failed, waiting for other jobs to finish...
Dec 02 09:18:40.239 INFO [stderr] error: failed to run custom build command for `rocket v0.3.16`
Dec 02 09:18:40.239 INFO [stderr] process didn't exit successfully: `/target/debug/build/rocket-a61187eead96cae3/build-script-build` (exit code: 101)
Dec 02 09:18:40.239 INFO [stderr] --- stderr
Dec 02 09:18:40.239 INFO [stderr] [1;31mError:[0m [37mRocket requires a nightly or dev version of Rust.[0m
Dec 02 09:18:40.239 INFO [stderr] [37mInstalled version is:[0m [33m1.30.1 (2018-11-07)[0m. [37mMinimum required:[0m [33m1.27.0-nightly (2018-04-26)[0m.
Dec 02 09:18:40.239 INFO [stderr] [34mSee the getting started guide ([0m[37mhttps://rocket.rs/guide/getting-started/[0m[34m) for more information.[0m
Dec 02 09:18:40.239 INFO [stderr] thread 'main' panicked at 'Aborting compilation due to incompatible compiler.', /cargo-home/registry/src/github.com-1ecc6299db9ec823/rocket-0.3.16/build.rs:38:13
Dec 02 09:18:40.239 INFO [stderr] stack backtrace:
Dec 02 09:18:40.239 INFO [stderr]    0:     0x557353c5ba0e - std::sys::unix::backtrace::tracing::imp::unwind_backtrace::h15749a98198ba25f
Dec 02 09:18:40.239 INFO [stderr]                                at libstd/sys/unix/backtrace/tracing/gcc_s.rs:49
Dec 02 09:18:40.239 INFO [stderr]    1:     0x557353c4cf96 - std::sys_common::backtrace::print::h0ba65c811294dbf0
Dec 02 09:18:40.239 INFO [stderr]                                at libstd/sys_common/backtrace.rs:71
Dec 02 09:18:40.239 INFO [stderr]                                at libstd/sys_common/backtrace.rs:59
Dec 02 09:18:40.239 INFO [stderr]    2:     0x557353c4b8dd - std::panicking::default_hook::{{closure}}::h42bb31757f0fee64
Dec 02 09:18:40.239 INFO [stderr]                                at libstd/panicking.rs:211
Dec 02 09:18:40.239 INFO [stderr]    3:     0x557353c4b650 - std::panicking::default_hook::hebc8848d7aa7dbd9
Dec 02 09:18:40.239 INFO [stderr]                                at libstd/panicking.rs:227
Dec 02 09:18:40.239 INFO [stderr]    4:     0x557353c4bedc - std::panicking::rust_panic_with_hook::h86e619a638415243
Dec 02 09:18:40.239 INFO [stderr]                                at libstd/panicking.rs:477
Dec 02 09:18:40.239 INFO [stderr]    5:     0x557353c2fc2f - std::panicking::begin_panic::h1547f6b8df8ef062
Dec 02 09:18:40.239 INFO [stderr]                                at libstd/panicking.rs:411
Dec 02 09:18:40.239 INFO [stderr]    6:     0x557353c2dd73 - build_script_build::main::h7e1e0ce982337217
Dec 02 09:18:40.240 INFO [stderr]                                at /cargo-home/registry/src/github.com-1ecc6299db9ec823/rocket-0.3.16/build.rs:38
Dec 02 09:18:40.240 INFO [stderr]    7:     0x557353c3051f - std::rt::lang_start::{{closure}}::hdcba730274cd6e5e
Dec 02 09:18:40.240 INFO [stderr]                                at libstd/rt.rs:74
Dec 02 09:18:40.240 INFO [stderr]    8:     0x557353c4b982 - std::panicking::try::do_call::h47665672c57b11e4
Dec 02 09:18:40.240 INFO [stderr]                                at libstd/rt.rs:59
Dec 02 09:18:40.240 INFO [stderr]                                at libstd/panicking.rs:310
Dec 02 09:18:40.240 INFO [stderr]    9:     0x557353c6c939 - __rust_maybe_catch_panic
Dec 02 09:18:40.240 INFO [stderr]                                at libpanic_unwind/lib.rs:103
Dec 02 09:18:40.240 INFO [stderr]   10:     0x557353c56a05 - std::rt::lang_start_internal::had9505969b8e20a2
Dec 02 09:18:40.240 INFO [stderr]                                at libstd/panicking.rs:289
Dec 02 09:18:40.240 INFO [stderr]                                at libstd/panic.rs:392
Dec 02 09:18:40.240 INFO [stderr]                                at libstd/rt.rs:58
Dec 02 09:18:40.240 INFO [stderr]   11:     0x557353c304f7 - std::rt::lang_start::h5723be38f20d77cf
Dec 02 09:18:40.240 INFO [stderr]                                at libstd/rt.rs:74
Dec 02 09:18:40.240 INFO [stderr]   12:     0x557353c2ec19 - main
Dec 02 09:18:40.240 INFO [stderr]   13:     0x7f3b38cab82f - __libc_start_main
Dec 02 09:18:40.240 INFO [stderr]   14:     0x557353c2d428 - _start
Dec 02 09:18:40.240 INFO [stderr]   15:                0x0 - <unknown>
Dec 02 09:18:40.240 INFO [stderr] 
Dec 02 09:18:40.240 INFO [stderr] warning: build failed, waiting for other jobs to finish...
Dec 02 09:18:40.244 INFO [stderr] error: failed to run custom build command for `pear_codegen v0.0.20`
Dec 02 09:18:40.244 INFO [stderr] process didn't exit successfully: `/target/debug/build/pear_codegen-183b5b0a0ae809b5/build-script-build` (exit code: 101)
Dec 02 09:18:40.244 INFO [stderr] --- stderr
Dec 02 09:18:40.244 INFO [stderr] [1;31mError:[0m [37mPear requires a nightly or dev version of Rust.[0m
Dec 02 09:18:40.244 INFO [stderr] [37mInstalled version is:[0m [33m1.30.1 (2018-11-07)[0m. [37mMinimum required:[0m [33m1.30.0-nightly (2018-08-23)[0m.
Dec 02 09:18:40.244 INFO [stderr] thread 'main' panicked at 'Aborting compilation due to incompatible compiler.', /cargo-home/registry/src/github.com-1ecc6299db9ec823/pear_codegen-0.0.20/build.rs:31:13
Dec 02 09:18:40.244 INFO [stderr] stack backtrace:
Dec 02 09:18:40.244 INFO [stderr]    0:     0x5572faea17de - std::sys::unix::backtrace::tracing::imp::unwind_backtrace::h15749a98198ba25f
Dec 02 09:18:40.244 INFO [stderr]                                at libstd/sys/unix/backtrace/tracing/gcc_s.rs:49
Dec 02 09:18:40.244 INFO [stderr]    1:     0x5572fae92d66 - std::sys_common::backtrace::print::h0ba65c811294dbf0
Dec 02 09:18:40.244 INFO [stderr]                                at libstd/sys_common/backtrace.rs:71
Dec 02 09:18:40.244 INFO [stderr]                                at libstd/sys_common/backtrace.rs:59
Dec 02 09:18:40.244 INFO [stderr]    2:     0x5572fae916ad - std::panicking::default_hook::{{closure}}::h42bb31757f0fee64
Dec 02 09:18:40.244 INFO [stderr]                                at libstd/panicking.rs:211
Dec 02 09:18:40.244 INFO [stderr]    3:     0x5572fae91420 - std::panicking::default_hook::hebc8848d7aa7dbd9
Dec 02 09:18:40.244 INFO [stderr]                                at libstd/panicking.rs:227
Dec 02 09:18:40.244 INFO [stderr]    4:     0x5572fae91cac - std::panicking::rust_panic_with_hook::h86e619a638415243
Dec 02 09:18:40.244 INFO [stderr]                                at libstd/panicking.rs:477
Dec 02 09:18:40.244 INFO [stderr]    5:     0x5572fae759ff - std::panicking::begin_panic::h65ef3ad7de42f4ad
Dec 02 09:18:40.244 INFO [stderr]                                at libstd/panicking.rs:411
Dec 02 09:18:40.244 INFO [stderr]    6:     0x5572fae73b3a - build_script_build::main::h46f39c458748acff
Dec 02 09:18:40.244 INFO [stderr]                                at /cargo-home/registry/src/github.com-1ecc6299db9ec823/pear_codegen-0.0.20/build.rs:31
Dec 02 09:18:40.244 INFO [stderr]    7:     0x5572fae762ef - std::rt::lang_start::{{closure}}::h104f159df20e8d81
Dec 02 09:18:40.244 INFO [stderr]                                at libstd/rt.rs:74
Dec 02 09:18:40.244 INFO [stderr]    8:     0x5572fae91752 - std::panicking::try::do_call::h47665672c57b11e4
Dec 02 09:18:40.244 INFO [stderr]                                at libstd/rt.rs:59
Dec 02 09:18:40.244 INFO [stderr]                                at libstd/panicking.rs:310
Dec 02 09:18:40.244 INFO [stderr]    9:     0x5572faeb2709 - __rust_maybe_catch_panic
Dec 02 09:18:40.244 INFO [stderr]                                at libpanic_unwind/lib.rs:103
Dec 02 09:18:40.244 INFO [stderr]   10:     0x5572fae9c7d5 - std::rt::lang_start_internal::had9505969b8e20a2
Dec 02 09:18:40.244 INFO [stderr]                                at libstd/panicking.rs:289
Dec 02 09:18:40.244 INFO [stderr]                                at libstd/panic.rs:392
Dec 02 09:18:40.244 INFO [stderr]                                at libstd/rt.rs:58
Dec 02 09:18:40.244 INFO [stderr]   11:     0x5572fae762c7 - std::rt::lang_start::h6c12a89b5498f3bc
Dec 02 09:18:40.244 INFO [stderr]                                at libstd/rt.rs:74
Dec 02 09:18:40.244 INFO [stderr]   12:     0x5572fae749e9 - main
Dec 02 09:18:40.244 INFO [stderr]   13:     0x7f63bfd7482f - __libc_start_main
Dec 02 09:18:40.244 INFO [stderr]   14:     0x5572fae73428 - _start
Dec 02 09:18:40.244 INFO [stderr]   15:                0x0 - <unknown>
Dec 02 09:18:40.244 INFO [stderr] 
Dec 02 09:18:40.254 INFO [stderr] warning: build failed, waiting for other jobs to finish...
Dec 02 09:18:43.851 INFO [stderr] error: build failed
Dec 02 09:18:43.854 INFO [stderr] su: No module specific data is present
Dec 02 09:18:44.308 INFO running `"docker" "inspect" "bf43c487302185783ba931661321b8e37b511b526009cd611bdd11b13785d24f"`
Dec 02 09:18:44.679 INFO running `"docker" "rm" "-f" "bf43c487302185783ba931661321b8e37b511b526009cd611bdd11b13785d24f"`
Dec 02 09:18:44.903 INFO [stdout] bf43c487302185783ba931661321b8e37b511b526009cd611bdd11b13785d24f
