Dec 02 09:23:16.422 INFO testing ArmsOfSorrow/win32-d3d-template against 1.30.1 for beta-1.31-5
Dec 02 09:23:16.422 INFO running `"docker" "create" "-v" "/mnt/big/crater/work/local/target-dirs/beta-1.31-5/worker-7/1.30.1:/target:rw,Z" "-v" "/mnt/big/crater/work/local/test-source/worker-7/beta-1.31-5/1.30.1:/source:ro,Z" "-v" "/mnt/big/crater/work/local/cargo-home:/cargo-home:ro,Z" "-v" "/mnt/big/crater/work/local/rustup-home:/rustup-home:ro,Z" "-e" "USER_ID=1000" "-e" "SOURCE_DIR=/source" "-e" "USER_ID=1000" "-e" "CMD=cargo +1.30.1 build --frozen" "-e" "CARGO_TARGET_DIR=/target" "-e" "CARGO_INCREMENTAL=0" "-e" "RUST_BACKTRACE=full" "-e" "RUSTFLAGS=--cap-lints=warn" "-e" "CARGO_HOME=/cargo-home" "-e" "RUSTUP_HOME=/rustup-home" "-m" "1536M" "--network" "none" "crater"`
Dec 02 09:23:17.129 INFO [stdout] 61f36c201c35f807d46c8fb946d0c476dbeefd6e373f447d47503861a8d853f4
Dec 02 09:23:17.131 INFO running `"docker" "start" "-a" "61f36c201c35f807d46c8fb946d0c476dbeefd6e373f447d47503861a8d853f4"`
Dec 02 09:23:19.571 INFO [stderr] usermod: no changes
Dec 02 09:23:19.653 INFO [stderr]    Compiling winapi v0.3.6
Dec 02 09:23:22.714 INFO [stderr]    Compiling wio v0.2.0
Dec 02 09:23:23.319 INFO [stderr]    Compiling win32-d3d-template v0.1.0 (/source)
Dec 02 09:23:23.891 INFO [stderr] error[E0433]: failed to resolve. Could not find `windows` in `os`
Dec 02 09:23:23.891 INFO [stderr]  --> src/main.rs:7:14
Dec 02 09:23:23.891 INFO [stderr]   |
Dec 02 09:23:23.891 INFO [stderr] 7 | use std::os::windows::ffi::OsStrExt;
Dec 02 09:23:23.891 INFO [stderr]   |              ^^^^^^^ Could not find `windows` in `os`
Dec 02 09:23:23.891 INFO [stderr] 
Dec 02 09:23:23.891 INFO [stderr] error[E0433]: failed to resolve. Could not find `shared` in `winapi`
Dec 02 09:23:23.891 INFO [stderr]  --> src/main.rs:8:13
Dec 02 09:23:23.891 INFO [stderr]   |
Dec 02 09:23:23.891 INFO [stderr] 8 | use winapi::shared::minwindef::{HINSTANCE, LPARAM, LRESULT, WPARAM};
Dec 02 09:23:23.891 INFO [stderr]   |             ^^^^^^ Could not find `shared` in `winapi`
Dec 02 09:23:23.891 INFO [stderr] 
Dec 02 09:23:23.891 INFO [stderr] error[E0433]: failed to resolve. Could not find `shared` in `winapi`
Dec 02 09:23:23.891 INFO [stderr]  --> src/main.rs:9:13
Dec 02 09:23:23.891 INFO [stderr]   |
Dec 02 09:23:23.891 INFO [stderr] 9 | use winapi::shared::ntdef::HRESULT;
Dec 02 09:23:23.891 INFO [stderr]   |             ^^^^^^ Could not find `shared` in `winapi`
Dec 02 09:23:23.891 INFO [stderr] 
Dec 02 09:23:23.891 INFO [stderr] error[E0433]: failed to resolve. Could not find `shared` in `winapi`
Dec 02 09:23:23.891 INFO [stderr]   --> src/main.rs:10:13
Dec 02 09:23:23.891 INFO [stderr]    |
Dec 02 09:23:23.891 INFO [stderr] 10 | use winapi::shared::windef::{HBRUSH, HMENU, HWND};
Dec 02 09:23:23.891 INFO [stderr]    |             ^^^^^^ Could not find `shared` in `winapi`
Dec 02 09:23:23.891 INFO [stderr] 
Dec 02 09:23:23.891 INFO [stderr] error[E0433]: failed to resolve. Could not find `um` in `winapi`
Dec 02 09:23:23.891 INFO [stderr]   --> src/main.rs:11:13
Dec 02 09:23:23.891 INFO [stderr]    |
Dec 02 09:23:23.891 INFO [stderr] 11 | use winapi::um::combaseapi::{CoInitializeEx, CoUninitialize, COINITBASE_MULTITHREADED};
Dec 02 09:23:23.891 INFO [stderr]    |             ^^ Could not find `um` in `winapi`
Dec 02 09:23:23.891 INFO [stderr] 
Dec 02 09:23:23.891 INFO [stderr] error[E0433]: failed to resolve. Could not find `um` in `winapi`
Dec 02 09:23:23.891 INFO [stderr]   --> src/main.rs:12:13
Dec 02 09:23:23.891 INFO [stderr]    |
Dec 02 09:23:23.891 INFO [stderr] 12 | use winapi::um::libloaderapi::GetModuleHandleW;
Dec 02 09:23:23.891 INFO [stderr]    |             ^^ Could not find `um` in `winapi`
Dec 02 09:23:23.891 INFO [stderr] 
Dec 02 09:23:23.891 INFO [stderr] error[E0433]: failed to resolve. Could not find `um` in `winapi`
Dec 02 09:23:23.891 INFO [stderr]   --> src/main.rs:13:13
Dec 02 09:23:23.891 INFO [stderr]    |
Dec 02 09:23:23.891 INFO [stderr] 13 | use winapi::um::winuser::{
Dec 02 09:23:23.891 INFO [stderr]    |             ^^ Could not find `um` in `winapi`
Dec 02 09:23:23.891 INFO [stderr] 
Dec 02 09:23:23.895 INFO [stderr] error[E0433]: failed to resolve. Could not find `shared` in `winapi`
Dec 02 09:23:23.895 INFO [stderr]  --> src/game.rs:2:13
Dec 02 09:23:23.895 INFO [stderr]   |
Dec 02 09:23:23.895 INFO [stderr] 2 | use winapi::shared::dxgi1_2::IDXGISwapChain1;
Dec 02 09:23:23.895 INFO [stderr]   |             ^^^^^^ Could not find `shared` in `winapi`
Dec 02 09:23:23.895 INFO [stderr] 
Dec 02 09:23:23.895 INFO [stderr] error[E0433]: failed to resolve. Could not find `shared` in `winapi`
Dec 02 09:23:23.895 INFO [stderr]  --> src/game.rs:3:13
Dec 02 09:23:23.895 INFO [stderr]   |
Dec 02 09:23:23.895 INFO [stderr] 3 | use winapi::shared::minwindef::UINT;
Dec 02 09:23:23.895 INFO [stderr]   |             ^^^^^^ Could not find `shared` in `winapi`
Dec 02 09:23:23.895 INFO [stderr] 
Dec 02 09:23:23.895 INFO [stderr] error[E0433]: failed to resolve. Could not find `shared` in `winapi`
Dec 02 09:23:23.895 INFO [stderr]  --> src/game.rs:4:13
Dec 02 09:23:23.895 INFO [stderr]   |
Dec 02 09:23:23.895 INFO [stderr] 4 | use winapi::shared::windef::HWND;
Dec 02 09:23:23.895 INFO [stderr]   |             ^^^^^^ Could not find `shared` in `winapi`
Dec 02 09:23:23.895 INFO [stderr] 
Dec 02 09:23:23.895 INFO [stderr] error[E0433]: failed to resolve. Could not find `shared` in `winapi`
Dec 02 09:23:23.895 INFO [stderr]  --> src/game.rs:5:13
Dec 02 09:23:23.895 INFO [stderr]   |
Dec 02 09:23:23.895 INFO [stderr] 5 | use winapi::shared::winerror::{DXGI_ERROR_DEVICE_REMOVED, DXGI_ERROR_DEVICE_RESET};
Dec 02 09:23:23.895 INFO [stderr]   |             ^^^^^^ Could not find `shared` in `winapi`
Dec 02 09:23:23.895 INFO [stderr] 
Dec 02 09:23:23.895 INFO [stderr] error[E0433]: failed to resolve. Could not find `um` in `winapi`
Dec 02 09:23:23.895 INFO [stderr]  --> src/game.rs:6:13
Dec 02 09:23:23.895 INFO [stderr]   |
Dec 02 09:23:23.895 INFO [stderr] 6 | use winapi::um::d3d11::{
Dec 02 09:23:23.895 INFO [stderr]   |             ^^ Could not find `um` in `winapi`
Dec 02 09:23:23.895 INFO [stderr] 
Dec 02 09:23:23.895 INFO [stderr] error[E0433]: failed to resolve. Could not find `um` in `winapi`
Dec 02 09:23:23.895 INFO [stderr]   --> src/game.rs:11:13
Dec 02 09:23:23.895 INFO [stderr]    |
Dec 02 09:23:23.895 INFO [stderr] 11 | use winapi::um::d3d11_1::{ID3D11Device1, ID3D11DeviceContext1};
Dec 02 09:23:23.895 INFO [stderr]    |             ^^ Could not find `um` in `winapi`
Dec 02 09:23:23.895 INFO [stderr] 
Dec 02 09:23:23.895 INFO [stderr] error[E0433]: failed to resolve. Could not find `um` in `winapi`
Dec 02 09:23:23.895 INFO [stderr]   --> src/game.rs:12:13
Dec 02 09:23:23.895 INFO [stderr]    |
Dec 02 09:23:23.895 INFO [stderr] 12 | use winapi::um::d3dcommon::{
Dec 02 09:23:23.895 INFO [stderr]    |             ^^ Could not find `um` in `winapi`
Dec 02 09:23:23.895 INFO [stderr] 
Dec 02 09:23:23.895 INFO [stderr] error[E0433]: failed to resolve. Could not find `um` in `winapi`
Dec 02 09:23:23.895 INFO [stderr]  --> src/step_timer.rs:1:13
Dec 02 09:23:23.895 INFO [stderr]   |
Dec 02 09:23:23.895 INFO [stderr] 1 | use winapi::um::profileapi::{QueryPerformanceCounter, QueryPerformanceFrequency};
Dec 02 09:23:23.895 INFO [stderr]   |             ^^ Could not find `um` in `winapi`
Dec 02 09:23:23.895 INFO [stderr] 
Dec 02 09:23:23.895 INFO [stderr] error[E0433]: failed to resolve. Could not find `um` in `winapi`
Dec 02 09:23:23.895 INFO [stderr]  --> src/step_timer.rs:2:13
Dec 02 09:23:23.895 INFO [stderr]   |
Dec 02 09:23:23.895 INFO [stderr] 2 | use winapi::um::winnt::LARGE_INTEGER;
Dec 02 09:23:23.895 INFO [stderr]   |             ^^ Could not find `um` in `winapi`
Dec 02 09:23:23.895 INFO [stderr] 
Dec 02 09:23:23.895 INFO [stderr] error[E0432]: unresolved import `wio::com`
Dec 02 09:23:23.895 INFO [stderr]   --> src/game.rs:17:10
Dec 02 09:23:23.895 INFO [stderr]    |
Dec 02 09:23:23.895 INFO [stderr] 17 | use wio::com::ComPtr;
Dec 02 09:23:23.895 INFO [stderr]    |          ^^^ Could not find `com` in `wio`
Dec 02 09:23:23.895 INFO [stderr] 
Dec 02 09:23:24.103 INFO [stderr] error[E0412]: cannot find type `HWND` in this scope
Dec 02 09:23:24.103 INFO [stderr]   --> src/game.rs:22:13
Dec 02 09:23:24.103 INFO [stderr]    |
Dec 02 09:23:24.103 INFO [stderr] 22 |     window: HWND,
Dec 02 09:23:24.103 INFO [stderr]    |             ^^^^ not found in this scope
Dec 02 09:23:24.103 INFO [stderr] 
Dec 02 09:23:24.103 INFO [stderr] error[E0412]: cannot find type `D3D_FEATURE_LEVEL` in this scope
Dec 02 09:23:24.103 INFO [stderr]   --> src/game.rs:25:20
Dec 02 09:23:24.103 INFO [stderr]    |
Dec 02 09:23:24.103 INFO [stderr] 25 |     feature_level: D3D_FEATURE_LEVEL,
Dec 02 09:23:24.103 INFO [stderr]    |                    ^^^^^^^^^^^^^^^^^ not found in this scope
Dec 02 09:23:24.103 INFO [stderr] 
Dec 02 09:23:24.103 INFO [stderr] error[E0412]: cannot find type `ID3D11Device1` in this scope
Dec 02 09:23:24.103 INFO [stderr]   --> src/game.rs:26:24
Dec 02 09:23:24.103 INFO [stderr]    |
Dec 02 09:23:24.103 INFO [stderr] 26 |     d3d_device: ComPtr<ID3D11Device1>,
Dec 02 09:23:24.103 INFO [stderr]    |                        ^^^^^^^^^^^^^ not found in this scope
Dec 02 09:23:24.103 INFO [stderr] 
Dec 02 09:23:24.103 INFO [stderr] error[E0412]: cannot find type `ID3D11DeviceContext1` in this scope
Dec 02 09:23:24.103 INFO [stderr]   --> src/game.rs:27:25
Dec 02 09:23:24.103 INFO [stderr]    |
Dec 02 09:23:24.103 INFO [stderr] 27 |     d3d_context: ComPtr<ID3D11DeviceContext1>,
Dec 02 09:23:24.103 INFO [stderr]    |                         ^^^^^^^^^^^^^^^^^^^^ not found in this scope
Dec 02 09:23:24.103 INFO [stderr] 
Dec 02 09:23:24.103 INFO [stderr] error[E0412]: cannot find type `IDXGISwapChain1` in this scope
Dec 02 09:23:24.103 INFO [stderr]   --> src/game.rs:28:24
Dec 02 09:23:24.103 INFO [stderr]    |
Dec 02 09:23:24.103 INFO [stderr] 28 |     swap_chain: ComPtr<IDXGISwapChain1>,
Dec 02 09:23:24.103 INFO [stderr]    |                        ^^^^^^^^^^^^^^^ not found in this scope
Dec 02 09:23:24.103 INFO [stderr] 
Dec 02 09:23:24.103 INFO [stderr] error[E0412]: cannot find type `ID3D11RenderTargetView` in this scope
Dec 02 09:23:24.103 INFO [stderr]   --> src/game.rs:29:32
Dec 02 09:23:24.103 INFO [stderr]    |
Dec 02 09:23:24.103 INFO [stderr] 29 |     render_target_view: ComPtr<ID3D11RenderTargetView>,
Dec 02 09:23:24.103 INFO [stderr]    |                                ^^^^^^^^^^^^^^^^^^^^^^ not found in this scope
Dec 02 09:23:24.103 INFO [stderr] 
Dec 02 09:23:24.103 INFO [stderr] error[E0412]: cannot find type `ID3D11DepthStencilView` in this scope
Dec 02 09:23:24.103 INFO [stderr]   --> src/game.rs:30:32
Dec 02 09:23:24.103 INFO [stderr]    |
Dec 02 09:23:24.103 INFO [stderr] 30 |     depth_stencil_view: ComPtr<ID3D11DepthStencilView>,
Dec 02 09:23:24.107 INFO [stderr]    |                                ^^^^^^^^^^^^^^^^^^^^^^ not found in this scope
Dec 02 09:23:24.107 INFO [stderr] 
Dec 02 09:23:24.107 INFO [stderr] error[E0425]: cannot find value `D3D_FEATURE_LEVEL_9_1` in this scope
Dec 02 09:23:24.107 INFO [stderr]   --> src/game.rs:41:32
Dec 02 09:23:24.107 INFO [stderr]    |
Dec 02 09:23:24.107 INFO [stderr] 41 |                 feature_level: D3D_FEATURE_LEVEL_9_1,
Dec 02 09:23:24.107 INFO [stderr]    |                                ^^^^^^^^^^^^^^^^^^^^^ not found in this scope
Dec 02 09:23:24.107 INFO [stderr] 
Dec 02 09:23:24.107 INFO [stderr] error[E0412]: cannot find type `HWND` in this scope
Dec 02 09:23:24.107 INFO [stderr]   --> src/game.rs:51:49
Dec 02 09:23:24.107 INFO [stderr]    |
Dec 02 09:23:24.107 INFO [stderr] 51 |     pub unsafe fn initialize(&mut self, window: HWND, width: i32, height: i32) {
Dec 02 09:23:24.107 INFO [stderr]    |                                                 ^^^^ not found in this scope
Dec 02 09:23:24.107 INFO [stderr] 
Dec 02 09:23:24.107 INFO [stderr] error[E0425]: cannot find value `D3D11_CLEAR_DEPTH` in this scope
Dec 02 09:23:24.107 INFO [stderr]   --> src/game.rs:95:17
Dec 02 09:23:24.107 INFO [stderr]    |
Dec 02 09:23:24.107 INFO [stderr] 95 |                 D3D11_CLEAR_DEPTH | D3D11_CLEAR_STENCIL,
Dec 02 09:23:24.107 INFO [stderr]    |                 ^^^^^^^^^^^^^^^^^ not found in this scope
Dec 02 09:23:24.107 INFO [stderr] 
Dec 02 09:23:24.107 INFO [stderr] error[E0425]: cannot find value `D3D11_CLEAR_STENCIL` in this scope
Dec 02 09:23:24.107 INFO [stderr]   --> src/game.rs:95:37
Dec 02 09:23:24.107 INFO [stderr]    |
Dec 02 09:23:24.107 INFO [stderr] 95 |                 D3D11_CLEAR_DEPTH | D3D11_CLEAR_STENCIL,
Dec 02 09:23:24.107 INFO [stderr]    |                                     ^^^^^^^^^^^^^^^^^^^ not found in this scope
Dec 02 09:23:24.107 INFO [stderr] 
Dec 02 09:23:24.107 INFO [stderr] error[E0422]: cannot find struct, variant or union type `D3D11_VIEWPORT` in this scope
Dec 02 09:23:24.107 INFO [stderr]    --> src/game.rs:105:28
Dec 02 09:23:24.107 INFO [stderr]     |
Dec 02 09:23:24.107 INFO [stderr] 105 |             let viewport = D3D11_VIEWPORT {
Dec 02 09:23:24.107 INFO [stderr]     |                            ^^^^^^^^^^^^^^ not found in this scope
Dec 02 09:23:24.107 INFO [stderr] 
Dec 02 09:23:24.107 INFO [stderr] error[E0425]: cannot find value `D3D11_MIN_DEPTH` in this scope
Dec 02 09:23:24.111 INFO [stderr]    --> src/game.rs:110:27
Dec 02 09:23:24.111 INFO [stderr]     |
Dec 02 09:23:24.111 INFO [stderr] 110 |                 MinDepth: D3D11_MIN_DEPTH,
Dec 02 09:23:24.111 INFO [stderr]     |                           ^^^^^^^^^^^^^^^ not found in this scope
Dec 02 09:23:24.111 INFO [stderr] 
Dec 02 09:23:24.111 INFO [stderr] error[E0425]: cannot find value `D3D11_MAX_DEPTH` in this scope
Dec 02 09:23:24.111 INFO [stderr]    --> src/game.rs:111:27
Dec 02 09:23:24.111 INFO [stderr]     |
Dec 02 09:23:24.111 INFO [stderr] 111 |                 MaxDepth: D3D11_MAX_DEPTH,
Dec 02 09:23:24.111 INFO [stderr]     |                           ^^^^^^^^^^^^^^^ not found in this scope
Dec 02 09:23:24.111 INFO [stderr] 
Dec 02 09:23:24.111 INFO [stderr] error[E0425]: cannot find value `DXGI_ERROR_DEVICE_REMOVED` in this scope
Dec 02 09:23:24.111 INFO [stderr]    --> src/game.rs:126:22
Dec 02 09:23:24.111 INFO [stderr]     |
Dec 02 09:23:24.111 INFO [stderr] 126 |             if hr == DXGI_ERROR_DEVICE_REMOVED || hr == DXGI_ERROR_DEVICE_RESET {
Dec 02 09:23:24.111 INFO [stderr]     |                      ^^^^^^^^^^^^^^^^^^^^^^^^^ not found in this scope
Dec 02 09:23:24.111 INFO [stderr] 
Dec 02 09:23:24.112 INFO [stderr] error[E0425]: cannot find value `DXGI_ERROR_DEVICE_RESET` in this scope
Dec 02 09:23:24.112 INFO [stderr]    --> src/game.rs:126:57
Dec 02 09:23:24.112 INFO [stderr]     |
Dec 02 09:23:24.112 INFO [stderr] 126 |             if hr == DXGI_ERROR_DEVICE_REMOVED || hr == DXGI_ERROR_DEVICE_RESET {
Dec 02 09:23:24.112 INFO [stderr]     |                                                         ^^^^^^^^^^^^^^^^^^^^^^^ not found in this scope
Dec 02 09:23:24.112 INFO [stderr] 
Dec 02 09:23:24.112 INFO [stderr] error[E0412]: cannot find type `UINT` in this scope
Dec 02 09:23:24.112 INFO [stderr]    --> src/game.rs:170:33
Dec 02 09:23:24.113 INFO [stderr]     |
Dec 02 09:23:24.113 INFO [stderr] 170 |         let mut creation_flags: UINT = 0;
Dec 02 09:23:24.113 INFO [stderr]     |                                 ^^^^ not found in this scope
Dec 02 09:23:24.113 INFO [stderr] 
Dec 02 09:23:24.113 INFO [stderr] error[E0425]: cannot find value `D3D11_CREATE_DEVICE_DEBUG` in this scope
Dec 02 09:23:24.113 INFO [stderr]    --> src/game.rs:174:31
Dec 02 09:23:24.113 INFO [stderr]     |
Dec 02 09:23:24.113 INFO [stderr] 174 |             creation_flags |= D3D11_CREATE_DEVICE_DEBUG;
Dec 02 09:23:24.113 INFO [stderr]     |                               ^^^^^^^^^^^^^^^^^^^^^^^^^ not found in this scope
Dec 02 09:23:24.113 INFO [stderr] 
Dec 02 09:23:24.113 INFO [stderr] error[E0425]: cannot find value `D3D_FEATURE_LEVEL_11_1` in this scope
Dec 02 09:23:24.113 INFO [stderr]    --> src/game.rs:179:13
Dec 02 09:23:24.113 INFO [stderr]     |
Dec 02 09:23:24.113 INFO [stderr] 179 |             D3D_FEATURE_LEVEL_11_1,
Dec 02 09:23:24.113 INFO [stderr]     |             ^^^^^^^^^^^^^^^^^^^^^^ not found in this scope
Dec 02 09:23:24.113 INFO [stderr] 
Dec 02 09:23:24.113 INFO [stderr] error[E0425]: cannot find value `D3D_FEATURE_LEVEL_11_0` in this scope
Dec 02 09:23:24.113 INFO [stderr]    --> src/game.rs:180:13
Dec 02 09:23:24.114 INFO [stderr]     |
Dec 02 09:23:24.114 INFO [stderr] 180 |             D3D_FEATURE_LEVEL_11_0,
Dec 02 09:23:24.114 INFO [stderr]     |             ^^^^^^^^^^^^^^^^^^^^^^ not found in this scope
Dec 02 09:23:24.114 INFO [stderr] 
Dec 02 09:23:24.114 INFO [stderr] error[E0425]: cannot find value `D3D_FEATURE_LEVEL_10_1` in this scope
Dec 02 09:23:24.114 INFO [stderr]    --> src/game.rs:181:13
Dec 02 09:23:24.114 INFO [stderr]     |
Dec 02 09:23:24.114 INFO [stderr] 181 |             D3D_FEATURE_LEVEL_10_1,
Dec 02 09:23:24.114 INFO [stderr]     |             ^^^^^^^^^^^^^^^^^^^^^^ not found in this scope
Dec 02 09:23:24.114 INFO [stderr] 
Dec 02 09:23:24.114 INFO [stderr] error[E0425]: cannot find value `D3D_FEATURE_LEVEL_10_0` in this scope
Dec 02 09:23:24.114 INFO [stderr]    --> src/game.rs:182:13
Dec 02 09:23:24.114 INFO [stderr]     |
Dec 02 09:23:24.114 INFO [stderr] 182 |             D3D_FEATURE_LEVEL_10_0,
Dec 02 09:23:24.114 INFO [stderr]     |             ^^^^^^^^^^^^^^^^^^^^^^ not found in this scope
Dec 02 09:23:24.114 INFO [stderr] 
Dec 02 09:23:24.114 INFO [stderr] error[E0425]: cannot find value `D3D_FEATURE_LEVEL_9_3` in this scope
Dec 02 09:23:24.114 INFO [stderr]    --> src/game.rs:183:13
Dec 02 09:23:24.114 INFO [stderr]     |
Dec 02 09:23:24.114 INFO [stderr] 183 |             D3D_FEATURE_LEVEL_9_3,
Dec 02 09:23:24.114 INFO [stderr]     |             ^^^^^^^^^^^^^^^^^^^^^ not found in this scope
Dec 02 09:23:24.114 INFO [stderr] 
Dec 02 09:23:24.114 INFO [stderr] error[E0425]: cannot find value `D3D_FEATURE_LEVEL_9_2` in this scope
Dec 02 09:23:24.114 INFO [stderr]    --> src/game.rs:184:13
Dec 02 09:23:24.114 INFO [stderr]     |
Dec 02 09:23:24.114 INFO [stderr] 184 |             D3D_FEATURE_LEVEL_9_2,
Dec 02 09:23:24.114 INFO [stderr]     |             ^^^^^^^^^^^^^^^^^^^^^ not found in this scope
Dec 02 09:23:24.114 INFO [stderr] 
Dec 02 09:23:24.114 INFO [stderr] error[E0425]: cannot find value `D3D_FEATURE_LEVEL_9_1` in this scope
Dec 02 09:23:24.114 INFO [stderr]    --> src/game.rs:185:13
Dec 02 09:23:24.114 INFO [stderr]     |
Dec 02 09:23:24.114 INFO [stderr] 185 |             D3D_FEATURE_LEVEL_9_1,
Dec 02 09:23:24.114 INFO [stderr]     |             ^^^^^^^^^^^^^^^^^^^^^ not found in this scope
Dec 02 09:23:24.114 INFO [stderr] 
Dec 02 09:23:24.114 INFO [stderr] error[E0412]: cannot find type `ID3D11Device` in this scope
Dec 02 09:23:24.115 INFO [stderr]    --> src/game.rs:188:28
Dec 02 09:23:24.115 INFO [stderr]     |
Dec 02 09:23:24.115 INFO [stderr] 188 |         let device: ComPtr<ID3D11Device> = ComPtr::from_raw(std::ptr::null_mut());
Dec 02 09:23:24.115 INFO [stderr]     |                            ^^^^^^^^^^^^ not found in this scope
Dec 02 09:23:24.115 INFO [stderr] 
Dec 02 09:23:24.115 INFO [stderr] error[E0412]: cannot find type `ID3D11DeviceContext` in this scope
Dec 02 09:23:24.115 INFO [stderr]    --> src/game.rs:189:29
Dec 02 09:23:24.115 INFO [stderr]     |
Dec 02 09:23:24.115 INFO [stderr] 189 |         let context: ComPtr<ID3D11DeviceContext> = ComPtr::from_raw(std::ptr::null_mut());
Dec 02 09:23:24.115 INFO [stderr]     |                             ^^^^^^^^^^^^^^^^^^^ not found in this scope
Dec 02 09:23:24.115 INFO [stderr] 
Dec 02 09:23:24.115 INFO [stderr] error[E0425]: cannot find function `D3D11CreateDevice` in this scope
Dec 02 09:23:24.115 INFO [stderr]    --> src/game.rs:190:18
Dec 02 09:23:24.115 INFO [stderr]     |
Dec 02 09:23:24.115 INFO [stderr] 190 |         let hr = D3D11CreateDevice(
Dec 02 09:23:24.115 INFO [stderr]     |                  ^^^^^^^^^^^^^^^^^ not found in this scope
Dec 02 09:23:24.115 INFO [stderr] 
Dec 02 09:23:24.115 INFO [stderr] error[E0425]: cannot find value `D3D_DRIVER_TYPE_HARDWARE` in this scope
Dec 02 09:23:24.115 INFO [stderr]    --> src/game.rs:192:13
Dec 02 09:23:24.115 INFO [stderr]     |
Dec 02 09:23:24.115 INFO [stderr] 192 |             D3D_DRIVER_TYPE_HARDWARE,
Dec 02 09:23:24.115 INFO [stderr]     |             ^^^^^^^^^^^^^^^^^^^^^^^^ not found in this scope
Dec 02 09:23:24.115 INFO [stderr] 
Dec 02 09:23:24.115 INFO [stderr] error[E0425]: cannot find value `D3D11_SDK_VERSION` in this scope
Dec 02 09:23:24.115 INFO [stderr]    --> src/game.rs:197:13
Dec 02 09:23:24.115 INFO [stderr]     |
Dec 02 09:23:24.115 INFO [stderr] 197 |             D3D11_SDK_VERSION,
Dec 02 09:23:24.115 INFO [stderr]     |             ^^^^^^^^^^^^^^^^^ not found in this scope
Dec 02 09:23:24.115 INFO [stderr] 
Dec 02 09:23:24.115 INFO [stderr] error[E0412]: cannot find type `ID3D11Device1` in this scope
Dec 02 09:23:24.115 INFO [stderr]    --> src/game.rs:208:36
Dec 02 09:23:24.115 INFO [stderr]     |
Dec 02 09:23:24.115 INFO [stderr] 208 |         let device = device.cast::<ID3D11Device1>().unwrap();
Dec 02 09:23:24.115 INFO [stderr]     |                                    ^^^^^^^^^^^^^ not found in this scope
Dec 02 09:23:24.115 INFO [stderr] 
Dec 02 09:23:24.115 INFO [stderr] error[E0412]: cannot find type `ID3D11DeviceContext1` in this scope
Dec 02 09:23:24.115 INFO [stderr]    --> src/game.rs:210:38
Dec 02 09:23:24.115 INFO [stderr]     |
Dec 02 09:23:24.115 INFO [stderr] 210 |         let context = context.cast::<ID3D11DeviceContext1>().unwrap();
Dec 02 09:23:24.115 INFO [stderr]     |                                      ^^^^^^^^^^^^^^^^^^^^ not found in this scope
Dec 02 09:23:24.115 INFO [stderr] 
Dec 02 09:23:24.115 INFO [stderr] error[E0412]: cannot find type `LARGE_INTEGER` in this scope
Dec 02 09:23:24.115 INFO [stderr]  --> src/step_timer.rs:9:20
Dec 02 09:23:24.115 INFO [stderr]   |
Dec 02 09:23:24.115 INFO [stderr] 9 |     qpc_frequency: LARGE_INTEGER,
Dec 02 09:23:24.115 INFO [stderr]   |                    ^^^^^^^^^^^^^ not found in this scope
Dec 02 09:23:24.115 INFO [stderr] 
Dec 02 09:23:24.115 INFO [stderr] error[E0412]: cannot find type `LARGE_INTEGER` in this scope
Dec 02 09:23:24.115 INFO [stderr]   --> src/step_timer.rs:10:20
Dec 02 09:23:24.115 INFO [stderr]    |
Dec 02 09:23:24.115 INFO [stderr] 10 |     qpc_last_time: LARGE_INTEGER,
Dec 02 09:23:24.115 INFO [stderr]    |                    ^^^^^^^^^^^^^ not found in this scope
Dec 02 09:23:24.115 INFO [stderr] 
Dec 02 09:23:24.119 INFO [stderr] error[E0412]: cannot find type `LARGE_INTEGER` in this scope
Dec 02 09:23:24.119 INFO [stderr]   --> src/step_timer.rs:26:27
Dec 02 09:23:24.119 INFO [stderr]    |
Dec 02 09:23:24.119 INFO [stderr] 26 |             let mut freq: LARGE_INTEGER = std::mem::zeroed();
Dec 02 09:23:24.119 INFO [stderr]    |                           ^^^^^^^^^^^^^ not found in this scope
Dec 02 09:23:24.119 INFO [stderr] 
Dec 02 09:23:24.119 INFO [stderr] error[E0425]: cannot find function `QueryPerformanceFrequency` in this scope
Dec 02 09:23:24.119 INFO [stderr]   --> src/step_timer.rs:27:16
Dec 02 09:23:24.119 INFO [stderr]    |
Dec 02 09:23:24.120 INFO [stderr] 27 |             if QueryPerformanceFrequency(&mut freq) == 0 {
Dec 02 09:23:24.120 INFO [stderr]    |                ^^^^^^^^^^^^^^^^^^^^^^^^^ not found in this scope
Dec 02 09:23:24.120 INFO [stderr] 
Dec 02 09:23:24.120 INFO [stderr] error[E0412]: cannot find type `LARGE_INTEGER` in this scope
Dec 02 09:23:24.120 INFO [stderr]   --> src/step_timer.rs:31:32
Dec 02 09:23:24.120 INFO [stderr]    |
Dec 02 09:23:24.120 INFO [stderr] 31 |             let mut last_time: LARGE_INTEGER = std::mem::zeroed();
Dec 02 09:23:24.120 INFO [stderr]    |                                ^^^^^^^^^^^^^ not found in this scope
Dec 02 09:23:24.120 INFO [stderr] 
Dec 02 09:23:24.120 INFO [stderr] error[E0425]: cannot find function `QueryPerformanceCounter` in this scope
Dec 02 09:23:24.120 INFO [stderr]   --> src/step_timer.rs:32:16
Dec 02 09:23:24.120 INFO [stderr]    |
Dec 02 09:23:24.121 INFO [stderr] 32 |             if QueryPerformanceCounter(&mut last_time) == 0 {
Dec 02 09:23:24.121 INFO [stderr]    |                ^^^^^^^^^^^^^^^^^^^^^^^ not found in this scope
Dec 02 09:23:24.121 INFO [stderr] 
Dec 02 09:23:24.121 INFO [stderr] error[E0412]: cannot find type `LARGE_INTEGER` in this scope
Dec 02 09:23:24.121 INFO [stderr]   --> src/step_timer.rs:60:35
Dec 02 09:23:24.121 INFO [stderr]    |
Dec 02 09:23:24.121 INFO [stderr] 60 |             let mut current_time: LARGE_INTEGER = std::mem::zeroed();
Dec 02 09:23:24.121 INFO [stderr]    |                                   ^^^^^^^^^^^^^ not found in this scope
Dec 02 09:23:24.121 INFO [stderr] 
Dec 02 09:23:24.121 INFO [stderr] error[E0425]: cannot find function `QueryPerformanceCounter` in this scope
Dec 02 09:23:24.121 INFO [stderr]   --> src/step_timer.rs:62:16
Dec 02 09:23:24.122 INFO [stderr]    |
Dec 02 09:23:24.122 INFO [stderr] 62 |             if QueryPerformanceCounter(&mut current_time) == 0 {
Dec 02 09:23:24.122 INFO [stderr]    |                ^^^^^^^^^^^^^^^^^^^^^^^ not found in this scope
Dec 02 09:23:24.122 INFO [stderr] 
Dec 02 09:23:24.122 INFO [stderr] error[E0425]: cannot find function `QueryPerformanceCounter` in this scope
Dec 02 09:23:24.122 INFO [stderr]    --> src/step_timer.rs:129:16
Dec 02 09:23:24.122 INFO [stderr]     |
Dec 02 09:23:24.122 INFO [stderr] 129 |             if QueryPerformanceCounter(&mut self.qpc_last_time) == 0 {
Dec 02 09:23:24.122 INFO [stderr]     |                ^^^^^^^^^^^^^^^^^^^^^^^ not found in this scope
Dec 02 09:23:24.122 INFO [stderr] 
Dec 02 09:23:24.122 INFO [stderr] error[E0425]: cannot find function `CoInitializeEx` in this scope
Dec 02 09:23:24.122 INFO [stderr]   --> src/main.rs:30:18
Dec 02 09:23:24.123 INFO [stderr]    |
Dec 02 09:23:24.123 INFO [stderr] 30 |         let hr = CoInitializeEx(std::ptr::null_mut(), COINITBASE_MULTITHREADED);
Dec 02 09:23:24.123 INFO [stderr]    |                  ^^^^^^^^^^^^^^ not found in this scope
Dec 02 09:23:24.123 INFO [stderr] 
Dec 02 09:23:24.123 INFO [stderr] error[E0425]: cannot find value `COINITBASE_MULTITHREADED` in this scope
Dec 02 09:23:24.123 INFO [stderr]   --> src/main.rs:30:55
Dec 02 09:23:24.123 INFO [stderr]    |
Dec 02 09:23:24.123 INFO [stderr] 30 |         let hr = CoInitializeEx(std::ptr::null_mut(), COINITBASE_MULTITHREADED);
Dec 02 09:23:24.124 INFO [stderr]    |                                                       ^^^^^^^^^^^^^^^^^^^^^^^^ not found in this scope
Dec 02 09:23:24.124 INFO [stderr] 
Dec 02 09:23:24.124 INFO [stderr] error[E0425]: cannot find function `GetModuleHandleW` in this scope
Dec 02 09:23:24.124 INFO [stderr]   --> src/main.rs:38:25
Dec 02 09:23:24.124 INFO [stderr]    |
Dec 02 09:23:24.124 INFO [stderr] 38 |         let hinstance = GetModuleHandleW(std::ptr::null_mut());
Dec 02 09:23:24.124 INFO [stderr]    |                         ^^^^^^^^^^^^^^^^ not found in this scope
Dec 02 09:23:24.125 INFO [stderr] 
Dec 02 09:23:24.125 INFO [stderr] error[E0422]: cannot find struct, variant or union type `WNDCLASSEXW` in this scope
Dec 02 09:23:24.125 INFO [stderr]   --> src/main.rs:51:25
Dec 02 09:23:24.125 INFO [stderr]    |
Dec 02 09:23:24.125 INFO [stderr] 51 |         let wnd_class = WNDCLASSEXW {
Dec 02 09:23:24.125 INFO [stderr]    |                         ^^^^^^^^^^^ not found in this scope
Dec 02 09:23:24.125 INFO [stderr] 
Dec 02 09:23:24.125 INFO [stderr] error[E0412]: cannot find type `WNDCLASSEXW` in this scope
Dec 02 09:23:24.125 INFO [stderr]   --> src/main.rs:52:41
Dec 02 09:23:24.125 INFO [stderr]    |
Dec 02 09:23:24.125 INFO [stderr] 52 |             cbSize: std::mem::size_of::<WNDCLASSEXW>() as u32,
Dec 02 09:23:24.126 INFO [stderr]    |                                         ^^^^^^^^^^^ not found in this scope
Dec 02 09:23:24.126 INFO [stderr] 
Dec 02 09:23:24.126 INFO [stderr] error[E0425]: cannot find value `CS_HREDRAW` in this scope
Dec 02 09:23:24.126 INFO [stderr]   --> src/main.rs:53:20
Dec 02 09:23:24.126 INFO [stderr]    |
Dec 02 09:23:24.126 INFO [stderr] 53 |             style: CS_HREDRAW | CS_VREDRAW,
Dec 02 09:23:24.126 INFO [stderr]    |                    ^^^^^^^^^^ not found in this scope
Dec 02 09:23:24.126 INFO [stderr] 
Dec 02 09:23:24.126 INFO [stderr] error[E0425]: cannot find value `CS_VREDRAW` in this scope
Dec 02 09:23:24.126 INFO [stderr]   --> src/main.rs:53:33
Dec 02 09:23:24.126 INFO [stderr]    |
Dec 02 09:23:24.126 INFO [stderr] 53 |             style: CS_HREDRAW | CS_VREDRAW,
Dec 02 09:23:24.126 INFO [stderr]    |                                 ^^^^^^^^^^ not found in this scope
Dec 02 09:23:24.126 INFO [stderr] 
Dec 02 09:23:24.126 INFO [stderr] error[E0425]: cannot find function `LoadIconW` in this scope
Dec 02 09:23:24.129 INFO [stderr]   --> src/main.rs:58:20
Dec 02 09:23:24.129 INFO [stderr]    |
Dec 02 09:23:24.129 INFO [stderr] 58 |             hIcon: LoadIconW(hinstance, idi_icon.as_ptr()),
Dec 02 09:23:24.129 INFO [stderr]    |                    ^^^^^^^^^ not found in this scope
Dec 02 09:23:24.129 INFO [stderr] 
Dec 02 09:23:24.129 INFO [stderr] error[E0425]: cannot find function `LoadCursorW` in this scope
Dec 02 09:23:24.129 INFO [stderr]   --> src/main.rs:59:22
Dec 02 09:23:24.129 INFO [stderr]    |
Dec 02 09:23:24.130 INFO [stderr] 59 |             hCursor: LoadCursorW(std::ptr::null_mut(), IDC_ARROW),
Dec 02 09:23:24.130 INFO [stderr]    |                      ^^^^^^^^^^^ not found in this scope
Dec 02 09:23:24.130 INFO [stderr] 
Dec 02 09:23:24.130 INFO [stderr] error[E0425]: cannot find value `IDC_ARROW` in this scope
Dec 02 09:23:24.130 INFO [stderr]   --> src/main.rs:59:56
Dec 02 09:23:24.130 INFO [stderr]    |
Dec 02 09:23:24.130 INFO [stderr] 59 |             hCursor: LoadCursorW(std::ptr::null_mut(), IDC_ARROW),
Dec 02 09:23:24.130 INFO [stderr]    |                                                        ^^^^^^^^^ not found in this scope
Dec 02 09:23:24.130 INFO [stderr] 
Dec 02 09:23:24.130 INFO [stderr] error[E0425]: cannot find value `COLOR_WINDOW` in this scope
Dec 02 09:23:24.130 INFO [stderr]   --> src/main.rs:60:29
Dec 02 09:23:24.130 INFO [stderr]    |
Dec 02 09:23:24.130 INFO [stderr] 60 |             hbrBackground: (COLOR_WINDOW + 1) as HBRUSH,
Dec 02 09:23:24.130 INFO [stderr]    |                             ^^^^^^^^^^^^ not found in this scope
Dec 02 09:23:24.130 INFO [stderr] 
Dec 02 09:23:24.130 INFO [stderr] error[E0412]: cannot find type `HBRUSH` in this scope
Dec 02 09:23:24.130 INFO [stderr]   --> src/main.rs:60:50
Dec 02 09:23:24.130 INFO [stderr]    |
Dec 02 09:23:24.130 INFO [stderr] 60 |             hbrBackground: (COLOR_WINDOW + 1) as HBRUSH,
Dec 02 09:23:24.130 INFO [stderr]    |                                                  ^^^^^^ not found in this scope
Dec 02 09:23:24.130 INFO [stderr] 
Dec 02 09:23:24.130 INFO [stderr] error[E0425]: cannot find function `LoadIconW` in this scope
Dec 02 09:23:24.130 INFO [stderr]   --> src/main.rs:63:22
Dec 02 09:23:24.130 INFO [stderr]    |
Dec 02 09:23:24.130 INFO [stderr] 63 |             hIconSm: LoadIconW(hinstance, idi_icon.as_ptr()),
Dec 02 09:23:24.130 INFO [stderr]    |                      ^^^^^^^^^ not found in this scope
Dec 02 09:23:24.130 INFO [stderr] 
Dec 02 09:23:24.130 INFO [stderr] error[E0425]: cannot find function `RegisterClassExW` in this scope
Dec 02 09:23:24.130 INFO [stderr]   --> src/main.rs:66:26
Dec 02 09:23:24.130 INFO [stderr]    |
Dec 02 09:23:24.130 INFO [stderr] 66 |         let registered = RegisterClassExW(&wnd_class as *const WNDCLASSEXW) != 0;
Dec 02 09:23:24.130 INFO [stderr]    |                          ^^^^^^^^^^^^^^^^ not found in this scope
Dec 02 09:23:24.130 INFO [stderr] 
Dec 02 09:23:24.130 INFO [stderr] error[E0412]: cannot find type `WNDCLASSEXW` in this scope
Dec 02 09:23:24.130 INFO [stderr]   --> src/main.rs:66:64
Dec 02 09:23:24.130 INFO [stderr]    |
Dec 02 09:23:24.130 INFO [stderr] 66 |         let registered = RegisterClassExW(&wnd_class as *const WNDCLASSEXW) != 0;
Dec 02 09:23:24.130 INFO [stderr]    |                                                                ^^^^^^^^^^^ not found in this scope
Dec 02 09:23:24.130 INFO [stderr] 
Dec 02 09:23:24.130 INFO [stderr] error[E0425]: cannot find function `CreateWindowExW` in this scope
Dec 02 09:23:24.130 INFO [stderr]   --> src/main.rs:71:24
Dec 02 09:23:24.130 INFO [stderr]    |
Dec 02 09:23:24.130 INFO [stderr] 71 |             let hwnd = CreateWindowExW(
Dec 02 09:23:24.130 INFO [stderr]    |                        ^^^^^^^^^^^^^^^ not found in this scope
Dec 02 09:23:24.130 INFO [stderr] 
Dec 02 09:23:24.130 INFO [stderr] error[E0425]: cannot find value `WS_OVERLAPPEDWINDOW` in this scope
Dec 02 09:23:24.130 INFO [stderr]   --> src/main.rs:75:17
Dec 02 09:23:24.130 INFO [stderr]    |
Dec 02 09:23:24.130 INFO [stderr] 75 |                 WS_OVERLAPPEDWINDOW,
Dec 02 09:23:24.130 INFO [stderr]    |                 ^^^^^^^^^^^^^^^^^^^ not found in this scope
Dec 02 09:23:24.130 INFO [stderr] 
Dec 02 09:23:24.130 INFO [stderr] error[E0425]: cannot find value `CW_USEDEFAULT` in this scope
Dec 02 09:23:24.130 INFO [stderr]   --> src/main.rs:76:17
Dec 02 09:23:24.130 INFO [stderr]    |
Dec 02 09:23:24.130 INFO [stderr] 76 |                 CW_USEDEFAULT,
Dec 02 09:23:24.130 INFO [stderr]    |                 ^^^^^^^^^^^^^ not found in this scope
Dec 02 09:23:24.130 INFO [stderr] 
Dec 02 09:23:24.130 INFO [stderr] error[E0425]: cannot find value `CW_USEDEFAULT` in this scope
Dec 02 09:23:24.130 INFO [stderr]   --> src/main.rs:77:17
Dec 02 09:23:24.130 INFO [stderr]    |
Dec 02 09:23:24.130 INFO [stderr] 77 |                 CW_USEDEFAULT,
Dec 02 09:23:24.131 INFO [stderr]    |                 ^^^^^^^^^^^^^ not found in this scope
Dec 02 09:23:24.131 INFO [stderr] 
Dec 02 09:23:24.131 INFO [stderr] error[E0412]: cannot find type `HWND` in this scope
Dec 02 09:23:24.131 INFO [stderr]   --> src/main.rs:80:22
Dec 02 09:23:24.131 INFO [stderr]    |
Dec 02 09:23:24.131 INFO [stderr] 80 |                 0 as HWND,
Dec 02 09:23:24.131 INFO [stderr]    |                      ^^^^ not found in this scope
Dec 02 09:23:24.131 INFO [stderr] 
Dec 02 09:23:24.131 INFO [stderr] error[E0412]: cannot find type `HMENU` in this scope
Dec 02 09:23:24.131 INFO [stderr]   --> src/main.rs:81:22
Dec 02 09:23:24.131 INFO [stderr]    |
Dec 02 09:23:24.131 INFO [stderr] 81 |                 0 as HMENU,
Dec 02 09:23:24.131 INFO [stderr]    |                      ^^^^^ not found in this scope
Dec 02 09:23:24.131 INFO [stderr] 
Dec 02 09:23:24.131 INFO [stderr] error[E0412]: cannot find type `HINSTANCE` in this scope
Dec 02 09:23:24.131 INFO [stderr]   --> src/main.rs:82:22
Dec 02 09:23:24.131 INFO [stderr]    |
Dec 02 09:23:24.131 INFO [stderr] 82 |                 0 as HINSTANCE,
Dec 02 09:23:24.131 INFO [stderr]    |                      ^^^^^^^^^ not found in this scope
Dec 02 09:23:24.131 INFO [stderr] 
Dec 02 09:23:24.131 INFO [stderr] error[E0425]: cannot find function `ShowWindow` in this scope
Dec 02 09:23:24.131 INFO [stderr]   --> src/main.rs:87:17
Dec 02 09:23:24.132 INFO [stderr]    |
Dec 02 09:23:24.132 INFO [stderr] 87 |                 ShowWindow(hwnd, SW_SHOW);
Dec 02 09:23:24.132 INFO [stderr]    |                 ^^^^^^^^^^ not found in this scope
Dec 02 09:23:24.132 INFO [stderr] 
Dec 02 09:23:24.132 INFO [stderr] error[E0425]: cannot find value `SW_SHOW` in this scope
Dec 02 09:23:24.132 INFO [stderr]   --> src/main.rs:87:34
Dec 02 09:23:24.132 INFO [stderr]    |
Dec 02 09:23:24.132 INFO [stderr] 87 |                 ShowWindow(hwnd, SW_SHOW);
Dec 02 09:23:24.132 INFO [stderr]    |                                  ^^^^^^^ not found in this scope
Dec 02 09:23:24.132 INFO [stderr] 
Dec 02 09:23:24.132 INFO [stderr] error[E0412]: cannot find type `MSG` in this scope
Dec 02 09:23:24.132 INFO [stderr]   --> src/main.rs:88:30
Dec 02 09:23:24.132 INFO [stderr]    |
Dec 02 09:23:24.132 INFO [stderr] 88 |                 let mut msg: MSG = std::mem::zeroed();
Dec 02 09:23:24.132 INFO [stderr]    |                              ^^^ not found in this scope
Dec 02 09:23:24.132 INFO [stderr] 
Dec 02 09:23:24.132 INFO [stderr] error[E0425]: cannot find value `WM_QUIT` in this scope
Dec 02 09:23:24.132 INFO [stderr]   --> src/main.rs:89:23
Dec 02 09:23:24.133 INFO [stderr]    |
Dec 02 09:23:24.133 INFO [stderr] 89 |                 while WM_QUIT != msg.message {
Dec 02 09:23:24.133 INFO [stderr]    |                       ^^^^^^^ not found in this scope
Dec 02 09:23:24.133 INFO [stderr] 
Dec 02 09:23:24.133 INFO [stderr] error[E0425]: cannot find function `PeekMessageW` in this scope
Dec 02 09:23:24.133 INFO [stderr]   --> src/main.rs:90:24
Dec 02 09:23:24.133 INFO [stderr]    |
Dec 02 09:23:24.133 INFO [stderr] 90 |                     if PeekMessageW(&mut msg, std::ptr::null_mut(), 0, 0, PM_REMOVE) != 0 {
Dec 02 09:23:24.133 INFO [stderr]    |                        ^^^^^^^^^^^^ not found in this scope
Dec 02 09:23:24.133 INFO [stderr] 
Dec 02 09:23:24.133 INFO [stderr] error[E0425]: cannot find value `PM_REMOVE` in this scope
Dec 02 09:23:24.133 INFO [stderr]   --> src/main.rs:90:75
Dec 02 09:23:24.133 INFO [stderr]    |
Dec 02 09:23:24.133 INFO [stderr] 90 |                     if PeekMessageW(&mut msg, std::ptr::null_mut(), 0, 0, PM_REMOVE) != 0 {
Dec 02 09:23:24.133 INFO [stderr]    |                                                                           ^^^^^^^^^ not found in this scope
Dec 02 09:23:24.133 INFO [stderr] 
Dec 02 09:23:24.133 INFO [stderr] error[E0425]: cannot find function `TranslateMessage` in this scope
Dec 02 09:23:24.133 INFO [stderr]   --> src/main.rs:91:25
Dec 02 09:23:24.133 INFO [stderr]    |
Dec 02 09:23:24.133 INFO [stderr] 91 |                         TranslateMessage(&msg);
Dec 02 09:23:24.133 INFO [stderr]    |                         ^^^^^^^^^^^^^^^^ not found in this scope
Dec 02 09:23:24.133 INFO [stderr] 
Dec 02 09:23:24.133 INFO [stderr] error[E0425]: cannot find function `DispatchMessageW` in this scope
Dec 02 09:23:24.133 INFO [stderr]   --> src/main.rs:92:25
Dec 02 09:23:24.133 INFO [stderr]    |
Dec 02 09:23:24.133 INFO [stderr] 92 |                         DispatchMessageW(&msg);
Dec 02 09:23:24.133 INFO [stderr]    |                         ^^^^^^^^^^^^^^^^ not found in this scope
Dec 02 09:23:24.133 INFO [stderr] 
Dec 02 09:23:24.133 INFO [stderr] error[E0425]: cannot find function `CoUninitialize` in this scope
Dec 02 09:23:24.133 INFO [stderr]   --> src/main.rs:98:17
Dec 02 09:23:24.133 INFO [stderr]    |
Dec 02 09:23:24.133 INFO [stderr] 98 |                 CoUninitialize();
Dec 02 09:23:24.133 INFO [stderr]    |                 ^^^^^^^^^^^^^^ not found in this scope
Dec 02 09:23:24.133 INFO [stderr] 
Dec 02 09:23:24.133 INFO [stderr] error[E0412]: cannot find type `HWND` in this scope
Dec 02 09:23:24.133 INFO [stderr]    --> src/main.rs:108:11
Dec 02 09:23:24.133 INFO [stderr]     |
Dec 02 09:23:24.133 INFO [stderr] 108 |     hwnd: HWND,
Dec 02 09:23:24.133 INFO [stderr]     |           ^^^^ not found in this scope
Dec 02 09:23:24.133 INFO [stderr] 
Dec 02 09:23:24.134 INFO [stderr] error[E0412]: cannot find type `WPARAM` in this scope
Dec 02 09:23:24.134 INFO [stderr]    --> src/main.rs:110:14
Dec 02 09:23:24.134 INFO [stderr]     |
Dec 02 09:23:24.134 INFO [stderr] 110 |     w_param: WPARAM,
Dec 02 09:23:24.134 INFO [stderr]     |              ^^^^^^ not found in this scope
Dec 02 09:23:24.134 INFO [stderr] 
Dec 02 09:23:24.134 INFO [stderr] error[E0412]: cannot find type `LPARAM` in this scope
Dec 02 09:23:24.134 INFO [stderr]    --> src/main.rs:111:14
Dec 02 09:23:24.134 INFO [stderr]     |
Dec 02 09:23:24.134 INFO [stderr] 111 |     l_param: LPARAM,
Dec 02 09:23:24.134 INFO [stderr]     |              ^^^^^^ not found in this scope
Dec 02 09:23:24.134 INFO [stderr] 
Dec 02 09:23:24.134 INFO [stderr] error[E0412]: cannot find type `LRESULT` in this scope
Dec 02 09:23:24.134 INFO [stderr]    --> src/main.rs:112:6
Dec 02 09:23:24.134 INFO [stderr]     |
Dec 02 09:23:24.134 INFO [stderr] 112 | ) -> LRESULT {
Dec 02 09:23:24.134 INFO [stderr]     |      ^^^^^^^ not found in this scope
Dec 02 09:23:24.134 INFO [stderr] 
Dec 02 09:23:24.134 INFO [stderr] error[E0425]: cannot find function `PostQuitMessage` in this scope
Dec 02 09:23:24.134 INFO [stderr]    --> src/main.rs:122:13
Dec 02 09:23:24.134 INFO [stderr]     |
Dec 02 09:23:24.134 INFO [stderr] 122 |             PostQuitMessage(0);
Dec 02 09:23:24.134 INFO [stderr]     |             ^^^^^^^^^^^^^^^ not found in this scope
Dec 02 09:23:24.134 INFO [stderr] 
Dec 02 09:23:24.134 INFO [stderr] error[E0425]: cannot find function `DefWindowProcW` in this scope
Dec 02 09:23:24.134 INFO [stderr]    --> src/main.rs:129:5
Dec 02 09:23:24.134 INFO [stderr]     |
Dec 02 09:23:24.134 INFO [stderr] 129 |     DefWindowProcW(hwnd, message, w_param, l_param)
Dec 02 09:23:24.134 INFO [stderr]     |     ^^^^^^^^^^^^^^ not found in this scope
Dec 02 09:23:24.134 INFO [stderr] 
Dec 02 09:23:24.134 INFO [stderr] error[E0412]: cannot find type `HRESULT` in this scope
Dec 02 09:23:24.134 INFO [stderr]    --> src/main.rs:132:15
Dec 02 09:23:24.134 INFO [stderr]     |
Dec 02 09:23:24.134 INFO [stderr] 132 | fn failed(hr: HRESULT) -> bool {
Dec 02 09:23:24.134 INFO [stderr]     |               ^^^^^^^ not found in this scope
Dec 02 09:23:24.134 INFO [stderr] 
Dec 02 09:23:24.134 INFO [stderr] warning: unused import: `game::Game`
Dec 02 09:23:24.134 INFO [stderr]  --> src/main.rs:4:5
Dec 02 09:23:24.134 INFO [stderr]   |
Dec 02 09:23:24.134 INFO [stderr] 4 | use game::Game;
Dec 02 09:23:24.134 INFO [stderr]   |     ^^^^^^^^^^
Dec 02 09:23:24.134 INFO [stderr]   |
Dec 02 09:23:24.134 INFO [stderr]   = note: #[warn(unused_imports)] on by default
Dec 02 09:23:24.134 INFO [stderr] 
Dec 02 09:23:24.134 INFO [stderr] warning: unused import: `std::os::windows::ffi::OsStrExt`
Dec 02 09:23:24.134 INFO [stderr]  --> src/main.rs:7:5
Dec 02 09:23:24.134 INFO [stderr]   |
Dec 02 09:23:24.134 INFO [stderr] 7 | use std::os::windows::ffi::OsStrExt;
Dec 02 09:23:24.134 INFO [stderr]   |     ^^^^^^^^^^^^^^^^^^^^^^^^^^^^^^^
Dec 02 09:23:24.134 INFO [stderr] 
Dec 02 09:23:24.134 INFO [stderr] warning: unused imports: `HINSTANCE`, `LPARAM`, `LRESULT`, `WPARAM`
Dec 02 09:23:24.134 INFO [stderr]  --> src/main.rs:8:33
Dec 02 09:23:24.134 INFO [stderr]   |
Dec 02 09:23:24.134 INFO [stderr] 8 | use winapi::shared::minwindef::{HINSTANCE, LPARAM, LRESULT, WPARAM};
Dec 02 09:23:24.134 INFO [stderr]   |                                 ^^^^^^^^^  ^^^^^^  ^^^^^^^  ^^^^^^
Dec 02 09:23:24.134 INFO [stderr] 
Dec 02 09:23:24.134 INFO [stderr] warning: unused import: `winapi::shared::ntdef::HRESULT`
Dec 02 09:23:24.134 INFO [stderr]  --> src/main.rs:9:5
Dec 02 09:23:24.134 INFO [stderr]   |
Dec 02 09:23:24.134 INFO [stderr] 9 | use winapi::shared::ntdef::HRESULT;
Dec 02 09:23:24.134 INFO [stderr]   |     ^^^^^^^^^^^^^^^^^^^^^^^^^^^^^^
Dec 02 09:23:24.134 INFO [stderr] 
Dec 02 09:23:24.134 INFO [stderr] warning: unused imports: `HBRUSH`, `HMENU`, `HWND`
Dec 02 09:23:24.134 INFO [stderr]   --> src/main.rs:10:30
Dec 02 09:23:24.134 INFO [stderr]    |
Dec 02 09:23:24.134 INFO [stderr] 10 | use winapi::shared::windef::{HBRUSH, HMENU, HWND};
Dec 02 09:23:24.134 INFO [stderr]    |                              ^^^^^^  ^^^^^  ^^^^
Dec 02 09:23:24.134 INFO [stderr] 
Dec 02 09:23:24.134 INFO [stderr] warning: unused imports: `COINITBASE_MULTITHREADED`, `CoInitializeEx`, `CoUninitialize`
Dec 02 09:23:24.134 INFO [stderr]   --> src/main.rs:11:30
Dec 02 09:23:24.134 INFO [stderr]    |
Dec 02 09:23:24.134 INFO [stderr] 11 | use winapi::um::combaseapi::{CoInitializeEx, CoUninitialize, COINITBASE_MULTITHREADED};
Dec 02 09:23:24.134 INFO [stderr]    |                              ^^^^^^^^^^^^^^  ^^^^^^^^^^^^^^  ^^^^^^^^^^^^^^^^^^^^^^^^
Dec 02 09:23:24.134 INFO [stderr] 
Dec 02 09:23:24.134 INFO [stderr] warning: unused import: `winapi::um::libloaderapi::GetModuleHandleW`
Dec 02 09:23:24.134 INFO [stderr]   --> src/main.rs:12:5
Dec 02 09:23:24.134 INFO [stderr]    |
Dec 02 09:23:24.134 INFO [stderr] 12 | use winapi::um::libloaderapi::GetModuleHandleW;
Dec 02 09:23:24.135 INFO [stderr]    |     ^^^^^^^^^^^^^^^^^^^^^^^^^^^^^^^^^^^^^^^^^^
Dec 02 09:23:24.135 INFO [stderr] 
Dec 02 09:23:24.135 INFO [stderr] warning: unused imports: `COLOR_WINDOW`, `CS_HREDRAW`, `CS_VREDRAW`, `CW_USEDEFAULT`, `CreateWindowExW`, `DefWindowProcW`, `DispatchMessageW`, `IDC_ARROW`, `LoadCursorW`, `LoadIconW`, `MSG`, `PM_REMOVE`, `PeekMessageW`, `PostQuitMessage`, `RegisterClassExW`, `SW_SHOW`, `ShowWindow`, `TranslateMessage`, `WM_ACTIVATEAPP`, `WM_DESTROY`, `WM_ENTERSIZEMOVE`, `WM_EXITSIZEMOVE`, `WM_GETMINMAXINFO`, `WM_MENUCHAR`, `WM_PAINT`, `WM_POWERBROADCAST`, `WM_QUIT`, `WM_SIZE`, `WM_SYSKEYDOWN`, `WNDCLASSEXW`, `WS_OVERLAPPEDWINDOW`
Dec 02 09:23:24.135 INFO [stderr]   --> src/main.rs:14:5
Dec 02 09:23:24.135 INFO [stderr]    |
Dec 02 09:23:24.135 INFO [stderr] 14 |     CreateWindowExW, DefWindowProcW, DispatchMessageW, LoadCursorW, LoadIconW, PeekMessageW,
Dec 02 09:23:24.135 INFO [stderr]    |     ^^^^^^^^^^^^^^^  ^^^^^^^^^^^^^^  ^^^^^^^^^^^^^^^^  ^^^^^^^^^^^  ^^^^^^^^^  ^^^^^^^^^^^^
Dec 02 09:23:24.135 INFO [stderr] 15 |     PostQuitMessage, RegisterClassExW, ShowWindow, TranslateMessage, COLOR_WINDOW, CS_HREDRAW,
Dec 02 09:23:24.135 INFO [stderr]    |     ^^^^^^^^^^^^^^^  ^^^^^^^^^^^^^^^^  ^^^^^^^^^^  ^^^^^^^^^^^^^^^^  ^^^^^^^^^^^^  ^^^^^^^^^^
Dec 02 09:23:24.135 INFO [stderr] 16 |     CS_VREDRAW, CW_USEDEFAULT, IDC_ARROW, MSG, PM_REMOVE, SW_SHOW, WM_ACTIVATEAPP, WM_DESTROY,
Dec 02 09:23:24.135 INFO [stderr]    |     ^^^^^^^^^^  ^^^^^^^^^^^^^  ^^^^^^^^^  ^^^  ^^^^^^^^^  ^^^^^^^  ^^^^^^^^^^^^^^  ^^^^^^^^^^
Dec 02 09:23:24.135 INFO [stderr] 17 |     WM_ENTERSIZEMOVE, WM_EXITSIZEMOVE, WM_GETMINMAXINFO, WM_MENUCHAR, WM_PAINT, WM_POWERBROADCAST,
Dec 02 09:23:24.135 INFO [stderr]    |     ^^^^^^^^^^^^^^^^  ^^^^^^^^^^^^^^^  ^^^^^^^^^^^^^^^^  ^^^^^^^^^^^  ^^^^^^^^  ^^^^^^^^^^^^^^^^^
Dec 02 09:23:24.135 INFO [stderr] 18 |     WM_QUIT, WM_SIZE, WM_SYSKEYDOWN, WNDCLASSEXW, WS_OVERLAPPEDWINDOW,
Dec 02 09:23:24.135 INFO [stderr]    |     ^^^^^^^  ^^^^^^^  ^^^^^^^^^^^^^  ^^^^^^^^^^^  ^^^^^^^^^^^^^^^^^^^
Dec 02 09:23:24.135 INFO [stderr] 
Dec 02 09:23:24.135 INFO [stderr] warning: unused import: `winapi::shared::dxgi1_2::IDXGISwapChain1`
Dec 02 09:23:24.135 INFO [stderr]  --> src/game.rs:2:5
Dec 02 09:23:24.135 INFO [stderr]   |
Dec 02 09:23:24.135 INFO [stderr] 2 | use winapi::shared::dxgi1_2::IDXGISwapChain1;
Dec 02 09:23:24.135 INFO [stderr]   |     ^^^^^^^^^^^^^^^^^^^^^^^^^^^^^^^^^^^^^^^^
Dec 02 09:23:24.135 INFO [stderr] 
Dec 02 09:23:24.135 INFO [stderr] warning: unused import: `winapi::shared::minwindef::UINT`
Dec 02 09:23:24.135 INFO [stderr]  --> src/game.rs:3:5
Dec 02 09:23:24.135 INFO [stderr]   |
Dec 02 09:23:24.135 INFO [stderr] 3 | use winapi::shared::minwindef::UINT;
Dec 02 09:23:24.135 INFO [stderr]   |     ^^^^^^^^^^^^^^^^^^^^^^^^^^^^^^^
Dec 02 09:23:24.135 INFO [stderr] 
Dec 02 09:23:24.135 INFO [stderr] warning: unused import: `winapi::shared::windef::HWND`
Dec 02 09:23:24.135 INFO [stderr]  --> src/game.rs:4:5
Dec 02 09:23:24.135 INFO [stderr]   |
Dec 02 09:23:24.135 INFO [stderr] 4 | use winapi::shared::windef::HWND;
Dec 02 09:23:24.135 INFO [stderr]   |     ^^^^^^^^^^^^^^^^^^^^^^^^^^^^
Dec 02 09:23:24.135 INFO [stderr] 
Dec 02 09:23:24.135 INFO [stderr] warning: unused imports: `DXGI_ERROR_DEVICE_REMOVED`, `DXGI_ERROR_DEVICE_RESET`
Dec 02 09:23:24.135 INFO [stderr]  --> src/game.rs:5:32
Dec 02 09:23:24.135 INFO [stderr]   |
Dec 02 09:23:24.135 INFO [stderr] 5 | use winapi::shared::winerror::{DXGI_ERROR_DEVICE_REMOVED, DXGI_ERROR_DEVICE_RESET};
Dec 02 09:23:24.135 INFO [stderr]   |                                ^^^^^^^^^^^^^^^^^^^^^^^^^  ^^^^^^^^^^^^^^^^^^^^^^^
Dec 02 09:23:24.135 INFO [stderr] 
Dec 02 09:23:24.135 INFO [stderr] warning: unused imports: `D3D11CreateDevice`, `D3D11_CLEAR_DEPTH`, `D3D11_CLEAR_STENCIL`, `D3D11_CREATE_DEVICE_DEBUG`, `D3D11_MAX_DEPTH`, `D3D11_MIN_DEPTH`, `D3D11_SDK_VERSION`, `D3D11_VIEWPORT`, `ID3D11DepthStencilView`, `ID3D11DeviceContext`, `ID3D11Device`, `ID3D11RenderTargetView`
Dec 02 09:23:24.135 INFO [stderr]  --> src/game.rs:7:5
Dec 02 09:23:24.135 INFO [stderr]   |
Dec 02 09:23:24.135 INFO [stderr] 7 |     D3D11CreateDevice, ID3D11DepthStencilView, ID3D11Device, ID3D11DeviceContext,
Dec 02 09:23:24.135 INFO [stderr]   |     ^^^^^^^^^^^^^^^^^  ^^^^^^^^^^^^^^^^^^^^^^  ^^^^^^^^^^^^  ^^^^^^^^^^^^^^^^^^^
Dec 02 09:23:24.135 INFO [stderr] 8 |     ID3D11RenderTargetView, D3D11_CLEAR_DEPTH, D3D11_CLEAR_STENCIL, D3D11_CREATE_DEVICE_DEBUG,
Dec 02 09:23:24.135 INFO [stderr]   |     ^^^^^^^^^^^^^^^^^^^^^^  ^^^^^^^^^^^^^^^^^  ^^^^^^^^^^^^^^^^^^^  ^^^^^^^^^^^^^^^^^^^^^^^^^
Dec 02 09:23:24.135 INFO [stderr] 9 |     D3D11_MAX_DEPTH, D3D11_MIN_DEPTH, D3D11_SDK_VERSION, D3D11_VIEWPORT,
Dec 02 09:23:24.135 INFO [stderr]   |     ^^^^^^^^^^^^^^^  ^^^^^^^^^^^^^^^  ^^^^^^^^^^^^^^^^^  ^^^^^^^^^^^^^^
Dec 02 09:23:24.135 INFO [stderr] 
Dec 02 09:23:24.135 INFO [stderr] warning: unused imports: `ID3D11Device1`, `ID3D11DeviceContext1`
Dec 02 09:23:24.135 INFO [stderr]   --> src/game.rs:11:27
Dec 02 09:23:24.135 INFO [stderr]    |
Dec 02 09:23:24.135 INFO [stderr] 11 | use winapi::um::d3d11_1::{ID3D11Device1, ID3D11DeviceContext1};
Dec 02 09:23:24.135 INFO [stderr]    |                           ^^^^^^^^^^^^^  ^^^^^^^^^^^^^^^^^^^^
Dec 02 09:23:24.135 INFO [stderr] 
Dec 02 09:23:24.135 INFO [stderr] warning: unused imports: `D3D_DRIVER_TYPE_HARDWARE`, `D3D_FEATURE_LEVEL_10_0`, `D3D_FEATURE_LEVEL_10_1`, `D3D_FEATURE_LEVEL_11_0`, `D3D_FEATURE_LEVEL_11_1`, `D3D_FEATURE_LEVEL_9_1`, `D3D_FEATURE_LEVEL_9_2`, `D3D_FEATURE_LEVEL_9_3`, `D3D_FEATURE_LEVEL`
Dec 02 09:23:24.135 INFO [stderr]   --> src/game.rs:13:5
Dec 02 09:23:24.135 INFO [stderr]    |
Dec 02 09:23:24.135 INFO [stderr] 13 |     D3D_DRIVER_TYPE_HARDWARE, D3D_FEATURE_LEVEL, D3D_FEATURE_LEVEL_10_0, D3D_FEATURE_LEVEL_10_1,
Dec 02 09:23:24.135 INFO [stderr]    |     ^^^^^^^^^^^^^^^^^^^^^^^^  ^^^^^^^^^^^^^^^^^  ^^^^^^^^^^^^^^^^^^^^^^  ^^^^^^^^^^^^^^^^^^^^^^
Dec 02 09:23:24.135 INFO [stderr] 14 |     D3D_FEATURE_LEVEL_11_0, D3D_FEATURE_LEVEL_11_1, D3D_FEATURE_LEVEL_9_1, D3D_FEATURE_LEVEL_9_2,
Dec 02 09:23:24.135 INFO [stderr]    |     ^^^^^^^^^^^^^^^^^^^^^^  ^^^^^^^^^^^^^^^^^^^^^^  ^^^^^^^^^^^^^^^^^^^^^  ^^^^^^^^^^^^^^^^^^^^^
Dec 02 09:23:24.135 INFO [stderr] 15 |     D3D_FEATURE_LEVEL_9_3,
Dec 02 09:23:24.135 INFO [stderr]    |     ^^^^^^^^^^^^^^^^^^^^^
Dec 02 09:23:24.135 INFO [stderr] 
Dec 02 09:23:24.135 INFO [stderr] warning: unused imports: `QueryPerformanceCounter`, `QueryPerformanceFrequency`
Dec 02 09:23:24.135 INFO [stderr]  --> src/step_timer.rs:1:30
Dec 02 09:23:24.135 INFO [stderr]   |
Dec 02 09:23:24.135 INFO [stderr] 1 | use winapi::um::profileapi::{QueryPerformanceCounter, QueryPerformanceFrequency};
Dec 02 09:23:24.135 INFO [stderr]   |                              ^^^^^^^^^^^^^^^^^^^^^^^  ^^^^^^^^^^^^^^^^^^^^^^^^^
Dec 02 09:23:24.135 INFO [stderr] 
Dec 02 09:23:24.135 INFO [stderr] warning: unused import: `winapi::um::winnt::LARGE_INTEGER`
Dec 02 09:23:24.135 INFO [stderr]  --> src/step_timer.rs:2:5
Dec 02 09:23:24.135 INFO [stderr]   |
Dec 02 09:23:24.135 INFO [stderr] 2 | use winapi::um::winnt::LARGE_INTEGER;
Dec 02 09:23:24.135 INFO [stderr]   |     ^^^^^^^^^^^^^^^^^^^^^^^^^^^^^^^^
Dec 02 09:23:24.135 INFO [stderr] 
Dec 02 09:23:24.185 INFO [stderr] error[E0599]: no method named `encode_wide` found for type `&std::ffi::OsStr` in the current scope
Dec 02 09:23:24.185 INFO [stderr]   --> src/main.rs:41:14
Dec 02 09:23:24.185 INFO [stderr]    |
Dec 02 09:23:24.185 INFO [stderr] 41 |             .encode_wide()
Dec 02 09:23:24.185 INFO [stderr]    |              ^^^^^^^^^^^
Dec 02 09:23:24.185 INFO [stderr] 
Dec 02 09:23:24.191 INFO [stderr] error[E0599]: no method named `encode_wide` found for type `&std::ffi::OsStr` in the current scope
Dec 02 09:23:24.191 INFO [stderr]   --> src/main.rs:46:14
Dec 02 09:23:24.191 INFO [stderr]    |
Dec 02 09:23:24.191 INFO [stderr] 46 |             .encode_wide()
Dec 02 09:23:24.191 INFO [stderr]    |              ^^^^^^^^^^^
Dec 02 09:23:24.191 INFO [stderr] 
Dec 02 09:23:24.203 INFO [stderr] error[E0599]: no method named `encode_wide` found for type `&std::ffi::OsStr` in the current scope
Dec 02 09:23:24.203 INFO [stderr]   --> src/main.rs:70:59
Dec 02 09:23:24.203 INFO [stderr]    |
Dec 02 09:23:24.203 INFO [stderr] 70 |             let wnd_name: Vec<u16> = OsStr::new("window").encode_wide().chain(once(0)).collect();
Dec 02 09:23:24.203 INFO [stderr]    |                                                           ^^^^^^^^^^^
Dec 02 09:23:24.203 INFO [stderr] 
Dec 02 09:23:24.227 INFO [stderr] error: aborting due to 99 previous errors
Dec 02 09:23:24.227 INFO [stderr] 
Dec 02 09:23:24.227 INFO [stderr] Some errors occurred: E0412, E0422, E0425, E0432, E0433, E0599.
Dec 02 09:23:24.227 INFO [stderr] For more information about an error, try `rustc --explain E0412`.
Dec 02 09:23:24.230 INFO [stderr] error: Could not compile `win32-d3d-template`.
Dec 02 09:23:24.230 INFO [stderr] 
Dec 02 09:23:24.230 INFO [stderr] To learn more, run the command again with --verbose.
Dec 02 09:23:24.230 INFO [stderr] su: No module specific data is present
Dec 02 09:23:25.056 INFO running `"docker" "inspect" "61f36c201c35f807d46c8fb946d0c476dbeefd6e373f447d47503861a8d853f4"`
Dec 02 09:23:25.297 INFO running `"docker" "rm" "-f" "61f36c201c35f807d46c8fb946d0c476dbeefd6e373f447d47503861a8d853f4"`
Dec 02 09:23:25.611 INFO [stdout] 61f36c201c35f807d46c8fb946d0c476dbeefd6e373f447d47503861a8d853f4
