Dec 02 09:39:33.991 INFO testing AlfnXd/get_window_rect_rs against 1.30.1 for beta-1.31-5
Dec 02 09:39:33.991 INFO running `"docker" "create" "-v" "/mnt/big/crater/work/local/target-dirs/beta-1.31-5/worker-7/1.30.1:/target:rw,Z" "-v" "/mnt/big/crater/work/local/test-source/worker-7/beta-1.31-5/1.30.1:/source:ro,Z" "-v" "/mnt/big/crater/work/local/cargo-home:/cargo-home:ro,Z" "-v" "/mnt/big/crater/work/local/rustup-home:/rustup-home:ro,Z" "-e" "USER_ID=1000" "-e" "SOURCE_DIR=/source" "-e" "USER_ID=1000" "-e" "CMD=cargo +1.30.1 build --frozen" "-e" "CARGO_TARGET_DIR=/target" "-e" "CARGO_INCREMENTAL=0" "-e" "RUST_BACKTRACE=full" "-e" "RUSTFLAGS=--cap-lints=warn" "-e" "CARGO_HOME=/cargo-home" "-e" "RUSTUP_HOME=/rustup-home" "-m" "1536M" "--network" "none" "crater"`
Dec 02 09:39:34.146 INFO [stdout] 6a42d75e248491b7019f45dd08fe2c77a5e467465300ff0df0971266a12ab683
Dec 02 09:39:34.148 INFO running `"docker" "start" "-a" "6a42d75e248491b7019f45dd08fe2c77a5e467465300ff0df0971266a12ab683"`
Dec 02 09:39:34.530 INFO [stderr] usermod: no changes
Dec 02 09:39:34.561 INFO [stderr]    Compiling winapi v0.3.6
Dec 02 09:39:36.668 INFO [stderr]    Compiling win32api_test v0.1.0 (/source)
Dec 02 09:39:37.165 INFO [stderr] error[E0433]: failed to resolve. Could not find `shared` in `winapi`
Dec 02 09:39:37.165 INFO [stderr]   --> src/main.rs:11:13
Dec 02 09:39:37.165 INFO [stderr]    |
Dec 02 09:39:37.165 INFO [stderr] 11 | use winapi::shared::minwindef::{DWORD, LPVOID};
Dec 02 09:39:37.165 INFO [stderr]    |             ^^^^^^ Could not find `shared` in `winapi`
Dec 02 09:39:37.165 INFO [stderr] 
Dec 02 09:39:37.165 INFO [stderr] error[E0433]: failed to resolve. Could not find `shared` in `winapi`
Dec 02 09:39:37.165 INFO [stderr]   --> src/main.rs:12:13
Dec 02 09:39:37.165 INFO [stderr]    |
Dec 02 09:39:37.165 INFO [stderr] 12 | use winapi::shared::windef::{HWND, LPRECT, RECT};
Dec 02 09:39:37.165 INFO [stderr]    |             ^^^^^^ Could not find `shared` in `winapi`
Dec 02 09:39:37.165 INFO [stderr] 
Dec 02 09:39:37.165 INFO [stderr] error[E0433]: failed to resolve. Could not find `shared` in `winapi`
Dec 02 09:39:37.165 INFO [stderr]   --> src/main.rs:13:13
Dec 02 09:39:37.165 INFO [stderr]    |
Dec 02 09:39:37.165 INFO [stderr] 13 | use winapi::shared::winerror::SUCCEEDED;
Dec 02 09:39:37.165 INFO [stderr]    |             ^^^^^^ Could not find `shared` in `winapi`
Dec 02 09:39:37.165 INFO [stderr] 
Dec 02 09:39:37.165 INFO [stderr] error[E0433]: failed to resolve. Could not find `um` in `winapi`
Dec 02 09:39:37.165 INFO [stderr]   --> src/main.rs:14:13
Dec 02 09:39:37.165 INFO [stderr]    |
Dec 02 09:39:37.165 INFO [stderr] 14 | use winapi::um::dwmapi::{DwmGetWindowAttribute, DWMWA_EXTENDED_FRAME_BOUNDS};
Dec 02 09:39:37.165 INFO [stderr]    |             ^^ Could not find `um` in `winapi`
Dec 02 09:39:37.165 INFO [stderr] 
Dec 02 09:39:37.165 INFO [stderr] error[E0433]: failed to resolve. Could not find `um` in `winapi`
Dec 02 09:39:37.165 INFO [stderr]   --> src/main.rs:15:13
Dec 02 09:39:37.165 INFO [stderr]    |
Dec 02 09:39:37.165 INFO [stderr] 15 | use winapi::um::winnt::{LPWSTR, WCHAR};
Dec 02 09:39:37.165 INFO [stderr]    |             ^^ Could not find `um` in `winapi`
Dec 02 09:39:37.165 INFO [stderr] 
Dec 02 09:39:37.165 INFO [stderr] error[E0433]: failed to resolve. Could not find `um` in `winapi`
Dec 02 09:39:37.165 INFO [stderr]   --> src/main.rs:16:13
Dec 02 09:39:37.165 INFO [stderr]    |
Dec 02 09:39:37.165 INFO [stderr] 16 | use winapi::um::winuser::{GetWindowRect, GetWindowTextLengthW, GetWindowTextW};
Dec 02 09:39:37.165 INFO [stderr]    |             ^^ Could not find `um` in `winapi`
Dec 02 09:39:37.165 INFO [stderr] 
Dec 02 09:39:37.219 INFO [stderr] error[E0412]: cannot find type `RECT` in this scope
Dec 02 09:39:37.219 INFO [stderr]   --> src/main.rs:41:11
Dec 02 09:39:37.219 INFO [stderr]    |
Dec 02 09:39:37.219 INFO [stderr] 41 | impl From<RECT> for PrettyPrintRect {
Dec 02 09:39:37.219 INFO [stderr]    |           ^^^^ not found in this scope
Dec 02 09:39:37.219 INFO [stderr] 
Dec 02 09:39:37.219 INFO [stderr] error[E0412]: cannot find type `RECT` in this scope
Dec 02 09:39:37.219 INFO [stderr]   --> src/main.rs:42:19
Dec 02 09:39:37.219 INFO [stderr]    |
Dec 02 09:39:37.220 INFO [stderr] 42 |     fn from(rect: RECT) -> Self {
Dec 02 09:39:37.220 INFO [stderr]    |                   ^^^^ not found in this scope
Dec 02 09:39:37.220 INFO [stderr] 
Dec 02 09:39:37.220 INFO [stderr] error[E0412]: cannot find type `RECT` in this scope
Dec 02 09:39:37.220 INFO [stderr]   --> src/main.rs:53:19
Dec 02 09:39:37.220 INFO [stderr]    |
Dec 02 09:39:37.220 INFO [stderr] 53 |     let mut rect: RECT = RECT {
Dec 02 09:39:37.220 INFO [stderr]    |                   ^^^^ not found in this scope
Dec 02 09:39:37.220 INFO [stderr] 
Dec 02 09:39:37.220 INFO [stderr] error[E0422]: cannot find struct, variant or union type `RECT` in this scope
Dec 02 09:39:37.220 INFO [stderr]   --> src/main.rs:53:26
Dec 02 09:39:37.220 INFO [stderr]    |
Dec 02 09:39:37.220 INFO [stderr] 53 |     let mut rect: RECT = RECT {
Dec 02 09:39:37.220 INFO [stderr]    |                          ^^^^ not found in this scope
Dec 02 09:39:37.220 INFO [stderr] 
Dec 02 09:39:37.220 INFO [stderr] error[E0425]: cannot find function `DwmGetWindowAttribute` in this scope
Dec 02 09:39:37.220 INFO [stderr]   --> src/main.rs:60:9
Dec 02 09:39:37.220 INFO [stderr]    |
Dec 02 09:39:37.220 INFO [stderr] 60 |         DwmGetWindowAttribute(
Dec 02 09:39:37.220 INFO [stderr]    |         ^^^^^^^^^^^^^^^^^^^^^ not found in this scope
Dec 02 09:39:37.220 INFO [stderr] 
Dec 02 09:39:37.220 INFO [stderr] error[E0412]: cannot find type `HWND` in this scope
Dec 02 09:39:37.220 INFO [stderr]   --> src/main.rs:61:21
Dec 02 09:39:37.220 INFO [stderr]    |
Dec 02 09:39:37.220 INFO [stderr] 61 |             hwnd as HWND,
Dec 02 09:39:37.220 INFO [stderr]    |                     ^^^^ not found in this scope
Dec 02 09:39:37.220 INFO [stderr] 
Dec 02 09:39:37.220 INFO [stderr] error[E0425]: cannot find value `DWMWA_EXTENDED_FRAME_BOUNDS` in this scope
Dec 02 09:39:37.220 INFO [stderr]   --> src/main.rs:62:13
Dec 02 09:39:37.220 INFO [stderr]    |
Dec 02 09:39:37.220 INFO [stderr] 62 |             DWMWA_EXTENDED_FRAME_BOUNDS,
Dec 02 09:39:37.220 INFO [stderr]    |             ^^^^^^^^^^^^^^^^^^^^^^^^^^^ not found in this scope
Dec 02 09:39:37.220 INFO [stderr] 
Dec 02 09:39:37.220 INFO [stderr] error[E0412]: cannot find type `RECT` in this scope
Dec 02 09:39:37.220 INFO [stderr]   --> src/main.rs:63:31
Dec 02 09:39:37.220 INFO [stderr]    |
Dec 02 09:39:37.220 INFO [stderr] 63 |             &mut rect as *mut RECT as LPVOID,
Dec 02 09:39:37.220 INFO [stderr]    |                               ^^^^ not found in this scope
Dec 02 09:39:37.220 INFO [stderr] 
Dec 02 09:39:37.220 INFO [stderr] error[E0412]: cannot find type `LPVOID` in this scope
Dec 02 09:39:37.220 INFO [stderr]   --> src/main.rs:63:39
Dec 02 09:39:37.220 INFO [stderr]    |
Dec 02 09:39:37.220 INFO [stderr] 63 |             &mut rect as *mut RECT as LPVOID,
Dec 02 09:39:37.220 INFO [stderr]    |                                       ^^^^^^ not found in this scope
Dec 02 09:39:37.220 INFO [stderr] 
Dec 02 09:39:37.220 INFO [stderr] error[E0412]: cannot find type `RECT` in this scope
Dec 02 09:39:37.220 INFO [stderr]   --> src/main.rs:64:28
Dec 02 09:39:37.220 INFO [stderr]    |
Dec 02 09:39:37.220 INFO [stderr] 64 |             mem::size_of::<RECT>() as DWORD,
Dec 02 09:39:37.220 INFO [stderr]    |                            ^^^^ not found in this scope
Dec 02 09:39:37.220 INFO [stderr] 
Dec 02 09:39:37.220 INFO [stderr] error[E0412]: cannot find type `DWORD` in this scope
Dec 02 09:39:37.220 INFO [stderr]   --> src/main.rs:64:39
Dec 02 09:39:37.220 INFO [stderr]    |
Dec 02 09:39:37.220 INFO [stderr] 64 |             mem::size_of::<RECT>() as DWORD,
Dec 02 09:39:37.220 INFO [stderr]    |                                       ^^^^^ not found in this scope
Dec 02 09:39:37.220 INFO [stderr] 
Dec 02 09:39:37.220 INFO [stderr] error[E0425]: cannot find function `SUCCEEDED` in this scope
Dec 02 09:39:37.220 INFO [stderr]   --> src/main.rs:67:8
Dec 02 09:39:37.220 INFO [stderr]    |
Dec 02 09:39:37.220 INFO [stderr] 67 |     if SUCCEEDED(ret) {
Dec 02 09:39:37.220 INFO [stderr]    |        ^^^^^^^^^ not found in this scope
Dec 02 09:39:37.220 INFO [stderr] 
Dec 02 09:39:37.220 INFO [stderr] error[E0412]: cannot find type `RECT` in this scope
Dec 02 09:39:37.220 INFO [stderr]   --> src/main.rs:75:19
Dec 02 09:39:37.220 INFO [stderr]    |
Dec 02 09:39:37.220 INFO [stderr] 75 |     let mut rect: RECT = RECT {
Dec 02 09:39:37.220 INFO [stderr]    |                   ^^^^ not found in this scope
Dec 02 09:39:37.220 INFO [stderr] 
Dec 02 09:39:37.220 INFO [stderr] error[E0422]: cannot find struct, variant or union type `RECT` in this scope
Dec 02 09:39:37.220 INFO [stderr]   --> src/main.rs:75:26
Dec 02 09:39:37.220 INFO [stderr]    |
Dec 02 09:39:37.220 INFO [stderr] 75 |     let mut rect: RECT = RECT {
Dec 02 09:39:37.220 INFO [stderr]    |                          ^^^^ not found in this scope
Dec 02 09:39:37.220 INFO [stderr] 
Dec 02 09:39:37.220 INFO [stderr] error[E0425]: cannot find function `GetWindowRect` in this scope
Dec 02 09:39:37.220 INFO [stderr]   --> src/main.rs:81:24
Dec 02 09:39:37.220 INFO [stderr]    |
Dec 02 09:39:37.220 INFO [stderr] 81 |     let ret = unsafe { GetWindowRect(hwnd as HWND, &mut rect as LPRECT) };
Dec 02 09:39:37.220 INFO [stderr]    |                        ^^^^^^^^^^^^^ not found in this scope
Dec 02 09:39:37.220 INFO [stderr] 
Dec 02 09:39:37.220 INFO [stderr] error[E0412]: cannot find type `HWND` in this scope
Dec 02 09:39:37.220 INFO [stderr]   --> src/main.rs:81:46
Dec 02 09:39:37.220 INFO [stderr]    |
Dec 02 09:39:37.220 INFO [stderr] 81 |     let ret = unsafe { GetWindowRect(hwnd as HWND, &mut rect as LPRECT) };
Dec 02 09:39:37.220 INFO [stderr]    |                                              ^^^^ not found in this scope
Dec 02 09:39:37.220 INFO [stderr] 
Dec 02 09:39:37.220 INFO [stderr] error[E0412]: cannot find type `LPRECT` in this scope
Dec 02 09:39:37.220 INFO [stderr]   --> src/main.rs:81:65
Dec 02 09:39:37.220 INFO [stderr]    |
Dec 02 09:39:37.220 INFO [stderr] 81 |     let ret = unsafe { GetWindowRect(hwnd as HWND, &mut rect as LPRECT) };
Dec 02 09:39:37.220 INFO [stderr]    |                                                                 ^^^^^^ not found in this scope
Dec 02 09:39:37.220 INFO [stderr] 
Dec 02 09:39:37.220 INFO [stderr] error[E0425]: cannot find function `GetWindowTextLengthW` in this scope
Dec 02 09:39:37.220 INFO [stderr]   --> src/main.rs:91:24
Dec 02 09:39:37.220 INFO [stderr]    |
Dec 02 09:39:37.220 INFO [stderr] 91 |         let text_len = GetWindowTextLengthW(hwnd as HWND);
Dec 02 09:39:37.220 INFO [stderr]    |                        ^^^^^^^^^^^^^^^^^^^^ not found in this scope
Dec 02 09:39:37.220 INFO [stderr] 
Dec 02 09:39:37.221 INFO [stderr] error[E0412]: cannot find type `HWND` in this scope
Dec 02 09:39:37.221 INFO [stderr]   --> src/main.rs:91:53
Dec 02 09:39:37.221 INFO [stderr]    |
Dec 02 09:39:37.221 INFO [stderr] 91 |         let text_len = GetWindowTextLengthW(hwnd as HWND);
Dec 02 09:39:37.221 INFO [stderr]    |                                                     ^^^^ not found in this scope
Dec 02 09:39:37.221 INFO [stderr] 
Dec 02 09:39:37.221 INFO [stderr] error[E0412]: cannot find type `WCHAR` in this scope
Dec 02 09:39:37.221 INFO [stderr]   --> src/main.rs:95:31
Dec 02 09:39:37.221 INFO [stderr]    |
Dec 02 09:39:37.221 INFO [stderr] 95 |             let mut wide: Vec<WCHAR> = Vec::with_capacity(max_size);
Dec 02 09:39:37.221 INFO [stderr]    |                               ^^^^^ not found in this scope
Dec 02 09:39:37.221 INFO [stderr] 
Dec 02 09:39:37.221 INFO [stderr] error[E0425]: cannot find function `GetWindowTextW` in this scope
Dec 02 09:39:37.221 INFO [stderr]   --> src/main.rs:97:23
Dec 02 09:39:37.221 INFO [stderr]    |
Dec 02 09:39:37.221 INFO [stderr] 97 |             let ret = GetWindowTextW(hwnd as HWND, wide.as_ptr() as LPWSTR, max_size as i32);
Dec 02 09:39:37.221 INFO [stderr]    |                       ^^^^^^^^^^^^^^ not found in this scope
Dec 02 09:39:37.221 INFO [stderr] 
Dec 02 09:39:37.221 INFO [stderr] error[E0412]: cannot find type `HWND` in this scope
Dec 02 09:39:37.221 INFO [stderr]   --> src/main.rs:97:46
Dec 02 09:39:37.221 INFO [stderr]    |
Dec 02 09:39:37.221 INFO [stderr] 97 |             let ret = GetWindowTextW(hwnd as HWND, wide.as_ptr() as LPWSTR, max_size as i32);
Dec 02 09:39:37.221 INFO [stderr]    |                                              ^^^^ not found in this scope
Dec 02 09:39:37.221 INFO [stderr] 
Dec 02 09:39:37.221 INFO [stderr] error[E0412]: cannot find type `LPWSTR` in this scope
Dec 02 09:39:37.221 INFO [stderr]   --> src/main.rs:97:69
Dec 02 09:39:37.221 INFO [stderr]    |
Dec 02 09:39:37.221 INFO [stderr] 97 |             let ret = GetWindowTextW(hwnd as HWND, wide.as_ptr() as LPWSTR, max_size as i32);
Dec 02 09:39:37.221 INFO [stderr]    |                                                                     ^^^^^^ not found in this scope
Dec 02 09:39:37.221 INFO [stderr] 
Dec 02 09:39:37.221 INFO [stderr] warning: unused imports: `DWORD`, `LPVOID`
Dec 02 09:39:37.221 INFO [stderr]   --> src/main.rs:11:33
Dec 02 09:39:37.221 INFO [stderr]    |
Dec 02 09:39:37.221 INFO [stderr] 11 | use winapi::shared::minwindef::{DWORD, LPVOID};
Dec 02 09:39:37.221 INFO [stderr]    |                                 ^^^^^  ^^^^^^
Dec 02 09:39:37.221 INFO [stderr]    |
Dec 02 09:39:37.221 INFO [stderr]    = note: #[warn(unused_imports)] on by default
Dec 02 09:39:37.221 INFO [stderr] 
Dec 02 09:39:37.221 INFO [stderr] warning: unused imports: `HWND`, `LPRECT`, `RECT`
Dec 02 09:39:37.221 INFO [stderr]   --> src/main.rs:12:30
Dec 02 09:39:37.221 INFO [stderr]    |
Dec 02 09:39:37.221 INFO [stderr] 12 | use winapi::shared::windef::{HWND, LPRECT, RECT};
Dec 02 09:39:37.221 INFO [stderr]    |                              ^^^^  ^^^^^^  ^^^^
Dec 02 09:39:37.221 INFO [stderr] 
Dec 02 09:39:37.221 INFO [stderr] warning: unused import: `winapi::shared::winerror::SUCCEEDED`
Dec 02 09:39:37.221 INFO [stderr]   --> src/main.rs:13:5
Dec 02 09:39:37.221 INFO [stderr]    |
Dec 02 09:39:37.221 INFO [stderr] 13 | use winapi::shared::winerror::SUCCEEDED;
Dec 02 09:39:37.221 INFO [stderr]    |     ^^^^^^^^^^^^^^^^^^^^^^^^^^^^^^^^^^^
Dec 02 09:39:37.221 INFO [stderr] 
Dec 02 09:39:37.221 INFO [stderr] warning: unused imports: `DWMWA_EXTENDED_FRAME_BOUNDS`, `DwmGetWindowAttribute`
Dec 02 09:39:37.221 INFO [stderr]   --> src/main.rs:14:26
Dec 02 09:39:37.221 INFO [stderr]    |
Dec 02 09:39:37.221 INFO [stderr] 14 | use winapi::um::dwmapi::{DwmGetWindowAttribute, DWMWA_EXTENDED_FRAME_BOUNDS};
Dec 02 09:39:37.221 INFO [stderr]    |                          ^^^^^^^^^^^^^^^^^^^^^  ^^^^^^^^^^^^^^^^^^^^^^^^^^^
Dec 02 09:39:37.221 INFO [stderr] 
Dec 02 09:39:37.221 INFO [stderr] warning: unused imports: `LPWSTR`, `WCHAR`
Dec 02 09:39:37.221 INFO [stderr]   --> src/main.rs:15:25
Dec 02 09:39:37.221 INFO [stderr]    |
Dec 02 09:39:37.221 INFO [stderr] 15 | use winapi::um::winnt::{LPWSTR, WCHAR};
Dec 02 09:39:37.221 INFO [stderr]    |                         ^^^^^^  ^^^^^
Dec 02 09:39:37.221 INFO [stderr] 
Dec 02 09:39:37.221 INFO [stderr] warning: unused imports: `GetWindowRect`, `GetWindowTextLengthW`, `GetWindowTextW`
Dec 02 09:39:37.221 INFO [stderr]   --> src/main.rs:16:27
Dec 02 09:39:37.221 INFO [stderr]    |
Dec 02 09:39:37.221 INFO [stderr] 16 | use winapi::um::winuser::{GetWindowRect, GetWindowTextLengthW, GetWindowTextW};
Dec 02 09:39:37.221 INFO [stderr]    |                           ^^^^^^^^^^^^^  ^^^^^^^^^^^^^^^^^^^^  ^^^^^^^^^^^^^^
Dec 02 09:39:37.221 INFO [stderr] 
Dec 02 09:39:37.317 INFO [stderr] error: aborting due to 29 previous errors
Dec 02 09:39:37.317 INFO [stderr] 
Dec 02 09:39:37.317 INFO [stderr] Some errors occurred: E0412, E0422, E0425, E0433.
Dec 02 09:39:37.317 INFO [stderr] For more information about an error, try `rustc --explain E0412`.
Dec 02 09:39:37.320 INFO [stderr] error: Could not compile `win32api_test`.
Dec 02 09:39:37.320 INFO [stderr] 
Dec 02 09:39:37.320 INFO [stderr] To learn more, run the command again with --verbose.
Dec 02 09:39:37.328 INFO [stderr] su: No module specific data is present
Dec 02 09:39:37.777 INFO running `"docker" "inspect" "6a42d75e248491b7019f45dd08fe2c77a5e467465300ff0df0971266a12ab683"`
Dec 02 09:39:38.028 INFO running `"docker" "rm" "-f" "6a42d75e248491b7019f45dd08fe2c77a5e467465300ff0df0971266a12ab683"`
Dec 02 09:39:38.235 INFO [stdout] 6a42d75e248491b7019f45dd08fe2c77a5e467465300ff0df0971266a12ab683
