Dec 02 09:46:36.285 INFO testing Aceeri/kattis against 1.30.1 for beta-1.31-5
Dec 02 09:46:36.285 INFO running `"docker" "create" "-v" "/mnt/big/crater/work/local/target-dirs/beta-1.31-5/worker-7/1.30.1:/target:rw,Z" "-v" "/mnt/big/crater/work/local/test-source/worker-7/beta-1.31-5/1.30.1:/source:ro,Z" "-v" "/mnt/big/crater/work/local/cargo-home:/cargo-home:ro,Z" "-v" "/mnt/big/crater/work/local/rustup-home:/rustup-home:ro,Z" "-e" "USER_ID=1000" "-e" "SOURCE_DIR=/source" "-e" "USER_ID=1000" "-e" "CMD=cargo +1.30.1 build --frozen" "-e" "CARGO_TARGET_DIR=/target" "-e" "CARGO_INCREMENTAL=0" "-e" "RUST_BACKTRACE=full" "-e" "RUSTFLAGS=--cap-lints=warn" "-e" "CARGO_HOME=/cargo-home" "-e" "RUSTUP_HOME=/rustup-home" "-m" "1536M" "--network" "none" "crater"`
Dec 02 09:46:36.769 INFO [stdout] b39c8d21cddb124edf9c5d14363db2121d3f3edf832173e7ac4bf05b939b2477
Dec 02 09:46:36.776 INFO running `"docker" "start" "-a" "b39c8d21cddb124edf9c5d14363db2121d3f3edf832173e7ac4bf05b939b2477"`
Dec 02 09:46:37.771 INFO [stderr] usermod: no changes
Dec 02 09:46:37.859 INFO [stderr]    Compiling kattis v0.1.0 (/source)
Dec 02 09:46:39.439 INFO [stderr] error[E0425]: cannot find value `path` in this scope
Dec 02 09:46:39.439 INFO [stderr]   --> src/bin/hopper.rs:87:24
Dec 02 09:46:39.439 INFO [stderr]    |
Dec 02 09:46:39.439 INFO [stderr] 87 |                 let mut new_path = path.clone();
Dec 02 09:46:39.439 INFO [stderr]    |                                    ^^^^ not found in this scope
Dec 02 09:46:39.439 INFO [stderr] 
Dec 02 09:46:39.439 INFO [stderr] error[E0425]: cannot find value `length` in this scope
Dec 02 09:46:39.439 INFO [stderr]   --> src/bin/hopper.rs:89:21
Dec 02 09:46:39.439 INFO [stderr]    |
Dec 02 09:46:39.439 INFO [stderr] 89 |                 (sub, new_path, length + 1)
Dec 02 09:46:39.439 INFO [stderr]    |                                 ^^^^^^ not found in this scope
Dec 02 09:46:39.439 INFO [stderr] 
Dec 02 09:46:39.451 INFO [stderr] warning: unused imports: `HashMap`, `HashSet`
Dec 02 09:46:39.451 INFO [stderr]  --> src/bin/hopper.rs:1:24
Dec 02 09:46:39.451 INFO [stderr]   |
Dec 02 09:46:39.451 INFO [stderr] 1 | use std::collections::{HashMap, HashSet};
Dec 02 09:46:39.451 INFO [stderr]   |                        ^^^^^^^  ^^^^^^^
Dec 02 09:46:39.451 INFO [stderr]   |
Dec 02 09:46:39.451 INFO [stderr]   = note: #[warn(unused_imports)] on by default
Dec 02 09:46:39.451 INFO [stderr] 
Dec 02 09:46:39.451 INFO [stderr] warning: unused import: `std::sync::mpsc::channel`
Dec 02 09:46:39.451 INFO [stderr]  --> src/bin/hopper.rs:5:5
Dec 02 09:46:39.451 INFO [stderr]   |
Dec 02 09:46:39.451 INFO [stderr] 5 | use std::sync::mpsc::channel;
Dec 02 09:46:39.451 INFO [stderr]   |     ^^^^^^^^^^^^^^^^^^^^^^^^
Dec 02 09:46:39.451 INFO [stderr] 
Dec 02 09:46:39.451 INFO [stderr] warning: unused import: `std::thread`
Dec 02 09:46:39.451 INFO [stderr]  --> src/bin/hopper.rs:6:5
Dec 02 09:46:39.451 INFO [stderr]   |
Dec 02 09:46:39.451 INFO [stderr] 6 | use std::thread;
Dec 02 09:46:39.451 INFO [stderr]   |     ^^^^^^^^^^^
Dec 02 09:46:39.451 INFO [stderr] 
Dec 02 09:46:39.619 INFO [stderr] error[E0277]: the trait bound `Cache: std::clone::Clone` is not satisfied
Dec 02 09:46:39.619 INFO [stderr]   --> src/bin/hopper.rs:54:11
Dec 02 09:46:39.619 INFO [stderr]    |
Dec 02 09:46:39.619 INFO [stderr] 54 |             cache: vec![Vec::new(); 1000].into_boxed_slice(),
Dec 02 09:46:39.619 INFO [stderr]    |                    ^^^^^^^^^^^^^^^^^^^^^^ the trait `std::clone::Clone` is not implemented for `Cache`
Dec 02 09:46:39.619 INFO [stderr]    |
Dec 02 09:46:39.619 INFO [stderr]    = note: required because of the requirements on the impl of `std::clone::Clone` for `std::vec::Vec<Cache>`
Dec 02 09:46:39.619 INFO [stderr]    = note: required by `std::vec::from_elem`
Dec 02 09:46:39.619 INFO [stderr]    = note: this error originates in a macro outside of the current crate (in Nightly builds, run with -Z external-macro-backtrace for more info)
Dec 02 09:46:39.619 INFO [stderr] 
Dec 02 09:46:39.619 INFO [stderr] error[E0308]: mismatched types
Dec 02 09:46:39.619 INFO [stderr]   --> src/bin/hopper.rs:65:7
Dec 02 09:46:39.619 INFO [stderr]    |
Dec 02 09:46:39.619 INFO [stderr] 65 |         for (path, length) in &self.cache[possibility] {
Dec 02 09:46:39.619 INFO [stderr]    |             ^^^^^^^^^^^^^^ expected enum `Cache`, found tuple
Dec 02 09:46:39.619 INFO [stderr]    |
Dec 02 09:46:39.619 INFO [stderr]    = note: expected type `Cache`
Dec 02 09:46:39.619 INFO [stderr]               found type `(_, _)`
Dec 02 09:46:39.619 INFO [stderr] 
Dec 02 09:46:39.623 INFO [stderr] error[E0308]: mismatched types
Dec 02 09:46:39.623 INFO [stderr]    --> src/bin/hopper.rs:111:8
Dec 02 09:46:39.623 INFO [stderr]     |
Dec 02 09:46:39.623 INFO [stderr] 111 |             for (jump, path, length) in &self.cache[possibility] {
Dec 02 09:46:39.623 INFO [stderr]     |                 ^^^^^^^^^^^^^^^^^^^^ expected enum `Cache`, found tuple
Dec 02 09:46:39.623 INFO [stderr]     |
Dec 02 09:46:39.623 INFO [stderr]     = note: expected type `Cache`
Dec 02 09:46:39.623 INFO [stderr]                found type `(_, _, _)`
Dec 02 09:46:39.623 INFO [stderr] 
Dec 02 09:46:39.810 INFO [stderr] error: aborting due to 5 previous errors
Dec 02 09:46:39.810 INFO [stderr] 
Dec 02 09:46:39.810 INFO [stderr] Some errors occurred: E0277, E0308, E0425.
Dec 02 09:46:39.810 INFO [stderr] For more information about an error, try `rustc --explain E0277`.
Dec 02 09:46:39.851 INFO [stderr] error: Could not compile `kattis`.
Dec 02 09:46:39.851 INFO [stderr] warning: build failed, waiting for other jobs to finish...
Dec 02 09:46:40.508 INFO [stderr] error: build failed
Dec 02 09:46:40.509 INFO [stderr] su: No module specific data is present
Dec 02 09:46:41.095 INFO running `"docker" "inspect" "b39c8d21cddb124edf9c5d14363db2121d3f3edf832173e7ac4bf05b939b2477"`
Dec 02 09:46:41.459 INFO running `"docker" "rm" "-f" "b39c8d21cddb124edf9c5d14363db2121d3f3edf832173e7ac4bf05b939b2477"`
Dec 02 09:46:41.726 INFO [stdout] b39c8d21cddb124edf9c5d14363db2121d3f3edf832173e7ac4bf05b939b2477
